{"id":8740,"date":"2026-04-22T07:10:46","date_gmt":"2026-04-22T07:10:46","guid":{"rendered":""},"modified":"2026-04-22T07:10:57","modified_gmt":"2026-04-22T07:10:57","slug":"nolvadex-2","status":"publish","type":"product","link":"https:\/\/www.pharmacy-content.com\/?product=nolvadex-2&lang=de","title":{"rendered":"Nolvadex"},"content":{"rendered":"<p>Allgemeine Anwendung<br \/>\nNolvadex ist ein nichtsteroidales Anti\u00f6strogen, das \u00d6strogenrezeptoren in den Zielorganen und Tumoren in diesen Organen kompetitiv hemmt. Der Wirkungsmechanismus ist noch nicht vollst\u00e4ndig gekl\u00e4rt, obwohl bekannt ist, dass ein Komplex von Nolvadex mit dem Rezeptor und dem Cofaktor entsteht und dieser dann in den Zellkern \u00fcbertragen wird, wodurch eine Hypertrophie der Zellen verhindert wird, die auf die Regulierung durch \u00d6strogen angewiesen sind. Die Wirkung des Medikaments kann nach einer Einzeldosis mehrere Wochen anhalten. Nolvadex kann bei Frauen den Eisprung ausl\u00f6sen und die Produktion gonadotroper Hormone der Hypophyse stimulieren. Bei M\u00e4nnern mit Oligospermie erh\u00f6ht es die Konzentration des luteinisierenden Hormons und des follikelstimulierenden Hormons, Testosteron und \u00d6strogen im Blutserum. Nolvadex wird zur Behandlung von Brustkrebs bei Frauen und M\u00e4nnern (insbesondere nach der Kastration) sowie bei Ausbreitung auf andere K\u00f6rperteile, Nierenkrebs, Melanomen und Sarkomen der Weichteile mit \u00d6strogenrezeptoren sowie Eierstockkrebs angewendet.<br \/>\nDosierung und Anwendung<br \/>\nNehmen Sie es genau nach der Empfehlung Ihres Arztes ein, da die Dosierung von Ihrer Erkrankung abh\u00e4ngt. Eine l\u00e4ngere Behandlung (ca. 2 Jahre) wird empfohlen. Nehmen Sie dieses Medikament zusammen mit einer Mahlzeit und einem gro\u00dfen Glas Wasser als Einzeldosis ein oder teilen Sie es in zwei (morgens und abends) auf. Kauen oder zerdr\u00fccken Sie sie nicht.<br \/>\nVorsichtsma\u00dfnahmen<br \/>\nDieses Medikament kann das Risiko der Entwicklung von Geb\u00e4rmutterkrebs erh\u00f6hen. Patienten, die mit Nolvadex behandelt werden, sollten auf abnormale Vaginalblutungen, Ver\u00e4nderungen der Menstruation, Ver\u00e4nderungen des Vaginalausflusses oder Schmerzen oder Druck im Beckenbereich \u00fcberwacht werden.<br \/>\nKontraindikationen<br \/>\nNolvadex ist bei Patienten mit \u00dcberempfindlichkeit gegen dieses Medikament und auch bei Frauen, bei denen dies der Fall ist, nicht zul\u00e4ssig behandelt durch Antikoagulanzien vom Cumarin-Typ oder bei Frauen mit tiefer Venenthrombose oder Lungenembolie in der Vorgeschichte, schwangeren oder stillenden Frauen. Bei Patienten mit Augenerkrankungen (einschlie\u00dflich Katarakt), Hyperlipid\u00e4mie, Leukopenie, Thrombozytopenie, Hyperkalz\u00e4mie, schwerer Thrombophlebitis, Thromboembolie (auch in der Anamnese) ist Vorsicht geboten.<br \/>\nNebenwirkungen<br \/>\nNebenwirkungen sind nicht zu erwarten. Wenn sie sich von geringf\u00fcgig zu schwerwiegend ver\u00e4ndern, sollten Sie sofort Ihren Arzt dar\u00fcber informieren. Durch Nolvadex verursachte Nebenwirkungen sind: Hitzewallungen, \u00dcbelkeit, Erbrechen, Gewichtszunahme, abnormale Menstruationsperioden.<br \/>\nWechselwirkungen mit anderen Medikamenten<br \/>\nNolvadex kann Anomalien bei Leber- und Bluttests verursachen, daher ist eine regelm\u00e4\u00dfige \u00dcberwachung der durch Nolvadex verursachten Nebenwirkungen erforderlich. Wenn Anzeichen wie Gelbsucht und Blutungen auftreten, sollte ein Patient sofort einen Arzt aufsuchen.<br \/>\nVerpasste Dosis<br \/>\nWenn Sie vergessen haben, Ihre Dosis rechtzeitig einzunehmen, tun Sie dies bitte nach, sobald Sie sich daran erinnern. Nehmen Sie es jedoch nicht ein, wenn es zu sp\u00e4t oder fast Zeit f\u00fcr die n\u00e4chste Dosis ist. Nehmen Sie keine doppelten oder zus\u00e4tzlichen Dosen ein. Nehmen Sie Ihre \u00fcbliche Dosis am n\u00e4chsten Tag zur gleichen regul\u00e4ren Zeit ein.<br \/>\n\u00dcberdosierung<br \/>\n\u00dcber eine akute \u00dcberdosierung beim Menschen wurde nicht berichtet. Bei Patienten mit metastasiertem Krebs, die mit den maximal vertr\u00e4glichen Dosen von Nolvadex behandelt wurden, wurden akute Nebenwirkungen beobachtet, die sich in Zittern, Hyperreflexie, Gangunsicherheit und Schwindel \u00e4u\u00dferten. Wenn Sie den Verdacht haben, dass Sie zu viel von diesem Medikament eingenommen haben, suchen Sie sofort \u00e4rztliche Hilfe auf und wenden Sie sich an Ihren Arzt.<br \/>\nLagerung<br \/>\nBei Raumtemperatur zwischen 20 und 25 \u00b0C (68 bis 77 \u00b0F) lagern.<br \/>\nHaftungsausschluss<br \/>\nWir geben nur allgemeine Informationen dar\u00fcber Medikamente, die nicht alle Anwendungsgebiete, m\u00f6gliche Arzneimittelwechselwirkungen oder Vorsichtsma\u00dfnahmen abdecken. Die Informationen auf der Website k\u00f6nnen nicht zur Selbstbehandlung und Selbstdiagnose verwendet werden. Spezifische Anweisungen f\u00fcr einen bestimmten Patienten sollten mit Ihrem Gesundheitsberater oder dem f\u00fcr den Fall zust\u00e4ndigen Arzt vereinbart werden. Wir lehnen die Zuverl\u00e4ssigkeit dieser Informationen und etwaige darin enthaltene Fehler ab. Wir haften nicht f\u00fcr direkte, indirekte, besondere oder sonstige indirekte Sch\u00e4den, die sich aus der Nutzung der Informationen auf dieser Website ergeben und auch nicht f\u00fcr Folgen der Selbstbehandlung.<\/p>\n","protected":false},"excerpt":{"rendered":"<p>Nolvadex Generic kann bei Frauen einen Eisprung ausl\u00f6sen. Bei M\u00e4nnern mit Oligospermie erh\u00f6ht es die Hormonkonzentration. Krebsbehandlung.<\/p>\n","protected":false},"featured_media":8734,"comment_status":"open","ping_status":"closed","template":"","meta":[],"product_brand":[],"product_cat":[567],"product_tag":[],"class_list":{"0":"post-8740","1":"product","2":"type-product","3":"status-publish","4":"has-post-thumbnail","6":"product_cat-frauengesundheit-de","7":"pa_active_substance-tamoxifen","9":"first","10":"instock","11":"shipping-taxable","12":"product-type-simple"},"jetpack_sharing_enabled":true,"_links":{"self":[{"href":"https:\/\/www.pharmacy-content.com\/index.php?rest_route=\/wp\/v2\/product\/8740","targetHints":{"allow":["GET"]}}],"collection":[{"href":"https:\/\/www.pharmacy-content.com\/index.php?rest_route=\/wp\/v2\/product"}],"about":[{"href":"https:\/\/www.pharmacy-content.com\/index.php?rest_route=\/wp\/v2\/types\/product"}],"replies":[{"embeddable":true,"href":"https:\/\/www.pharmacy-content.com\/index.php?rest_route=%2Fwp%2Fv2%2Fcomments&post=8740"}],"wp:featuredmedia":[{"embeddable":true,"href":"https:\/\/www.pharmacy-content.com\/index.php?rest_route=\/wp\/v2\/media\/8734"}],"wp:attachment":[{"href":"https:\/\/www.pharmacy-content.com\/index.php?rest_route=%2Fwp%2Fv2%2Fmedia&parent=8740"}],"wp:term":[{"taxonomy":"product_brand","embeddable":true,"href":"https:\/\/www.pharmacy-content.com\/index.php?rest_route=%2Fwp%2Fv2%2Fproduct_brand&post=8740"},{"taxonomy":"product_cat","embeddable":true,"href":"https:\/\/www.pharmacy-content.com\/index.php?rest_route=%2Fwp%2Fv2%2Fproduct_cat&post=8740"},{"taxonomy":"product_tag","embeddable":true,"href":"https:\/\/www.pharmacy-content.com\/index.php?rest_route=%2Fwp%2Fv2%2Fproduct_tag&post=8740"}],"curies":[{"name":"wp","href":"https:\/\/api.w.org\/{rel}","templated":true}]}}