{"id":8430,"date":"2026-04-22T07:09:34","date_gmt":"2026-04-22T07:09:34","guid":{"rendered":""},"modified":"2026-04-22T07:09:40","modified_gmt":"2026-04-22T07:09:40","slug":"vermox-6","status":"publish","type":"product","link":"https:\/\/www.pharmacy-content.com\/?product=vermox-6&lang=pl","title":{"rendered":"Vermox"},"content":{"rendered":"<p>Powszechne zastosowanie<br \/>\nStosuje si\u0119 go w leczeniu infekcji wywo\u0142anych przez owsiki, w\u0142osog\u0142\u00f3wki, t\u0119goryjce i glisty. Jego aktywny sk\u0142adnik, mebendazol, zapobiega wzrostowi i namna\u017caniu si\u0119 robak\u00f3w w organizmie.<br \/>\nDawkowanie i spos\u00f3b u\u017cycia<br \/>\nPrzyjmuj Vermox dok\u0142adnie zgodnie z zaleceniami lekarza, popijaj\u0105c pe\u0142n\u0105 szklank\u0105 wody.<br \/>\n\u015arodki ostro\u017cno\u015bci<br \/>\nPrzestrzegaj wszystkich zalece\u0144 lekarza dotycz\u0105cych leczenie, pranie po\u015bcieli, odzie\u017cy i r\u0119cznik\u00f3w, poniewa\u017c infekcja owsikami \u0142atwo przenosi si\u0119 z jednej osoby na drug\u0105.<br \/>\nPrzeciwwskazania<br \/>\nPrzed rozpocz\u0119ciem stosowania leku Vermox nale\u017cy om\u00f3wi\u0107 z lekarzem wszystkie dolegliwo\u015bci, kt\u00f3re mog\u0105 wyst\u0105pi\u0107. Nie zaleca si\u0119 stosowania leku, je\u015bli pacjentka jest w ci\u0105\u017cy lub mo\u017ce zaj\u015b\u0107 w ci\u0105\u017c\u0119 w trakcie leczenia. Nie wiadomo, czy Vermox przenika do mleka matki. Nie nale\u017cy go przyjmowa\u0107 bez zgody lekarza, je\u015bli karmisz piersi\u0105. Dzieci w wieku poni\u017cej 2 lat nie powinny przyjmowa\u0107 mebendazolu.<br \/>\nMo\u017cliwe skutki uboczne<br \/>\nJe\u015bli wyst\u0105pi\u0105 reakcje alergiczne, takie jak pokrzywka, obrz\u0119k warg, j\u0119zyka, zamkni\u0119cie gard\u0142a, duszno\u015b\u0107, natychmiast zasi\u0119gnij porady lekarza.<br \/>\nPonadto mniej mog\u0105 wyst\u0105pi\u0107 powa\u017cne skutki uboczne, takie jak b\u00f3l brzucha, biegunka lub gor\u0105czka. Je\u015bli je do\u015bwiadczysz, kontynuuj przyjmowanie leku Vermox i powiedz o tym lekarzowi.<br \/>\nInterakcje lek\u00f3w<br \/>\nDzia\u0142anie leku Vermox mo\u017ce os\u0142abia\u0107 leki stosowane w leczeniu drgawek, takie jak etotoina (Peganone), fenytoina (Dilantin), mefenytoina (Mesantoina) i karbamazepina (Tegretol).<br \/>\nPrzed przyj\u0119ciem jakichkolwiek lek\u00f3w przepisanych na recept\u0119 lub dost\u0119pnych bez recepty, w tym witamin, minera\u0142\u00f3w i produkt\u00f3w zio\u0142owych, nale\u017cy porozmawia\u0107 ze swoim lekarzem.<br \/>\nPomini\u0119ta dawka<br \/>\nW przypadku pomini\u0119cia dawki nale\u017cy j\u0105 zastosowa\u0107 tak szybko, jak tylko sobie o tym przypomnisz. Je\u017celi zbli\u017ca si\u0119 pora przyj\u0119cia kolejnej dawki, nale\u017cy pomin\u0105\u0107 pomini\u0119t\u0105 dawk\u0119 i powr\u00f3ci\u0107 do zwyk\u0142ego schematu dawkowania. Nie podwajaj dawki, aby nadrobi\u0107 zaleg\u0142o\u015bci.<br \/>\nPrzedawkowanie<br \/>\nObjawami przedawkowania leku Vermox s\u0105 wymioty, nudno\u015bci, biegunka i b\u00f3l brzucha. W przypadku podejrzenia przedawkowania natychmiast zasi\u0119gnij porady lekarza.<br \/>\nPrzechowywanie<br \/>\nPrzechowywa\u0107 w temperaturze pokojowej poni\u017cej 30 stopni C, z dala od \u015bwiat\u0142a i wilgoci. Nie przechowywa\u0107 w \u0142azience. Wszystkie leki nale\u017cy przechowywa\u0107 z dala od dzieci i zwierz\u0105t domowych.<br \/>\nZastrze\u017cenie<br \/>\nPodajemy jedynie og\u00f3lne informacje na temat lek\u00f3w, kt\u00f3re nie obejmuj\u0105 wszystkich wskaz\u00f3wek, mo\u017cliwych interakcji lek\u00f3w ani \u015brodk\u00f3w ostro\u017cno\u015bci. Informacje zawarte na stronie nie mog\u0105 by\u0107 wykorzystywane do samodzielnego leczenia i autodiagnozy. Wszelkie szczeg\u00f3\u0142owe instrukcje dla konkretnego pacjenta nale\u017cy uzgodni\u0107 z doradc\u0105 ds. opieki zdrowotnej lub lekarzem prowadz\u0105cym dany przypadek. Zrzekamy si\u0119 wiarygodno\u015bci tych informacji i wszelkich b\u0142\u0119d\u00f3w, jakie mog\u0105 one zawiera\u0107. Nie ponosimy odpowiedzialno\u015bci za jakiekolwiek bezpo\u015brednie, po\u015brednie, szczeg\u00f3lne lub inne po\u015brednie szkody powsta\u0142e w wyniku wykorzystania informacji zawartych na tej stronie, a tak\u017ce za konsekwencje samoleczenia.<\/p>\n","protected":false},"excerpt":{"rendered":"<p>Stosowany jest w leczeniu infekcji wywo\u0142anych przez owsiki, w\u0142osog\u0142\u00f3wki, t\u0119goryjce i glisty. Generic.<\/p>\n","protected":false},"featured_media":8400,"comment_status":"open","ping_status":"closed","template":"","meta":[],"product_brand":[],"product_cat":[489],"product_tag":[],"class_list":{"0":"post-8430","1":"product","2":"type-product","3":"status-publish","4":"has-post-thumbnail","6":"product_cat-zdrowie-ogolne-pl","7":"pa_active_substance-mebendazole","9":"first","10":"instock","11":"shipping-taxable","12":"product-type-variable"},"jetpack_sharing_enabled":true,"_links":{"self":[{"href":"https:\/\/www.pharmacy-content.com\/index.php?rest_route=\/wp\/v2\/product\/8430","targetHints":{"allow":["GET"]}}],"collection":[{"href":"https:\/\/www.pharmacy-content.com\/index.php?rest_route=\/wp\/v2\/product"}],"about":[{"href":"https:\/\/www.pharmacy-content.com\/index.php?rest_route=\/wp\/v2\/types\/product"}],"replies":[{"embeddable":true,"href":"https:\/\/www.pharmacy-content.com\/index.php?rest_route=%2Fwp%2Fv2%2Fcomments&post=8430"}],"wp:featuredmedia":[{"embeddable":true,"href":"https:\/\/www.pharmacy-content.com\/index.php?rest_route=\/wp\/v2\/media\/8400"}],"wp:attachment":[{"href":"https:\/\/www.pharmacy-content.com\/index.php?rest_route=%2Fwp%2Fv2%2Fmedia&parent=8430"}],"wp:term":[{"taxonomy":"product_brand","embeddable":true,"href":"https:\/\/www.pharmacy-content.com\/index.php?rest_route=%2Fwp%2Fv2%2Fproduct_brand&post=8430"},{"taxonomy":"product_cat","embeddable":true,"href":"https:\/\/www.pharmacy-content.com\/index.php?rest_route=%2Fwp%2Fv2%2Fproduct_cat&post=8430"},{"taxonomy":"product_tag","embeddable":true,"href":"https:\/\/www.pharmacy-content.com\/index.php?rest_route=%2Fwp%2Fv2%2Fproduct_tag&post=8430"}],"curies":[{"name":"wp","href":"https:\/\/api.w.org\/{rel}","templated":true}]}}