{"id":8355,"date":"2026-04-22T07:09:16","date_gmt":"2026-04-22T07:09:16","guid":{"rendered":""},"modified":"2026-04-22T07:09:25","modified_gmt":"2026-04-22T07:09:25","slug":"antabuse-disulfiram-7","status":"publish","type":"product","link":"https:\/\/www.pharmacy-content.com\/pt\/product\/antabuse-disulfiram-7\/","title":{"rendered":"Antabuse (disulfiram)"},"content":{"rendered":"<p>Uso comum<br \/>\nAntabuse \u00e9 um medicamento usado para tratar o alcoolismo cr\u00f4nico. Cont\u00e9m a subst\u00e2ncia ativa dissulfiram bis(dietiltiocarbamoil), que bloqueia a \u00e1lcool desidrogenase (ADH), a enzima envolvida no metabolismo do etanol. Consequentemente, a concentra\u00e7\u00e3o sangu\u00ednea de acetalde\u00eddo aumenta e provoca sensa\u00e7\u00f5es desagrad\u00e1veis como rubor, n\u00e1useas, v\u00f3mitos, taquicardia, diminui\u00e7\u00e3o da press\u00e3o arterial, etc. O consumo de bebidas alco\u00f3licas torna-se extremamente desagrad\u00e1vel durante o tratamento com Antabuse.<br \/>\nPosologia e orienta\u00e7\u00e3o<br \/>\nTome pelo menos por via oral 12 horas ap\u00f3s beber \u00e1lcool. Ao tomar Antabuse, evite beber bebidas alco\u00f3licas de qualquer forma: cerveja, vinho, lo\u00e7\u00f5es p\u00f3s-barba, medicamentos l\u00edquidos, enxaguantes bucais, col\u00f4nias. Tome a p\u00edlula com um copo cheio de \u00e1gua.<br \/>\nPrecau\u00e7\u00f5es<br \/>\nInforme o seu m\u00e9dico se voc\u00ea tiver problemas card\u00edacos, \u00falceras estomacais ou duodenais, dist\u00farbios da circula\u00e7\u00e3o cerebral e hist\u00f3rico de psicose por dissulfiram. Deve-se ter cautela ao usar Antabuse em pacientes com mais de 60 anos de idade.<br \/>\nContra-indica\u00e7\u00f5es<br \/>\nAntabuse n\u00e3o pode ser usado em pacientes com doen\u00e7as graves do sistema cardiovascular, neurite do nervo auditivo, glaucoma, neurite \u00f3ptica, asma br\u00f4nquica, enfisema, tuberculose pulmonar , insufici\u00eancia hep\u00e1tica grave, diabetes, hipertireoidismo, doen\u00e7a mental, \u00falcera p\u00e9ptica aguda, doen\u00e7as renais, tumor maligno, polineurite, mulheres gr\u00e1vidas e lactantes, rea\u00e7\u00f5es al\u00e9rgicas ao medicamento.<br \/>\nPoss\u00edveis efeitos colaterais<br \/>\nOs efeitos colaterais mais comuns incluem: inquieta\u00e7\u00e3o , dor de cabe\u00e7a, sonol\u00eancia, erup\u00e7\u00e3o cut\u00e2nea, acne, altera\u00e7\u00f5es na vis\u00e3o, gosto residual de alho. Podem ocorrer rea\u00e7\u00f5es adversas mais raras, por\u00e9m graves: formigamento nas m\u00e3os ou nos p\u00e9s, fadiga, fraqueza, fortes dores de est\u00f4mago, perda de apetite, n\u00e1useas, v\u00f4mitos, urina escura, amarelecimento dos olhos ou da pele. Se voc\u00ea tiver efeitos colaterais graves, eles se tornam inc\u00f4modos e pioram, avise seu m\u00e9dico e procure atendimento m\u00e9dico imediato.<br \/>\nIntera\u00e7\u00e3o medicamentosa<br \/>\nInforme seu consultor de sa\u00fade sobre todos os medicamentos e produtos fitoter\u00e1picos que voc\u00ea est\u00e1 tomando, especialmente antidepressivos tric\u00edclicos, como a imipramina (Tofranil) , amitriptilina (Elavil), doxepina (Sinequan), nortriptilina (Pamelor), isoniazida (Nydrazid), fenito\u00edna (Dilantin), varfarina (Coumadin), metronidazol (Flagyl), teofilina (Theo-Dur), inibidores da MAO como fenelzina (Nardil ), isocarboxazida (Marplan) ou tranilcipromina (Parnate); benzodiazep\u00ednicos como diazepam (Valium), alprazolam (Xanax), clorazepato (Tranxene), temazepam (Restoril), clordiazep\u00f3xido (Librium), triazolam (Halcion), l\u00edtio (Lithobid, Eskalith, outros).<br \/>\nDose esquecida<br \/>\nNunca tome uma dose dupla dose deste medicamento. Se estiver quase na hora da pr\u00f3xima dose, basta pular a por\u00e7\u00e3o esquecida e continuar a tomar o medicamento de acordo com o cronograma.<br \/>\nSobredosagem<br \/>\n\u00c9 necess\u00e1rio atendimento m\u00e9dico imediato em caso de sobredosagem com Antabuse, cujos sintomas incluem perda de coordena\u00e7\u00e3o, n\u00e1useas, v\u00f3mitos , tonturas, dorm\u00eancia e formigamento e convuls\u00f5es.<br \/>\nArmazenamento<br \/>\nArmazene em temperatura ambiente de 59-86 F (15-30 C), longe da umidade e da luz solar. Mantenha longe da umidade (banheiro).<br \/>\nIsen\u00e7\u00e3o de responsabilidade<br \/>\nFornecemos apenas informa\u00e7\u00f5es gerais sobre medicamentos, que n\u00e3o cobrem todas as instru\u00e7\u00f5es, poss\u00edveis intera\u00e7\u00f5es medicamentosas ou precau\u00e7\u00f5es. As informa\u00e7\u00f5es do site n\u00e3o podem ser utilizadas para autotratamento e autodiagn\u00f3stico. Quaisquer instru\u00e7\u00f5es espec\u00edficas para um determinado paciente devem ser acordadas com o seu conselheiro de sa\u00fade ou m\u00e9dico respons\u00e1vel pelo caso. N\u00f3s nos isentamos da confiabilidade desta informa\u00e7\u00e3o e de quaisquer erros que ela possa conter. N\u00e3o somos respons\u00e1veis por quaisquer danos diretos, indiretos, especiais ou outros danos indiretos resultantes de qualquer uso das informa\u00e7\u00f5es deste site, e tamb\u00e9m pelas consequ\u00eancias do autotratamento.<\/p>\n","protected":false},"excerpt":{"rendered":"<p>Antabuse Gen\u00e9rico \u00e9 prescrito para curar o alcoolismo cr\u00f4nico. Funciona interferindo no metabolismo do \u00e1lcool.<\/p>\n","protected":false},"featured_media":8289,"comment_status":"open","ping_status":"closed","template":"","meta":[],"product_brand":[],"product_cat":[492],"product_tag":[],"class_list":{"0":"post-8355","1":"product","2":"type-product","3":"status-publish","4":"has-post-thumbnail","6":"product_cat-saude-geral-pt","7":"pa_active_substance-disulfiram","9":"first","10":"instock","11":"shipping-taxable","12":"product-type-variable"},"jetpack_sharing_enabled":true,"_links":{"self":[{"href":"https:\/\/www.pharmacy-content.com\/wp-json\/wp\/v2\/product\/8355","targetHints":{"allow":["GET"]}}],"collection":[{"href":"https:\/\/www.pharmacy-content.com\/wp-json\/wp\/v2\/product"}],"about":[{"href":"https:\/\/www.pharmacy-content.com\/wp-json\/wp\/v2\/types\/product"}],"replies":[{"embeddable":true,"href":"https:\/\/www.pharmacy-content.com\/wp-json\/wp\/v2\/comments?post=8355"}],"wp:featuredmedia":[{"embeddable":true,"href":"https:\/\/www.pharmacy-content.com\/wp-json\/wp\/v2\/media\/8289"}],"wp:attachment":[{"href":"https:\/\/www.pharmacy-content.com\/wp-json\/wp\/v2\/media?parent=8355"}],"wp:term":[{"taxonomy":"product_brand","embeddable":true,"href":"https:\/\/www.pharmacy-content.com\/wp-json\/wp\/v2\/product_brand?post=8355"},{"taxonomy":"product_cat","embeddable":true,"href":"https:\/\/www.pharmacy-content.com\/wp-json\/wp\/v2\/product_cat?post=8355"},{"taxonomy":"product_tag","embeddable":true,"href":"https:\/\/www.pharmacy-content.com\/wp-json\/wp\/v2\/product_tag?post=8355"}],"curies":[{"name":"wp","href":"https:\/\/api.w.org\/{rel}","templated":true}]}}