{"id":8333,"date":"2026-04-22T07:09:13","date_gmt":"2026-04-22T07:09:13","guid":{"rendered":""},"modified":"2026-04-22T07:09:24","modified_gmt":"2026-04-22T07:09:24","slug":"antabuse-disulfiram-5","status":"publish","type":"product","link":"https:\/\/www.pharmacy-content.com\/es\/product\/antabuse-disulfiram-5\/","title":{"rendered":"Antabuse (disulfiram)"},"content":{"rendered":"<p>Uso com\u00fan<\/p>\n<p>Antabuse (Disulfiram) puede ayudar a los pacientes con problemas de alcoholismo a evitar el consumo de alcohol. Al tomarse con alcohol, este medicamento produce efectos desagradables. Este medicamento forma parte de un programa de recuperaci\u00f3n que incluye supervisi\u00f3n m\u00e9dica y asesoramiento. Este medicamento puede utilizarse para otros fines; consulte a su profesional de la salud o farmac\u00e9utico si tiene alguna pregunta.<\/p>\n<p>Dosis y modo de empleo<\/p>\n<p>Tome este medicamento por v\u00eda oral con un vaso lleno de agua. Siga las instrucciones de la etiqueta del medicamento. Nunca debe tomar este medicamento dentro de las 12 horas posteriores a la ingesta de alcohol. Las tabletas se pueden triturar y mezclar con l\u00edquido antes de tomarlas. Tome su medicamento a intervalos regulares. No tome su medicamento con m\u00e1s frecuencia de la indicada. No deje de tomarlo excepto por consejo de su m\u00e9dico.<\/p>\n<p>Consulte a su pediatra sobre el uso de este medicamento en ni\u00f1os. Puede requerirse atenci\u00f3n especial.<\/p>\n<p>Precauciones<\/p>\n<p>Nunca tome este medicamento si ha estado bebiendo alcohol. Aseg\u00farese de que sus familiares u otras personas en su hogar sepan sobre este medicamento y qu\u00e9 hacer en caso de emergencia. Tomar este medicamento con peque\u00f1as cantidades de alcohol puede producir efectos muy desagradables. Puede experimentar dolor de cabeza puls\u00e1til, sofocos, v\u00f3mitos, debilidad y dolor en el pecho. Tambi\u00e9n puede causar problemas respiratorios y card\u00edacos, convulsiones e incluso la muerte. Este medicamento puede reaccionar con el alcohol incluso 14 d\u00edas despu\u00e9s de la \u00faltima dosis.<\/p>\n<p>Nunca consuma productos ni utilice art\u00edculos de tocador que contengan alcohol. Lea siempre atentamente las etiquetas. Muchos jarabes para la tos, analg\u00e9sicos l\u00edquidos, t\u00f3nicos, enjuagues bucales, lociones para despu\u00e9s del afeitado, colonias, linimentos, vinagres y salsas contienen alcohol.<\/p>\n<p>Contraindicaciones<\/p>\n<p>Si padece alguna de las siguientes afecciones:<\/p>\n<p>da\u00f1o cerebral,<\/p>\n<p>diabetes,<\/p>\n<p>enfermedad card\u00edaca,<\/p>\n<p>enfermedad renal,<\/p>\n<p>enfermedad hep\u00e1tica,<\/p>\n<p>enfermedad psic\u00f3tica,<\/p>\n<p>exposici\u00f3n reciente al alcohol o a cualquier producto que contenga alcohol,<\/p>\n<p>convulsiones,<\/p>\n<p>toma metronidazol o paraldeh\u00eddo,<\/p>\n<p>hipotiroidismo,<\/p>\n<p>una reacci\u00f3n al\u00e9rgica o inusual al disulfiram, pesticidas o productos de caucho, otros medicamentos, alimentos, colorantes o conservantes,<\/p>\n<p>est\u00e1 embarazada o intentando quedar embarazada,<\/p>\n<p>est\u00e1 amamantando.<\/p>\n<p>Posibles efectos secundarios<\/p>\n<p>Efectos secundarios que debe informar a su m\u00e9dico o profesional de la salud lo antes posible:<\/p>\n<p>Reacciones al\u00e9rgicas como sarpullido, picaz\u00f3n o urticaria, hinchaz\u00f3n de la cara, labios o lengua,<\/p>\n<p>Cambios en la visi\u00f3n,<\/p>\n<p>Confusi\u00f3n, desorientaci\u00f3n, irritabilidad,<\/p>\n<p>Orina oscura,<\/p>\n<p>Malestar general o s\u00edntomas gripales,<\/p>\n<p>P\u00e9rdida de apetito, n\u00e1useas,<\/p>\n<p>P\u00e9rdida de contacto con la realidad,<\/p>\n<p>Entumecimiento, dolor u hormigueo,<\/p>\n<p>Dolor en la parte superior derecha del abdomen,<\/p>\n<p>Debilidad o cansancio inusuales,<\/p>\n<p>Coloraci\u00f3n amarillenta en los ojos o la piel.<\/p>\n<p>Efectos secundarios que generalmente no requieren atenci\u00f3n m\u00e9dica (inf\u00f3rmelo a su m\u00e9dico o profesional de la salud si persisten o son molestos):<\/p>\n<p>Cambios en el deseo o el rendimiento sexual,<\/p>\n<p>Mareos,<\/p>\n<p>Somnolencia, cansancio,<\/p>\n<p>Dolor de cabeza,<\/p>\n<p>Sabor met\u00e1lico o a ajo,<\/p>\n<p>N\u00e1useas, v\u00f3mitos.<\/p>\n<p>Interacci\u00f3n con otros medicamentos<\/p>\n<p>No tome este medicamento con ninguno de los siguientes medicamentos:<\/p>\n<p>Alcohol o cualquier producto que contenga alcohol,<\/p>\n<p>Amprenavir,<\/p>\n<p>Coca\u00edna,<\/p>\n<p>Lopinavir. ritonavir,<\/p>\n<p>metronidazol,<\/p>\n<p>soluciones orales de ritonavir o sertralina,<\/p>\n<p>paclitaxel,<\/p>\n<p>paraldeh\u00eddo,<\/p>\n<p>tranilcipromina,<\/p>\n<p>isoniazida,<\/p>\n<p>medicamentos que tratan o previenen co\u00e1gulos sangu\u00edneos como la warfarina,<\/p>\n<p>fenito\u00edna.<\/p>\n<p>Es posible que esta lista no describa todas las posibles interacciones. Proporcione a su profesional de la salud una lista de todos los medicamentos, hierbas medicinales, medicamentos sin receta o suplementos diet\u00e9ticos que usa. Inf\u00f3rmele tambi\u00e9n si fuma, bebe alcohol o consume drogas ilegales. Algunos productos pueden interactuar con su medicamento.<\/p>\n<p>Dosis olvidada<\/p>\n<p>Si olvida una dosis, t\u00f3mela lo antes posible. Si es casi la hora de su siguiente dosis, tome solo esa dosis. No tome dosis dobles ni adicionales.<\/p>\n<p>Sobredosis<\/p>\n<p>Si cree que ha tomado demasiado de este medicamento, comun\u00edquese con un centro de control de intoxicaciones o una sala de urgencias de inmediato.<\/p>\n<p>Almacenamiento<\/p>\n<p>Mantener fuera del alcance de los ni\u00f1os.<\/p>\n<p>Conservar a temperatura ambiente, entre 20 y 25 \u00b0C (68 y 77 \u00b0F). Conservar en un recipiente herm\u00e9tico y resistente a la luz. Deseche el medicamento no utilizado despu\u00e9s de la fecha de caducidad.<\/p>\n","protected":false},"excerpt":{"rendered":"<p>Antabuse se utiliza para tratar el alcoholismo.<\/p>\n","protected":false},"featured_media":8289,"comment_status":"open","ping_status":"closed","template":"","meta":[],"product_brand":[],"product_cat":[486],"product_tag":[],"class_list":{"0":"post-8333","1":"product","2":"type-product","3":"status-publish","4":"has-post-thumbnail","6":"product_cat-salud-general-es","7":"pa_active_substance-disulfiram","9":"first","10":"instock","11":"shipping-taxable","12":"product-type-variable"},"jetpack_sharing_enabled":true,"_links":{"self":[{"href":"https:\/\/www.pharmacy-content.com\/wp-json\/wp\/v2\/product\/8333","targetHints":{"allow":["GET"]}}],"collection":[{"href":"https:\/\/www.pharmacy-content.com\/wp-json\/wp\/v2\/product"}],"about":[{"href":"https:\/\/www.pharmacy-content.com\/wp-json\/wp\/v2\/types\/product"}],"replies":[{"embeddable":true,"href":"https:\/\/www.pharmacy-content.com\/wp-json\/wp\/v2\/comments?post=8333"}],"wp:featuredmedia":[{"embeddable":true,"href":"https:\/\/www.pharmacy-content.com\/wp-json\/wp\/v2\/media\/8289"}],"wp:attachment":[{"href":"https:\/\/www.pharmacy-content.com\/wp-json\/wp\/v2\/media?parent=8333"}],"wp:term":[{"taxonomy":"product_brand","embeddable":true,"href":"https:\/\/www.pharmacy-content.com\/wp-json\/wp\/v2\/product_brand?post=8333"},{"taxonomy":"product_cat","embeddable":true,"href":"https:\/\/www.pharmacy-content.com\/wp-json\/wp\/v2\/product_cat?post=8333"},{"taxonomy":"product_tag","embeddable":true,"href":"https:\/\/www.pharmacy-content.com\/wp-json\/wp\/v2\/product_tag?post=8333"}],"curies":[{"name":"wp","href":"https:\/\/api.w.org\/{rel}","templated":true}]}}