{"id":8132,"date":"2026-04-22T07:08:23","date_gmt":"2026-04-22T07:08:23","guid":{"rendered":""},"modified":"2026-04-22T07:08:29","modified_gmt":"2026-04-22T07:08:29","slug":"glycoheal-7","status":"publish","type":"product","link":"https:\/\/www.pharmacy-content.com\/?product=glycoheal-7&lang=pt","title":{"rendered":"Glycoheal"},"content":{"rendered":"<p>Uso comum<br \/>\nGlycoheal \u00e9 um medicamento oral para diabetes usado para tratar diabetes tipo 2. A sua subst\u00e2ncia ativa \u00e9 a Metformina, que pertence \u00e0 classe de subst\u00e2ncias das biguanidas. Reduz a concentra\u00e7\u00e3o de glicose no sangue, suprimindo o metabolismo da glicose no f\u00edgado, reduzindo a absor\u00e7\u00e3o de glicose no trato gastrointestinal e aumentando sua utiliza\u00e7\u00e3o nos tecidos. Glycoheal estabiliza ou reduz o peso corporal. O efeito terap\u00eautico n\u00e3o \u00e9 observado na aus\u00eancia de insulina no sangue. N\u00e3o causa rea\u00e7\u00f5es hipoglic\u00eamicas. Melhora as propriedades fibrinol\u00edticas do sangue. \u00c9 utilizado no tratamento do diabetes mellitus (tipo 2) em adultos, principalmente nos casos seguidos de obesidade, e tamb\u00e9m em pacientes para os quais o tratamento com sulfonilureia foi ineficaz.<br \/>\nPosologia e orienta\u00e7\u00e3o<br \/>\nN\u00e3o tome este medicamento se n\u00e3o lhe foi prescrito , e n\u00e3o exceda a dose recomendada. Tome-o com uma refei\u00e7\u00e3o se o seu m\u00e9dico n\u00e3o recomendou que voc\u00ea tomasse de forma diferente. Glycoheal \u00e9 administrado duas vezes ao dia em 500 mg ou 850 mg uma vez ao dia para tratar diabetes tipo 2 em adultos. Com base nos n\u00edveis de glicose no sangue, a dose de Glycoheal pode ser aumentada at\u00e9 a dose di\u00e1ria m\u00e1xima de 2.550 mg administrada em tr\u00eas doses divididas.<br \/>\nPrecau\u00e7\u00f5es<br \/>\nEste medicamento pode causar uma condi\u00e7\u00e3o potencialmente fatal em algumas pessoas, caracterizada por fraqueza, aumento da sonol\u00eancia, batimentos card\u00edacos lentos, sensa\u00e7\u00e3o de frio, dores musculares, dores abdominais, falta de ar, sensa\u00e7\u00e3o de tontura e desmaios. \u00c9 chamado de acidose l\u00e1ctica. Se voc\u00ea sentir esses sintomas, procure atendimento m\u00e9dico imediato. Al\u00e9m disso, fique atento aos sintomas de hipoglicemia, que incluem fome, confus\u00e3o, irritabilidade, sonol\u00eancia, dor de cabe\u00e7a, fraqueza, batimentos card\u00edacos acelerados, tremores, sudorese, convuls\u00f5es, e tenha sempre uma fonte de a\u00e7\u00facar \u00e0 m\u00e3o. Evite beber \u00e1lcool.<br \/>\nContra-indica\u00e7\u00f5es<br \/>\nHipersensibilidade, coma hiperglic\u00eamico, cetoacidose, insufici\u00eancia renal, doen\u00e7a hep\u00e1tica, insufici\u00eancia card\u00edaca, infarto agudo do mioc\u00e1rdio, insufici\u00eancia respirat\u00f3ria, desidrata\u00e7\u00e3o, doen\u00e7as infecciosas, cirurgias e traumas extensos, alcoolismo, dieta hipocal\u00f3rica (menos de 1.000 kcal\/dia), acidose l\u00e1ctica (incluindo hist\u00f3ria), gravidez, amamenta\u00e7\u00e3o. O medicamento n\u00e3o \u00e9 prescrito para tomar 2 dias antes da cirurgia, exames de radiois\u00f3topos e raios-X, tomografia computadorizada (TC). Glycoheal \u00e9 contra-indicado em pacientes com mais de 60 anos ou que realizam trabalho f\u00edsico intenso (aumenta o risco de acidose l\u00e1ctica).<br \/>\nEfeitos colaterais<br \/>\nOs seguintes efeitos colaterais s\u00e3o mais comuns e bastante graves para parar de tomar o medicamento: incha\u00e7o ou r\u00e1pido ganho de peso, n\u00e1usea, v\u00f4mitos, gases, distens\u00e3o abdominal, diarr\u00e9ia e perda de apetite. Em caso de acidose l\u00e1ctica, procure ajuda m\u00e9dica de emerg\u00eancia: fraqueza, aumento da sonol\u00eancia, batimento card\u00edaco lento, sensa\u00e7\u00e3o de frio, falta de ar, dor abdominal, dor muscular, tontura e desmaio. Rea\u00e7\u00f5es al\u00e9rgicas tamb\u00e9m s\u00e3o poss\u00edveis: urtic\u00e1ria, incha\u00e7o, erup\u00e7\u00e3o cut\u00e2nea.<br \/>\nIntera\u00e7\u00e3o medicamentosa<br \/>\nA cimetidina (Tagamet) aumenta os n\u00edveis sangu\u00edneos de Glycoheal, afetando seu metabolismo. Glycoheal n\u00e3o \u00e9 compat\u00edvel com \u00e1lcool. A administra\u00e7\u00e3o concomitante com anticoagulantes indiretos e cimetidina deve ser feita com cautela. Glycoheal aumenta o metabolismo da Furosemida. Derivados de sulfonilureia, insulina, acarbose, inibidores da MAO, oxitetraciclina, ciclofosfamida e salicilatos aumentam os efeitos do Glycoheal. Uma diminui\u00e7\u00e3o no efeito hipoglic\u00eamico de Glycoheal \u00e9 causada pela administra\u00e7\u00e3o concomitante com medicamentos para tireoide, p\u00edlulas anticoncepcionais e outros horm\u00f4nios, epinefrina, glucagon, diur\u00e9ticos tiaz\u00eddicos, derivados do \u00e1cido nicot\u00ednico.<br \/>\nDose esquecida<br \/>\nSe voc\u00ea esqueceu de tomar a dose na hora certa , fa\u00e7a isso assim que se lembrar. Mas n\u00e3o tome se for tarde demais ou se a pr\u00f3xima dose estiver prevista para breve. N\u00e3o tome doses duplas deste medicamento ou doses extras. Tome a sua dose habitual no dia seguinte \u00e0 mesma hora normal.<br \/>\nSobredosagem<br \/>\nOs sintomas de sobredosagem com Glycoheal s\u00e3o os de n\u00edveis baixos de a\u00e7\u00facar no sangue: fome, confus\u00e3o, irritabilidade, sonol\u00eancia, dor de cabe\u00e7a, fraqueza, tremores, suores, batimentos card\u00edacos acelerados e convuls\u00f5es. Se voc\u00ea sentir algum deles ou qualquer sintoma incomum, chame seu m\u00e9dico imediatamente.<br \/>\nArmazenamento<br \/>\nArmazene em temperatura ambiente entre 20-25\u00b0C (68-77\u00b0F). Armazene longe da umidade, calor e luz solar. N\u00e3o \u00e9 recomendado armazen\u00e1-lo em banheiros e locais acess\u00edveis a crian\u00e7as.<br \/>\nIsen\u00e7\u00e3o de responsabilidade<br \/>\nFornecemos apenas informa\u00e7\u00f5es gerais sobre medicamentos, que n\u00e3o cobrem todas as instru\u00e7\u00f5es, poss\u00edveis intera\u00e7\u00f5es medicamentosas ou precau\u00e7\u00f5es. As informa\u00e7\u00f5es do site n\u00e3o podem ser utilizadas para autotratamento e autodiagn\u00f3stico. Quaisquer instru\u00e7\u00f5es espec\u00edficas para um determinado paciente devem ser acordadas com o seu conselheiro de sa\u00fade ou com o m\u00e9dico respons\u00e1vel pelo caso. N\u00f3s nos isentamos da confiabilidade desta informa\u00e7\u00e3o e de quaisquer erros que ela possa conter. N\u00e3o somos respons\u00e1veis por quaisquer danos diretos, indiretos, especiais ou outros danos indiretos resultantes de qualquer uso das informa\u00e7\u00f5es deste site e tamb\u00e9m pelas consequ\u00eancias do autotratamento.<\/p>\n","protected":false},"excerpt":{"rendered":"<p>A Glycoheal Generic \u00e9 uma classe de medicamentos das sulfonilureias, um medicamento usado para tratar diabetes tipo 2.<\/p>\n","protected":false},"featured_media":8096,"comment_status":"open","ping_status":"closed","template":"","meta":[],"product_brand":[],"product_cat":[432],"product_tag":[],"class_list":{"0":"post-8132","1":"product","2":"type-product","3":"status-publish","4":"has-post-thumbnail","6":"product_cat-diabetes-pt","7":"pa_active_substance-metformin","9":"first","10":"instock","11":"shipping-taxable","12":"product-type-variable"},"jetpack_sharing_enabled":true,"_links":{"self":[{"href":"https:\/\/www.pharmacy-content.com\/index.php?rest_route=\/wp\/v2\/product\/8132","targetHints":{"allow":["GET"]}}],"collection":[{"href":"https:\/\/www.pharmacy-content.com\/index.php?rest_route=\/wp\/v2\/product"}],"about":[{"href":"https:\/\/www.pharmacy-content.com\/index.php?rest_route=\/wp\/v2\/types\/product"}],"replies":[{"embeddable":true,"href":"https:\/\/www.pharmacy-content.com\/index.php?rest_route=%2Fwp%2Fv2%2Fcomments&post=8132"}],"wp:featuredmedia":[{"embeddable":true,"href":"https:\/\/www.pharmacy-content.com\/index.php?rest_route=\/wp\/v2\/media\/8096"}],"wp:attachment":[{"href":"https:\/\/www.pharmacy-content.com\/index.php?rest_route=%2Fwp%2Fv2%2Fmedia&parent=8132"}],"wp:term":[{"taxonomy":"product_brand","embeddable":true,"href":"https:\/\/www.pharmacy-content.com\/index.php?rest_route=%2Fwp%2Fv2%2Fproduct_brand&post=8132"},{"taxonomy":"product_cat","embeddable":true,"href":"https:\/\/www.pharmacy-content.com\/index.php?rest_route=%2Fwp%2Fv2%2Fproduct_cat&post=8132"},{"taxonomy":"product_tag","embeddable":true,"href":"https:\/\/www.pharmacy-content.com\/index.php?rest_route=%2Fwp%2Fv2%2Fproduct_tag&post=8132"}],"curies":[{"name":"wp","href":"https:\/\/api.w.org\/{rel}","templated":true}]}}