{"id":7846,"date":"2026-04-22T07:07:29","date_gmt":"2026-04-22T07:07:29","guid":{"rendered":""},"modified":"2026-04-22T07:07:35","modified_gmt":"2026-04-22T07:07:35","slug":"stromectol-10","status":"publish","type":"product","link":"https:\/\/www.pharmacy-content.com\/?product=stromectol-10&lang=cs","title":{"rendered":"Stromectol"},"content":{"rendered":"<p>B\u011b\u017en\u00e9 pou\u017eit\u00ed<br \/>\nStromectol je anthelmintikum. Pou\u017e\u00edv\u00e1 se k l\u00e9\u010db\u011b infekc\u00ed zp\u016fsoben\u00fdch n\u011bkter\u00fdmi parazity. Funguje tak, \u017ee zab\u00edj\u00ed citliv\u00e9 parazity.<\/p>\n<p>D\u00e1vkov\u00e1n\u00ed a pokyny<br \/>\nPou\u017e\u00edvejte Stromectol podle pokyn\u016f sv\u00e9ho l\u00e9ka\u0159e. Stromectol u\u017e\u00edvejte \u00fasty nala\u010dno a zapijte vodou. N\u011bkte\u0159\u00ed pacienti, kte\u0159\u00ed u\u017e\u00edvaj\u00ed Stromectol, budou pot\u0159ebovat opakovan\u00e9 sledov\u00e1n\u00ed a p\u0159el\u00e9\u010den\u00ed, aby se zajistilo \u00fapln\u00e9 vyl\u00e9\u010den\u00ed infekce. Postupujte podle pokyn\u016f sv\u00e9ho l\u00e9ka\u0159e. Dodr\u017eujte v\u0161echny n\u00e1v\u0161t\u011bvy l\u00e9ka\u0159e a laborato\u0159e.<\/p>\n<p>Bezpe\u010dnostn\u00ed opat\u0159en\u00ed<br \/>\nStromectol m\u016f\u017ee zp\u016fsobit z\u00e1vrat\u011b nebo ospalost. Tyto \u00fa\u010dinky mohou b\u00fdt hor\u0161\u00ed, pokud jej u\u017e\u00edv\u00e1te s alkoholem nebo n\u011bkter\u00fdmi l\u00e9ky. Stromectol pou\u017e\u00edvejte opatrn\u011b. Ne\u0159i\u010fte ani neprov\u00e1d\u011bjte jin\u00e9 potenci\u00e1ln\u011b nebezpe\u010dn\u00e9 \u00fakoly, dokud nev\u00edte, jak na to reagujete.<br \/>\nStromectol m\u016f\u017ee zp\u016fsobit z\u00e1vrat\u011b, to\u010den\u00ed hlavy nebo mdloby; alkohol, hork\u00e9 po\u010das\u00ed, cvi\u010den\u00ed nebo hore\u010dka mohou tyto \u00fa\u010dinky zv\u00fd\u0161it. Abyste jim zabr\u00e1nili, posa\u010fte se nebo st\u016fjte pomalu, zejm\u00e9na r\u00e1no. P\u0159i prvn\u00edch zn\u00e1mk\u00e1ch n\u011bkter\u00e9ho z t\u011bchto \u00fa\u010dink\u016f si sedn\u011bte nebo lehn\u011bte.<br \/>\nZ\u0159\u00eddka se u n\u011bkter\u00fdch pacient\u016f u\u017e\u00edvaj\u00edc\u00edch Stromectol, kte\u0159\u00ed m\u011bli tak\u00e9 jinou parazit\u00e1rn\u00ed infekci (loi\u00e1zu), vyvinul v\u00e1\u017en\u00fd a n\u011bkdy smrteln\u00fd probl\u00e9m s mozkem. Informujte sv\u00e9ho l\u00e9ka\u0159e, pokud m\u00e1te jinou parazitickou infekci. Informujte sv\u00e9ho l\u00e9ka\u0159e, pokud jste byli v oblasti, kde je pravd\u011bpodobn\u00e1 infekce Loa loa (nap\u0159. z\u00e1padn\u00ed nebo st\u0159edn\u00ed Afrika). Okam\u017eit\u011b sd\u011blte sv\u00e9mu l\u00e9ka\u0159i, pokud m\u00e1te p\u0159\u00edznaky, jako je neobvykl\u00e1 bolest zad, krv\u00e1cen\u00ed do o\u010d\u00ed, du\u0161nost, selh\u00e1n\u00ed kontroly mo\u010dov\u00e9ho m\u011bch\u00fd\u0159e nebo st\u0159ev, pot\u00ed\u017ee s ch\u016fz\u00ed nebo st\u00e1n\u00edm, du\u0161evn\u00ed zm\u011bny (nap\u0159. zmatenost), neobvykl\u00e1 slabost nebo z\u00e1chvaty.<br \/>\nStromectol by m\u011bl b\u00fdt pou\u017e\u00edv\u00e1n s extr\u00e9mn\u00ed opatrnost\u00ed u D\u011aT\u00cd v\u00e1\u017e\u00edc\u00edch m\u00e9n\u011b ne\u017e 33 liber (15 kilogram\u016f); bezpe\u010dnost a \u00fa\u010dinnost u t\u011bchto d\u011bt\u00ed nebyla potvrzena.<br \/>\nPokud jste t\u011bhotn\u00e1, nepou\u017e\u00edvejte Stromectol. Pokud si mysl\u00edte, \u017ee byste mohla b\u00fdt t\u011bhotn\u00e1, kontaktujte ihned sv\u00e9ho l\u00e9ka\u0159e. Stromektol se nach\u00e1z\u00ed v mate\u0159sk\u00e9m ml\u00e9ce. Pokud b\u011bhem u\u017e\u00edv\u00e1n\u00ed p\u0159\u00edpravku Stromectol koj\u00edte nebo budete kojit, pora\u010fte se se sv\u00fdm l\u00e9ka\u0159em. Diskutujte o v\u0161ech mo\u017en\u00fdch rizic\u00edch pro va\u0161e d\u00edt\u011b.<\/p>\n<p>Kontraindikace<br \/>\nNeu\u017e\u00edvejte tento l\u00e9k, pokud jste alergi\u010dt\u00ed na kteroukoli slo\u017eku Stromectolu.<\/p>\n<p>Mo\u017en\u00e9 ne\u017e\u00e1douc\u00ed \u00fa\u010dinky<br \/>\nNej\u010dast\u011bj\u0161\u00edmi \u00fa\u010dinky jsou pr\u016fjem, z\u00e1vrat\u011b, nevolnost.<br \/>\nZ\u00e1va\u017en\u00e9 ne\u017e\u00e1douc\u00ed \u00fa\u010dinky zahrnuj\u00ed z\u00e1va\u017en\u00e9 alergick\u00e9 reakce (vyr\u00e1\u017eka; kop\u0159ivka; sv\u011bd\u011bn\u00ed; pot\u00ed\u017ee s d\u00fdch\u00e1n\u00edm; tlak na hrudi; otok \u00fast, obli\u010deje, rt\u016f nebo jazyka); bolest oka, otok nebo zarudnut\u00ed; mdloby; rychl\u00fd srde\u010dn\u00ed tep; hore\u010dka; bolesti kloub\u016f; \u010derven\u00e1, otekl\u00e1, puch\u00fd\u0159ovit\u00e1 nebo olupuj\u00edc\u00ed se k\u016f\u017ee; z\u00e1chvaty; t\u011b\u017ek\u00e9 z\u00e1vrat\u011b nebo to\u010den\u00ed hlavy; otok k\u016f\u017ee, pa\u017e\u00ed, nohou, kotn\u00edk\u016f nebo chodidel; citliv\u00e9 nebo otekl\u00e9 lymfatick\u00e9 uzliny (nap\u0159. na krku, v t\u0159\u00edslech, v podpa\u017e\u00ed); zm\u011bny vid\u011bn\u00ed; ze\u017eloutnut\u00ed o\u010d\u00ed nebo k\u016f\u017ee.<\/p>\n<p>L\u00e9kov\u00e9 interakce<br \/>\nSd\u011blte sv\u00e9mu o\u0161et\u0159uj\u00edc\u00edmu l\u00e9ka\u0159i, pokud u\u017e\u00edv\u00e1te n\u011bjak\u00e9 dal\u0161\u00ed l\u00e9ky, zejm\u00e9na n\u011bkter\u00fd z n\u00e1sleduj\u00edc\u00edch: Warfarin, proto\u017ee riziko jeho ne\u017e\u00e1douc\u00edch \u00fa\u010dink\u016f m\u016f\u017ee b\u00fdt stromectolem zv\u00fd\u0161eno.<\/p>\n<p>Vynech\u00e1no d\u00e1vka<br \/>\nPokud vynech\u00e1te d\u00e1vku, vezm\u011bte si ji, jakmile si vzpomenete. Pokud se bl\u00ed\u017e\u00ed \u010das dal\u0161\u00ed d\u00e1vky, vynechejte vynechanou d\u00e1vku a pokra\u010dujte v obvykl\u00e9m d\u00e1vkovac\u00edm sch\u00e9matu. Nezdvojn\u00e1sobujte d\u00e1vku, abyste v\u0161e dohnali.<\/p>\n<p>P\u0159ed\u00e1vkov\u00e1n\u00ed<br \/>\nPokud m\u00e1te podez\u0159en\u00ed na p\u0159ed\u00e1vkov\u00e1n\u00ed, okam\u017eit\u011b kontaktujte m\u00edstn\u00ed toxikologick\u00e9 centrum nebo pohotovost. P\u0159\u00edznaky p\u0159ed\u00e1vkov\u00e1n\u00ed mohou zahrnovat necitlivost, brn\u011bn\u00ed, pot\u00ed\u017ee s d\u00fdch\u00e1n\u00edm, ztr\u00e1tu koordinace, z\u00e1chvaty.<\/p>\n<p>Skladujte<br \/>\nSkladujte p\u0159i pokojov\u00e9 teplot\u011b do 30 stup\u0148\u016f C, mimo dosah sv\u011btla a vlhkosti. Neskladujte v koupeln\u011b. Uchov\u00e1vejte v\u0161echny l\u00e9ky mimo dosah d\u011bt\u00ed a dom\u00e1c\u00edch zv\u00ed\u0159at.<\/p>\n<p>Odm\u00edtnut\u00ed odpov\u011bdnosti<br \/>\nPoskytujeme pouze obecn\u00e9 informace o l\u00e9c\u00edch, kter\u00e9 nepokr\u00fdvaj\u00ed v\u0161echny pokyny, mo\u017en\u00e9 l\u00e9kov\u00e9 interakce nebo preventivn\u00ed opat\u0159en\u00ed. Informace na str\u00e1nce nelze pou\u017e\u00edt pro samol\u00e9\u010dbu a autodiagnostiku. Jak\u00e9koli specifick\u00e9 pokyny pro konkr\u00e9tn\u00edho pacienta by m\u011bly b\u00fdt dohodnuty se sv\u00fdm zdravotn\u00edm poradcem nebo l\u00e9ka\u0159em, kter\u00fd m\u00e1 na starosti dan\u00fd p\u0159\u00edpad. Odm\u00edt\u00e1me spolehlivost t\u011bchto informac\u00ed a chyby, kter\u00e9 by mohly obsahovat. Nejsme zodpov\u011bdn\u00ed za \u017e\u00e1dn\u00e9 p\u0159\u00edm\u00e9, nep\u0159\u00edm\u00e9, zvl\u00e1\u0161tn\u00ed nebo jin\u00e9 nep\u0159\u00edm\u00e9 \u0161kody v d\u016fsledku jak\u00e9hokoli pou\u017eit\u00ed informac\u00ed na t\u011bchto str\u00e1nk\u00e1ch a tak\u00e9 za n\u00e1sledky samol\u00e9\u010dby.<\/p>\n","protected":false},"excerpt":{"rendered":"<p>Stromectol je peror\u00e1ln\u00ed anthelmintikum pou\u017e\u00edvan\u00e9 k l\u00e9\u010db\u011b infekc\u00ed zp\u016fsoben\u00fdch n\u011bkter\u00fdmi parazitick\u00fdmi \u010dervy.<\/p>\n","protected":false},"featured_media":7594,"comment_status":"open","ping_status":"closed","template":"","meta":[],"product_brand":[],"product_cat":[411],"product_tag":[],"class_list":{"0":"post-7846","1":"product","2":"type-product","3":"status-publish","4":"has-post-thumbnail","6":"product_cat-covid-19-cs","7":"pa_active_substance-ivermectin","9":"first","10":"instock","11":"shipping-taxable","12":"product-type-variable"},"jetpack_sharing_enabled":true,"_links":{"self":[{"href":"https:\/\/www.pharmacy-content.com\/index.php?rest_route=\/wp\/v2\/product\/7846","targetHints":{"allow":["GET"]}}],"collection":[{"href":"https:\/\/www.pharmacy-content.com\/index.php?rest_route=\/wp\/v2\/product"}],"about":[{"href":"https:\/\/www.pharmacy-content.com\/index.php?rest_route=\/wp\/v2\/types\/product"}],"replies":[{"embeddable":true,"href":"https:\/\/www.pharmacy-content.com\/index.php?rest_route=%2Fwp%2Fv2%2Fcomments&post=7846"}],"wp:featuredmedia":[{"embeddable":true,"href":"https:\/\/www.pharmacy-content.com\/index.php?rest_route=\/wp\/v2\/media\/7594"}],"wp:attachment":[{"href":"https:\/\/www.pharmacy-content.com\/index.php?rest_route=%2Fwp%2Fv2%2Fmedia&parent=7846"}],"wp:term":[{"taxonomy":"product_brand","embeddable":true,"href":"https:\/\/www.pharmacy-content.com\/index.php?rest_route=%2Fwp%2Fv2%2Fproduct_brand&post=7846"},{"taxonomy":"product_cat","embeddable":true,"href":"https:\/\/www.pharmacy-content.com\/index.php?rest_route=%2Fwp%2Fv2%2Fproduct_cat&post=7846"},{"taxonomy":"product_tag","embeddable":true,"href":"https:\/\/www.pharmacy-content.com\/index.php?rest_route=%2Fwp%2Fv2%2Fproduct_tag&post=7846"}],"curies":[{"name":"wp","href":"https:\/\/api.w.org\/{rel}","templated":true}]}}