{"id":7449,"date":"2026-04-22T07:06:30","date_gmt":"2026-04-22T07:06:30","guid":{"rendered":""},"modified":"2026-04-22T07:06:51","modified_gmt":"2026-04-22T07:06:51","slug":"lipitor-2","status":"publish","type":"product","link":"https:\/\/www.pharmacy-content.com\/?product=lipitor-2&lang=de","title":{"rendered":"Lipitor"},"content":{"rendered":"<p>Allgemeine Anwendung<br \/>\nLipitor ist ein Cholesterinsenker, der zur Behandlung von hohem Cholesterinspiegel oder zur Senkung des Risikos f\u00fcr Schlaganfall, Herzinfarkt oder andere Herzkomplikationen bei Patienten mit koronarer Herzkrankheit oder Diabetes der zweiten Art eingesetzt wird. Lipitor tr\u00e4gt dazu bei, sch\u00e4dliches Low-Density-Lipoprotein-Cholesterin aus dem Blut zu entfernen und die F\u00e4higkeit des K\u00f6rpers, neues LDL-Cholesterin zu bilden, einzuschr\u00e4nken. Dies kann dazu beitragen, Arterienverkalkungen und Herzerkrankungen vorzubeugen, Erkrankungen, die zu Gef\u00e4\u00dferkrankungen, Herzinfarkt und Schlaganfall f\u00fchren k\u00f6nnen.<br \/>\nDosierung und Anwendung<br \/>\nNehmen Sie es einmal t\u00e4glich oral mit oder ohne Nahrung ein. Lipitor sollte mit einem vollen Glas Wasser eingenommen werden.<br \/>\nDie \u00fcbliche Dosis f\u00fcr Erwachsene betr\u00e4gt 10 mg einmal t\u00e4glich.<br \/>\nDie \u00fcbliche Dosis f\u00fcr Kinder im Alter von 10 bis 17 Jahren betr\u00e4gt 10 mg einmal t\u00e4glich.<br \/>\nAnwendung von Lipitor bei Kindern unter 10 Jahren Altersempfehlung wird nicht empfohlen und die Dosis muss von Ihrem Hausarzt bestimmt werden.<br \/>\nHinweis: Diese Anleitung dient hier nur zur Durchsicht. Es ist unbedingt erforderlich, vor der Anwendung Ihren Arzt zu konsultieren. Es hilft Ihnen, die besten Ergebnisse zu erzielen.<br \/>\nVorsichtsma\u00dfnahmen<br \/>\nMenschen mit Diabetes, Schilddr\u00fcsenunterfunktion, Nieren- oder Muskelerkrankungen ben\u00f6tigen manchmal zus\u00e4tzliche Tests vor oder w\u00e4hrend der Lipitor-Therapie, da Dosisanpassungen erforderlich sein k\u00f6nnen. Trinken Sie w\u00e4hrend der Einnahme dieses Arzneimittels keine gro\u00dfen Mengen Alkohol, da dies die Nebenwirkungen dieses Arzneimittels auf die Leber verschlimmern kann. Lipitor sollte w\u00e4hrend der Schwangerschaft, w\u00e4hrend einer Schwangerschaft oder Stillzeit nicht ohne \u00e4rztlichen Rat eingenommen werden. Verwenden Sie Lipitor nicht vor dem Stillen ohne die Erlaubnis Ihres Arztes.<br \/>\nGegenanzeigen<br \/>\nLipitor darf nicht bei Personen angewendet werden, die Leberprobleme oder ungekl\u00e4rte abnormale Leberfunktionstests haben. Verwenden Sie es nicht, wenn Sie einen HIV-Proteasehemmer (z. B. Ritonavir), Itraconazol oder Mibefradil einnehmen. Lipitor ist au\u00dferdem kontraindiziert, wenn Sie \u00fcberempfindlich auf einen der Bestandteile dieses Medikaments reagieren, schwanger sind oder stillen.<br \/>\nM\u00f6gliche Nebenwirkungen<br \/>\nDazu k\u00f6nnen alle Arten von allergischen Reaktionen geh\u00f6ren. Zu den m\u00f6glichen Nebenwirkungen geh\u00f6ren au\u00dferdem:<br \/>\nMuskelschmerzen, Empfindlichkeit oder Schw\u00e4che mit Fieber oder Grippesymptomen; oder<br \/>\n\u00dcbelkeit, lehmfarbener Stuhl, Magenschmerzen, niedriges Fieber, Gelbsucht, Appetitlosigkeit, dunkler Urin.<br \/>\nWeniger schwerwiegend sind:<br \/>\nleichte \u00dcbelkeit oder Magenschmerzen, Magenbeschwerden, Sodbrennen;<br \/>\nVerstopfung, Bl\u00e4hungen, Bl\u00e4hungen;<br \/>\nVerstopfung Nase;<br \/>\nNuckreiz, Hautausschlag;<br \/>\nKopfschmerzen.<br \/>\nWenn Sie eines davon bemerken, beenden Sie die Anwendung von Lipitor und informieren Sie so bald wie m\u00f6glich Ihren Arzt. Konsultieren Sie auch Ihren Arzt, wenn Sie ungew\u00f6hnliche Nebenwirkungen bemerken.<br \/>\nWechselwirkungen mit anderen Medikamenten<br \/>\nAtrovastatin hat Wechselwirkungen mit den folgenden Medikamenten: Digoxin; Erythromycin oder Clarithromycin; Gemfibrozil oder Fenofibrat; Niacin; ein Antimykotikum wie Itraconazol, Fluconazol oder Ketoconazol; Medikamente, die Ihr Immunsystem schw\u00e4chen, wie Krebsmedikamente oder Steroide, Ciclosporin, Sirolimus, Tacrolimus und andere; HIV- oder AIDS-Medikamente wie Indinavir, Nelfinavir, Ritonavir, Lopinavir-Ritonavir oder Saquinavir. Beachten Sie auch, dass die Wechselwirkung zwischen zwei Medikamenten nicht immer bedeutet, dass Sie die Einnahme eines Medikaments abbrechen m\u00fcssen. Wie \u00fcblich beeinflusst es die Wirkung von Arzneimitteln. Besprechen Sie daher mit Ihrem Arzt, wie Wechselwirkungen behandelt werden oder behandelt werden sollten.<br \/>\nVerpasste Dosis<br \/>\nWenn Sie vergessen haben, Ihre Dosis rechtzeitig einzunehmen, tun Sie dies bitte nach, sobald Sie daran denken. Nehmen Sie es jedoch nicht ein, wenn es zu sp\u00e4t oder fast Zeit f\u00fcr die n\u00e4chste Dosis ist. Erh\u00f6hen Sie nicht die empfohlene Dosis. Nehmen Sie Ihre \u00fcbliche Dosis am n\u00e4chsten Tag zur gleichen regul\u00e4ren Zeit ein.<br \/>\n\u00dcberdosierung<br \/>\nDie Symptome von Lipitor sind nicht genau bekannt, aber die wahrscheinlichsten sind ein starker Blutdruckabfall und ein schnellerer Herzschlag. Wenn eines dieser Symptome bei Ihnen auftritt oder ungew\u00f6hnliche Symptome auftreten, wenden Sie sich sofort an Ihren Arzt.<br \/>\nLagerung<br \/>\nBei Raumtemperatur zwischen 15 und 25 \u00b0C (59\u201377 \u00b0F) lagern, vor Licht und Feuchtigkeit sch\u00fctzen und vor Kindern und Haustieren sch\u00fctzen. Nach Ablauf der Frist nicht mehr verwenden.<br \/>\nHaftungsausschluss<br \/>\nWir stellen nur allgemeine Informationen zu Medikamenten zur Verf\u00fcgung, die nicht alle Anweisungen, m\u00f6gliche Arzneimittelkombinationen oder Vorsichtsma\u00dfnahmen abdecken. Die Informationen auf der Website k\u00f6nnen nicht zur Selbstbehandlung und Selbstdiagnose verwendet werden. Spezifische Anweisungen f\u00fcr einen bestimmten Patienten sollten mit Ihrem Gesundheitsberater oder dem f\u00fcr den Fall zust\u00e4ndigen Arzt vereinbart werden. Wir lehnen die Zuverl\u00e4ssigkeit dieser Informationen und die darin enthaltenen Fehler ab. Wir haften nicht f\u00fcr direkte, indirekte, besondere oder sonstige indirekte Sch\u00e4den, die sich aus der Nutzung der Informationen auf dieser Website ergeben und auch nicht f\u00fcr Folgen der Selbstbehandlung.<\/p>\n","protected":false},"excerpt":{"rendered":"<p>Lipitor Generic ist ein Statin, das als Arzneimittel zur Senkung von Cholesterin und Triglyceriden eingesetzt wird.<\/p>\n","protected":false},"featured_media":7433,"comment_status":"open","ping_status":"closed","template":"","meta":[],"product_brand":[],"product_cat":[357],"product_tag":[],"class_list":{"0":"post-7449","1":"product","2":"type-product","3":"status-publish","4":"has-post-thumbnail","6":"product_cat-cholesterin-de","7":"pa_active_substance-atorvastatin","9":"first","10":"instock","11":"shipping-taxable","12":"product-type-variable"},"jetpack_sharing_enabled":true,"_links":{"self":[{"href":"https:\/\/www.pharmacy-content.com\/index.php?rest_route=\/wp\/v2\/product\/7449","targetHints":{"allow":["GET"]}}],"collection":[{"href":"https:\/\/www.pharmacy-content.com\/index.php?rest_route=\/wp\/v2\/product"}],"about":[{"href":"https:\/\/www.pharmacy-content.com\/index.php?rest_route=\/wp\/v2\/types\/product"}],"replies":[{"embeddable":true,"href":"https:\/\/www.pharmacy-content.com\/index.php?rest_route=%2Fwp%2Fv2%2Fcomments&post=7449"}],"wp:featuredmedia":[{"embeddable":true,"href":"https:\/\/www.pharmacy-content.com\/index.php?rest_route=\/wp\/v2\/media\/7433"}],"wp:attachment":[{"href":"https:\/\/www.pharmacy-content.com\/index.php?rest_route=%2Fwp%2Fv2%2Fmedia&parent=7449"}],"wp:term":[{"taxonomy":"product_brand","embeddable":true,"href":"https:\/\/www.pharmacy-content.com\/index.php?rest_route=%2Fwp%2Fv2%2Fproduct_brand&post=7449"},{"taxonomy":"product_cat","embeddable":true,"href":"https:\/\/www.pharmacy-content.com\/index.php?rest_route=%2Fwp%2Fv2%2Fproduct_cat&post=7449"},{"taxonomy":"product_tag","embeddable":true,"href":"https:\/\/www.pharmacy-content.com\/index.php?rest_route=%2Fwp%2Fv2%2Fproduct_tag&post=7449"}],"curies":[{"name":"wp","href":"https:\/\/api.w.org\/{rel}","templated":true}]}}