{"id":7344,"date":"2026-04-22T07:06:07","date_gmt":"2026-04-22T07:06:07","guid":{"rendered":""},"modified":"2026-04-22T07:06:22","modified_gmt":"2026-04-22T07:06:22","slug":"lasix-3","status":"publish","type":"product","link":"https:\/\/www.pharmacy-content.com\/?product=lasix-3&lang=fr","title":{"rendered":"Lasix"},"content":{"rendered":"<p>Usage g\u00e9n\u00e9ral<\/p>\n<p>Furosemide est un diur\u00e9tique. Il poss\u00e8de effet natriur\u00e9tique et diminue \u00e9galement les niveaux de Cl- dans le sang, augmente excreation de K+, Ca2+, Mg2+.<br \/>\nLasix est utilis\u00e9 pour traiter le syndrome de l&#8217;\u0153d\u00e8me chez les patients souffrant d&#8217;insuffisance cardiaque chronique (grade II et III), la cirrhose, les maladies des reins, insuffisance cardiaque aigu\u00eb (oed\u00e8me pulmonaire), l&#8217;oed\u00e8me c\u00e9r\u00e9bral, une crise hypertensive, hypertension art\u00e9rielle et autres.<\/p>\n<p>Dosage et administration<\/p>\n<p>Prenez exactement comme il a \u00e9t\u00e9 prescrit par votre m\u00e9decin traitant.<\/p>\n<p>Pr\u00e9cautions<\/p>\n<p>Avant d&#8217;utiliser Lasix, consultez votre m\u00e9decin traitant si vous souffrez de la maladie du rein, la maladie de foie, la goutte, lupus, le diab\u00e8te, ou une allergie aux m\u00e9dicaments sulfa. \u00c9vitez de devenir d\u00e9shydrat\u00e9 comme Lasix vous fait uriner plus souvent. N&#8217;arr\u00eatez pas de prendre le m\u00e9dicament m\u00eame si vous vous sentez parfait comme l&#8217;hypertension n&#8217;a souvent aucun sympt\u00f4me. \u00c9vitez de prendre le m\u00e9dicament si vous etes enceinte ou alaitez.<\/p>\n<p>Contre-indications<\/p>\n<p>L&#8217;hypersensibilit\u00e9, l&#8217;\u00e9chec du rein aigu avec anuria, l&#8217;\u00e9chec de foie s\u00e9v\u00e8re, le coma de foie et le pr\u00e9coma, stenois de l&#8217;ur\u00e8tre, glomerulonephritis aigu, l&#8217;obstruction d&#8217;\u00e9tendue urinaire, le pr\u00e9coma, hyperglycemic le coma, la goutte, hypotension art\u00e9riel, la crise cardiaque, pancreatitis et d&#8217;autres.<\/p>\n<p>Effet secondaire possible<\/p>\n<p>Les \u00e9ffets secondaires possibles sont : la bouche s\u00e8che, la soif, la naus\u00e9e, le vomissement; la faiblesse, la somnolence, le battement de coeur agit\u00e9, ou \u00e9tourdi, rapide ou in\u00e9gal, la douleur de muscle, moins qu&#8217;urination ordinaire ou absence d&#8217;urination, le fait de faire facilement des bleus facile ou saignement, rougeurs de peau cloquantes rouges, alop\u00e9cie.<\/p>\n<p>Action r\u00e9ciproque de m\u00e9dicament<\/p>\n<p>L&#8217;audition du dommage peut se produire si Lasix est administr\u00e9 avec les antibiotiques aminoglycoside (gentamicin et d&#8217;autres) ou Edecrin &#8211; un autre diur\u00e9tique. L&#8217;utilisation d&#8217;\u00e9l\u00e9ment de Lasix et d&#8217;aspirine peut provoquer de hauts niveaux de sang de toxicit\u00e9 d&#8217;aspirine et d&#8217;aspirine. Lasix est capable de r\u00e9duire l&#8217;excr\u00e9tion de lithium par les reins. Sucralfate (Carafate) r\u00e9duit l&#8217;action de Lasix. La consommation d&#8217;Ingestion de Lasix et de Sucralfate devrait \u00eatre s\u00e9par\u00e9e par deux heures.<\/p>\n<p>Omission de dose<\/p>\n<p>Si vous manquez une dose, prenez-le aussit\u00f4t que vous vous souvenez. Si c&#8217;est pr\u00e8s du temps de la dose suivante, sautez la dose manqu\u00e9e et reprenez votre programme de dosage ordinaire. Ne doublez pas la dose pour vous remettre au courant. Appelez votre m\u00e9decin traitant si vous manquez 2 ou plus doses d&#8217;affil\u00e9e.<\/p>\n<p>Surdosage<\/p>\n<p>Cherchez l&#8217;attention de secours d&#8217;urgence si vous croyez que vous avez utilis\u00e9 trop de cette m\u00e9decine. Les sympt\u00f4mes d&#8217;overdose peuvent inclure : la nervosit\u00e9 suant, extr\u00eame excessive, le battement de coeur rapide\/irr\u00e9gulier, la douleur de poitrine, les saisies.<\/p>\n<p>Conservation<\/p>\n<p>Garder \u00e0 la temp\u00e9rature ambiante entre 15 et 30 degr\u00e9s Celsius (59 et 86 degr\u00e9s Fahrenheit). Entreposer le contenant bien ferm\u00e9 hors de la port\u00e9e des enfants.<br \/>\nNe conservez pas vos medicaments dans la salle de bains.<\/p>\n<p>Disclaimer (avis de non responsabilit\u00e9)<\/p>\n<p>Nous fournissons des renseignements \u00e0 caract\u00e8res uniquement g\u00e9n\u00e9raux sur les m\u00e9dicaments qui n\u2019englobent pas tous les domaines, les polyvalences possibles du m\u00e9dicament, ou les pr\u00e9cautions. Les renseignements sur le site ne peuvent \u00eatre utilis\u00e9s pour un traitement personnel et un diagnostic personnel. Toute instruction sp\u00e9cifique pour un patient particulier devrait \u00eatre consult\u00e9e avec votre conseiller de soins de sant\u00e9 ou votre m\u00e9decin responsable du cas. Nous refusons toute r\u00e9f\u00e9rence au caract\u00e8re ind\u00e9niable de ces renseignements et des erreurs qu&#8217;ils pourraient contenir. Nous ne sommes pas responsables de tout dommage direct ou indirect, sp\u00e9cial ou d\u2019autre dommage \u00e0 la suite de toute utilisation des renseignements sur ce site et \u00e9galement pour les cons\u00e9quences de l\u2019auto-traitement.<\/p>\n","protected":false},"excerpt":{"rendered":"<p>Lasix appartient \u00e0 une classe de diur\u00e9tiques, il est prescrit aux patients souffrant d\u2019inflammations caus\u00e9es par une insuffisance cardiaque congestive.<\/p>\n","protected":false},"featured_media":7322,"comment_status":"open","ping_status":"closed","template":"","meta":[],"product_brand":[],"product_cat":[330],"product_tag":[],"class_list":{"0":"post-7344","1":"product","2":"type-product","3":"status-publish","4":"has-post-thumbnail","6":"product_cat-pression-arterielle-fr","7":"pa_active_substance-furosemide","9":"first","10":"instock","11":"shipping-taxable","12":"product-type-simple"},"jetpack_sharing_enabled":true,"_links":{"self":[{"href":"https:\/\/www.pharmacy-content.com\/index.php?rest_route=\/wp\/v2\/product\/7344","targetHints":{"allow":["GET"]}}],"collection":[{"href":"https:\/\/www.pharmacy-content.com\/index.php?rest_route=\/wp\/v2\/product"}],"about":[{"href":"https:\/\/www.pharmacy-content.com\/index.php?rest_route=\/wp\/v2\/types\/product"}],"replies":[{"embeddable":true,"href":"https:\/\/www.pharmacy-content.com\/index.php?rest_route=%2Fwp%2Fv2%2Fcomments&post=7344"}],"wp:featuredmedia":[{"embeddable":true,"href":"https:\/\/www.pharmacy-content.com\/index.php?rest_route=\/wp\/v2\/media\/7322"}],"wp:attachment":[{"href":"https:\/\/www.pharmacy-content.com\/index.php?rest_route=%2Fwp%2Fv2%2Fmedia&parent=7344"}],"wp:term":[{"taxonomy":"product_brand","embeddable":true,"href":"https:\/\/www.pharmacy-content.com\/index.php?rest_route=%2Fwp%2Fv2%2Fproduct_brand&post=7344"},{"taxonomy":"product_cat","embeddable":true,"href":"https:\/\/www.pharmacy-content.com\/index.php?rest_route=%2Fwp%2Fv2%2Fproduct_cat&post=7344"},{"taxonomy":"product_tag","embeddable":true,"href":"https:\/\/www.pharmacy-content.com\/index.php?rest_route=%2Fwp%2Fv2%2Fproduct_tag&post=7344"}],"curies":[{"name":"wp","href":"https:\/\/api.w.org\/{rel}","templated":true}]}}