{"id":7333,"date":"2026-04-22T07:06:06","date_gmt":"2026-04-22T07:06:06","guid":{"rendered":""},"modified":"2026-04-22T07:06:22","modified_gmt":"2026-04-22T07:06:22","slug":"lasix-2","status":"publish","type":"product","link":"https:\/\/www.pharmacy-content.com\/?product=lasix-2&lang=de","title":{"rendered":"Lasix"},"content":{"rendered":"<p>Allgemeine Anwendung<br \/>\nLasix ist ein Schleifendiuretikum, das eine schnelle und kurze Diurese verursacht. Es besitzt eine natriuretische Wirkung und senkt auch den Cl&#8211;Spiegel im Blut, erh\u00f6ht die Ausscheidung von K+, Ca2+, Mg2+. Es dringt in einen Nierentubulus im aufsteigenden dicken Teil der Henle-Schleife ein und blockiert die R\u00fcckresorption von Na+ und Cl-. Aufgrund der erh\u00f6hten Na+-Ausscheidung kommt es sekund\u00e4r zu einer verst\u00e4rkten Wasserausscheidung und zu einer erh\u00f6hten K+-Sekretion im distalen Teil des Nierentubulus. Gleichzeitig nimmt die Ausscheidung von Ca2+ und Mg2+ zu. Lasix wird zur Behandlung des \u00d6demsyndroms bei Patienten mit chronischer Herzinsuffizienz (Grad II und III), Leberzirrhose, Nierenerkrankungen, akuter Herzinsuffizienz (Lungen\u00f6dem), Hirn\u00f6dem, hypertensiver Krise, arterieller Hypertonie und anderen eingesetzt.<br \/>\nDosierung und Anwendung<br \/>\nNehmen Sie es genau nach Anweisung Ihres Arztes ein.<br \/>\nVorsichtsma\u00dfnahmen<br \/>\nKonsultieren Sie vor der Anwendung von Lasixe Ihren Arzt, wenn Sie an einer Nierenerkrankung, Lebererkrankung, Gicht, Lupus, Diabetes oder einer Allergie gegen Sulfadrogen leiden. Vermeiden Sie eine Dehydrierung, da Lasix Sie h\u00e4ufiger urinieren l\u00e4sst. Brechen Sie die Einnahme des Arzneimittels nicht ab, auch wenn Sie sich gut f\u00fchlen, da Bluthochdruck oft keine Symptome verursacht. Vermeiden Sie die Einnahme des Arzneimittels, wenn Sie schwanger sind oder stillen.<br \/>\nKontraindikationen<br \/>\n\u00dcberempfindlichkeit, akutes Nierenversagen mit Anurie, schweres Leberversagen, Leberkoma und -pr\u00e4koma, Harnr\u00f6hrenstenose, akute Glomerulonephritis, Harnwegsobstruktion, Pr\u00e4koma, hyperglyk\u00e4misches Koma, Gicht, arterielle Hypotonie, Herzinfarkt, Pankreatitis und andere.<br \/>\nM\u00f6gliche Nebenwirkungen<br \/>\nWenden Sie sich an Ihren Arzt, wenn Sie Anzeichen einer Allergie oder eine der folgenden Beschwerden haben: Mundtrockenheit, Durst, \u00dcbelkeit, Erbrechen; Schw\u00e4che, Schl\u00e4frigkeit, Unruhe oder Benommenheit, schneller oder unregelm\u00e4\u00dfiger Herzschlag, Muskelschmerzen, selteneres oder ausbleibendes Wasserlassen, leichte Bluterg\u00fcsse oder Blutungen, roter, blasenbildender Hautausschlag, Haarausfall.<br \/>\nWechselwirkungen mit anderen Arzneimitteln<br \/>\nEs kann zu H\u00f6rsch\u00e4den kommen, wenn Lasix wird zusammen mit Aminoglykosid-Antibiotika (Gentamicin und andere) oder Edecrin, einem anderen Diuretikum, verabreicht. Die gleichzeitige Anwendung von Lasix und Aspirin kann zu hohen Aspirin-Blutspiegeln und einer Aspirin-Toxizit\u00e4t f\u00fchren. Lasix ist in der Lage, die Ausscheidung von Lithium \u00fcber die Nieren zu reduzieren. Sucralfat (Carafat) verringert die Wirkung von Lasix. Die Einnahme von Lasix und Sucralfat sollte im Abstand von zwei Stunden erfolgen.<br \/>\nVerpasste Dosis<br \/>\nDas Medikament wird manchmal zur einmaligen Anwendung verabreicht, sodass Sie keinen Dosierungsplan ben\u00f6tigen. Wenn Sie Lasix regelm\u00e4\u00dfig einnehmen und vergessen haben, eine Dosis einzunehmen, nehmen Sie es ein, sobald Sie daran denken. \u00dcberspringen Sie die vergessene Dosis, wenn es fast Zeit f\u00fcr die n\u00e4chste Einnahme ist. Nehmen Sie Ihren regul\u00e4ren Zeitplan wieder auf. Kompensieren Sie die vergessene Dosis nicht durch die Einnahme einer zus\u00e4tzlichen Dosis.<br \/>\n\u00dcberdosierung<br \/>\nBei Appetitlosigkeit, Ohrensausen, starker Schw\u00e4che, Schwindel, Verwirrtheit, Benommenheit oder Ohnmacht suchen Sie sofort einen Arzt auf.<br \/>\nAufbewahrung<br \/>\nFernhalten von Kinder bei Raumtemperatur an einem trockenen und dunklen Ort aufbewahren.<br \/>\nHaftungsausschluss<br \/>\nWir stellen nur allgemeine Informationen zu Medikamenten zur Verf\u00fcgung, die nicht alle Anwendungsgebiete, m\u00f6gliche Arzneimittelkombinationen oder Vorsichtsma\u00dfnahmen abdecken. Die Informationen auf der Website k\u00f6nnen nicht zur Selbstbehandlung und Selbstdiagnose verwendet werden. Spezifische Anweisungen f\u00fcr einen bestimmten Patienten sollten mit Ihrem Gesundheitsberater oder dem f\u00fcr den Fall zust\u00e4ndigen Arzt vereinbart werden. Wir lehnen die Zuverl\u00e4ssigkeit dieser Informationen und die darin enthaltenen Fehler ab. Wir haften nicht f\u00fcr direkte, indirekte, besondere oder sonstige indirekte Sch\u00e4den, die sich aus der Nutzung der Informationen auf dieser Website ergeben und auch nicht f\u00fcr Folgen der Selbstbehandlung.<\/p>\n","protected":false},"excerpt":{"rendered":"<p>Lasix Generic geh\u00f6rt zu einer Klasse von Diuretika und wird Patienten mit Schwellungen verschrieben, die durch Herzinsuffizienz verursacht werden.<\/p>\n","protected":false},"featured_media":7322,"comment_status":"open","ping_status":"closed","template":"","meta":[],"product_brand":[],"product_cat":[327],"product_tag":[],"class_list":{"0":"post-7333","1":"product","2":"type-product","3":"status-publish","4":"has-post-thumbnail","6":"product_cat-blutdruck-de","7":"pa_active_substance-furosemide","9":"first","10":"instock","11":"shipping-taxable","12":"product-type-simple"},"jetpack_sharing_enabled":true,"_links":{"self":[{"href":"https:\/\/www.pharmacy-content.com\/index.php?rest_route=\/wp\/v2\/product\/7333","targetHints":{"allow":["GET"]}}],"collection":[{"href":"https:\/\/www.pharmacy-content.com\/index.php?rest_route=\/wp\/v2\/product"}],"about":[{"href":"https:\/\/www.pharmacy-content.com\/index.php?rest_route=\/wp\/v2\/types\/product"}],"replies":[{"embeddable":true,"href":"https:\/\/www.pharmacy-content.com\/index.php?rest_route=%2Fwp%2Fv2%2Fcomments&post=7333"}],"wp:featuredmedia":[{"embeddable":true,"href":"https:\/\/www.pharmacy-content.com\/index.php?rest_route=\/wp\/v2\/media\/7322"}],"wp:attachment":[{"href":"https:\/\/www.pharmacy-content.com\/index.php?rest_route=%2Fwp%2Fv2%2Fmedia&parent=7333"}],"wp:term":[{"taxonomy":"product_brand","embeddable":true,"href":"https:\/\/www.pharmacy-content.com\/index.php?rest_route=%2Fwp%2Fv2%2Fproduct_brand&post=7333"},{"taxonomy":"product_cat","embeddable":true,"href":"https:\/\/www.pharmacy-content.com\/index.php?rest_route=%2Fwp%2Fv2%2Fproduct_cat&post=7333"},{"taxonomy":"product_tag","embeddable":true,"href":"https:\/\/www.pharmacy-content.com\/index.php?rest_route=%2Fwp%2Fv2%2Fproduct_tag&post=7333"}],"curies":[{"name":"wp","href":"https:\/\/api.w.org\/{rel}","templated":true}]}}