{"id":7225,"date":"2026-04-22T07:05:44","date_gmt":"2026-04-22T07:05:44","guid":{"rendered":""},"modified":"2026-04-22T07:05:59","modified_gmt":"2026-04-22T07:05:59","slug":"zithromax-5","status":"publish","type":"product","link":"https:\/\/www.pharmacy-content.com\/?product=zithromax-5&lang=es","title":{"rendered":"Zithromax"},"content":{"rendered":"<p>Propiedades<\/p>\n<p>Zithromax es un antibi\u00f3tico macr\u00f3lido semisint\u00e9tico qu\u00edmicamente relacionado a la eritromicina la cual es agente contra la mayor\u00eda de las especies de los microorganismos gram-positivos y gram-negativos tales como genus Staphylococcus; S. aureus, S. pneumoiane, S. pyogenes, S. agalactiae, Haemophilus influenzae y parainfluenzae, Moraxela catarrhalis, Bacteroides fragilis, Escherichia coli, Bordetella ssp., Borrelia burgdorferi, Haemophilus ducreui, Nisseria gonorrhoeae y Chlamidia trachomati. In vitro ha manifestado una actividad contra Legionella pneumophila, Mycoplasma pneumoiae ? hominis, Helicobacter pylori, Toxoplasma gondii, Ureaplasma urealiticum. En la calidad de un antibi\u00f3tico marc\u00f3lido Zithromax inhibe la s\u00edntesis de las prote\u00ednas bacteriales y previene el crecimiento y la propagaci\u00f3n baterial. Se emplea en el tratamiento de las infecciones de los \u00f3rganos respiratorios superiores e inferiores (tonsilitis, otitis, sinusitis, pulmon\u00eda), las infecciones urogenitales (uretritis, prostatitis, cervicitis, adnexitis provocados por clamidia, blenorragia, s\u00edfilis temprana), las infecciones intestinales, los \u00falceres g\u00e1stricos y duodenales.<\/p>\n<p>Posolog\u00eda y m\u00e9todo de administraci\u00f3n<\/p>\n<p>Se debe cumplir estrictamente con el horario de administraci\u00f3n prescrito incluso no se debe parar el tratamiento siquiera el paciente se sintiera mejor y si los s\u00edntomas se manifestaran menos fuertes salvo que se lo permitiera el m\u00e9dico en cargo. Tome el comprimido de Zithromax con un gran vaso de agua. Para el preparado de una suspensi\u00f3n l\u00edquida eche el contenido de un paquete en 62 gramos de agua, sacuda y t\u00f3melo en seguida. No se puede emplear la suspensi\u00f3n si se pasa m\u00e1s que 12 horas antes de la hora de administraci\u00f3n. Los comprimidos y la suspensi\u00f3n pueden tomarse con comida o en ayunas mientras que las c\u00e1psulas tienen que administrarse a est\u00f3mago vac\u00edo 2 horas antes o despu\u00e9s de la comida.<\/p>\n<p>Precauciones<\/p>\n<p>No se han comprobado ningunas manifestaciones de efecto adverso del Zithromax a un feto ni de su excreci\u00f3n en la leche materna. Esta medicaci\u00f3n se tiene que emplear en las pre\u00f1idas o en las madres lactantes exclusivamente cuando el beneficio anticipado predomina el riesgo potencial para el feto o el lactante.<\/p>\n<p>Contraindicaciones<\/p>\n<p>La hipersensibilidad manifestada al Zithromax y a las drogas relacionadas tales como azitromicina o eritromicina.<\/p>\n<p>Reacciones adversas posibles<\/p>\n<p>Entre las reacciones colaterales cabr\u00e1 mencionar la diarrhea o las defecaciones l\u00edquidas, los n\u00e1useas, el dolor en el est\u00f3mago y el v\u00f3mito, las palpitaciones irregulares, inapetencia, el color pardo de la orina, las heces del color de barro, la ictericia, la fiebre, la erupci\u00f3n, inflamaci\u00f3n de la piel, el dolor de la cabeza. En evento de enfrentarse con estos problemas en seguida llame al m\u00e9dico y av\u00edsele sobre los s\u00edntomas para obtener una atenci\u00f3n m\u00e9dica urgente.<\/p>\n<p>Interacci\u00f3n con otras medicaciones<\/p>\n<p>No se recomienda concomitar el Zithromax con los anti\u00e1cidos derivados del aluminio o magnesio tales como Mylanta o Maalox por su reteneci\u00f3n de la resorci\u00f3n intestinal.<\/p>\n<p>Dosis omitida<\/p>\n<p>Tome la dosis en seguida que recuerde de la omisi\u00f3n. Si ya es casi la hora para la pr\u00f3xima dosis simplemente descarte la omitida y siga con el horario de administraci\u00f3n anterior.<\/p>\n<p>Sobredosis<\/p>\n<p>Los s\u00edntomas de la sobredosis aparecen en forma de los n\u00e1useas, el v\u00f3mito, la diarrea y la sensaci\u00f3n mala en el est\u00f3mago. En este caso busque una asistencia m\u00e9dica inmediata.<\/p>\n<p>Almacenamiento<\/p>\n<p>Se debe almacenar a la temperatura ambiental entre 59-77 grados Fahrenheit (15-25 cent\u00edgrados) no las exponga a los rayos solares directos ni excesa humedad, gu\u00e1rdelas fuera del alcance de los ni\u00f1os y los animales dom\u00e9sticos. No conserve los preparados l\u00edquidos para m\u00e1s que 10 d\u00edas continuos.<\/p>\n<p>Descargo de responsabilidades <\/p>\n<p>Proveemos una informaci\u00f3n del car\u00e1cter general sobre los medicamentos sin intentar cubrir todas las recomendaciones, totalidad de los casos de interacci\u00f3n con otros medicamentos, tampoco todas las precauciones existentes. La informaci\u00f3n de la presente p\u00e1gina web no puede ser de utilidad en el autotratamiento ni el autodiagn\u00f3stico. Todas las recomendaciones espec\u00edficas para cada paciente individual deben arreglarse con el coordinador designado de la salud p\u00fablica o con el m\u00e9dico encargado del caso cl\u00ednico. Renunciamos de todas las responsabilidades por la fiabilidad del material provisto ni por errores que contenga. Nos descargamos de responsabilidad por los da\u00f1os, sean que sean directos, indirectos, espec\u00edficos o dem\u00e1s da\u00f1os que resulten de la aplicaci\u00f3n del contenido de la presente p\u00e1gina web ni que sean consecuencias del autotratamiento.<\/p>\n","protected":false},"excerpt":{"rendered":"<p>Zithromax es un antibi\u00f3tico macr\u00f3lido que se utiliza para tratar infecciones del tracto respiratorio superior e inferior, especialmente infecciones de o\u00eddo y neumon\u00eda.<\/p>\n","protected":false},"featured_media":7161,"comment_status":"open","ping_status":"closed","template":"","meta":[],"product_brand":[],"product_cat":[306],"product_tag":[],"class_list":{"0":"post-7225","1":"product","2":"type-product","3":"status-publish","4":"has-post-thumbnail","6":"product_cat-antibioticos-es","7":"pa_active_substance-azithromycin","9":"first","10":"instock","11":"shipping-taxable","12":"product-type-variable"},"jetpack_sharing_enabled":true,"_links":{"self":[{"href":"https:\/\/www.pharmacy-content.com\/index.php?rest_route=\/wp\/v2\/product\/7225","targetHints":{"allow":["GET"]}}],"collection":[{"href":"https:\/\/www.pharmacy-content.com\/index.php?rest_route=\/wp\/v2\/product"}],"about":[{"href":"https:\/\/www.pharmacy-content.com\/index.php?rest_route=\/wp\/v2\/types\/product"}],"replies":[{"embeddable":true,"href":"https:\/\/www.pharmacy-content.com\/index.php?rest_route=%2Fwp%2Fv2%2Fcomments&post=7225"}],"wp:featuredmedia":[{"embeddable":true,"href":"https:\/\/www.pharmacy-content.com\/index.php?rest_route=\/wp\/v2\/media\/7161"}],"wp:attachment":[{"href":"https:\/\/www.pharmacy-content.com\/index.php?rest_route=%2Fwp%2Fv2%2Fmedia&parent=7225"}],"wp:term":[{"taxonomy":"product_brand","embeddable":true,"href":"https:\/\/www.pharmacy-content.com\/index.php?rest_route=%2Fwp%2Fv2%2Fproduct_brand&post=7225"},{"taxonomy":"product_cat","embeddable":true,"href":"https:\/\/www.pharmacy-content.com\/index.php?rest_route=%2Fwp%2Fv2%2Fproduct_cat&post=7225"},{"taxonomy":"product_tag","embeddable":true,"href":"https:\/\/www.pharmacy-content.com\/index.php?rest_route=%2Fwp%2Fv2%2Fproduct_tag&post=7225"}],"curies":[{"name":"wp","href":"https:\/\/api.w.org\/{rel}","templated":true}]}}