{"id":6911,"date":"2026-04-22T07:04:36","date_gmt":"2026-04-22T07:04:36","guid":{"rendered":""},"modified":"2026-04-22T07:04:49","modified_gmt":"2026-04-22T07:04:49","slug":"cipro-4","status":"publish","type":"product","link":"https:\/\/www.pharmacy-content.com\/it\/product\/cipro-4\/","title":{"rendered":"Cipro"},"content":{"rendered":"<p>Indicazioni<\/p>\n<p>CIPROFLOXACINA \u00e8 un antibiotico chinolonico. Previene e ferma la crescita dei batteri. Viene usato nel trattamento di diverse infezioni, quali infezioni urinarie, della pelle, gastrointestinali e delle ossa. Non \u00e8 efficace nel trattamento di raffreddori, influenza e altre infezioni virali.<br \/>\nSpeciali avvertenze e precauzioni per l\u2019uso<\/p>\n<p>Prima di iniziare la somministrazione di Ciprofloxacina , avvisare il medico curante se una delle seguenti condizioni \u00e8 occorsa:<br \/>\nbambini con problemi articolari<br \/>\nmalattie cardiache<br \/>\nmalattie renali<br \/>\nmalattie epatiche<br \/>\ncrisi convulsive<br \/>\nipersensibilit\u00e0 o allergie alla ciprofloxacina, altri antibiotici e medicine, cibo, coloranti e conservanti<br \/>\ngravidanza o intenzione di rimanere incinta<br \/>\nallattamento<\/p>\n<p>Posologia e modo di somministrazione<\/p>\n<p>Le compresse vanno prese per via orale con acqua. Assumere la dose a intervalli regolari. Non superare le dosi consigliate. Finire la terapia prescritta anche se le condizioni dovessero migliorare. Non interrompere l&#8217;assunzione, senza aver consultato il medico curante.<\/p>\n<p>Si pu\u00f2 assumere il farmaco sia a stomaco vuoto che con cibo. Pu\u00f2 essere assunto con un pasto che contiene latticini e calcio, ma non pu\u00f2 essere assunto da solo con latticini, latte, yogurt e succhi di frutta arricchiti con calcio.<\/p>\n<p>La somministrazione del farmaco ai bambini va preventivamente discussa con il pediatra.<\/p>\n<p>Sovradosaggio:<\/p>\n<p>In caso di sovradosaggio si consiglia di ricorrere ai normali presidi di pronto soccorso.<\/p>\n<p>NOTA BENE:<\/p>\n<p>il farmaco \u00e8 prescritto per uso personale.<\/p>\n<p>Assunzione irregolare<\/p>\n<p>Evitare di saltare una dose. Se si dimentica di assumere la medicina all&#8217;ora solita, prenderla appena possibile. Non assumere la dose dimenticata se l&#8217;assunzione \u00e8 ravvicinata alla dose successiva. Non assumere due o pi\u00f9 dosi contemporaneamente.<\/p>\n<p>Interazioni<\/p>\n<p>Non assumere il farmaco contemporaneamente con:<br \/>\ncisapride<br \/>\ndroperidolo<br \/>\nterfenadina<br \/>\ntizanidina<\/p>\n<p>Altre interazioni medicamentose:<\/p>\n<p>antiacidi<br \/>\ncaffeina<br \/>\nciclosporina<br \/>\ndidanosina (ddl) soluzione orale e compresse<br \/>\nfarmaci per il diabete<br \/>\nantidolorifici, quali ibuprofene, naproxene<br \/>\nmetotressato<br \/>\nmultivitaminici<br \/>\nomeprazolo<br \/>\nfenitoina<br \/>\nprobenecid<br \/>\nsucralfati<br \/>\nteofillina<br \/>\nwarfarin<\/p>\n<p>La lista di cui sopra non \u00e8 esaustiva delle interazioni medicamentose. Contattare il medico curante e indicare i farmaci e medicamenti che si stanno assumendo e se si fuma o si fa consumo di bevande alcoliche e di droghe. Consultare il medico prima di iniziare con nuovi farmaci.<br \/>\nSpeciali avvertenze e precauzioni per l\u2019uso<\/p>\n<p>Avvertire il medico se i sintomi non dovessero migliorare.<\/p>\n<p>Nel caso di diarrea per pi\u00f9 di due giorni o nel caso di grave diarrea, avvertire il medico. Non assumere antidiarroici.<\/p>\n<p>Pu\u00f2 causare sonnolenza o vertigini. Si consiglia di non guidare, manovrare macchine o eseguire compiti che richiedono attenzione fino a quando non si conoscono gli effetti del farmaco. Non alzarsi o abbassarsi con movimenti bruschi, specialmente in pazienti anziani, per ridurre il rischio di svenimenti e vertigini.<\/p>\n<p>Pu\u00f2 aumentare la sensibilit\u00e0 al sole. Evitare l&#8217;esposizione al sole fino a quando non si conoscono le reazioni al farmaco. In caso di esposizione al sole, indossare indumenti che coprano gambe e braccia e cospargersi di crema solare. Evitare lampade e docce solari.<\/p>\n<p>Evitare l&#8217; assunzione di antiacidi e prodotti a base di alluminio, calcio, magnesio, ferro e zinco sei ore prima e nelle due ore successive all&#8217; assunzione del farmaco.<\/p>\n<p>Effetti indesiderati<\/p>\n<p>Consultare il medico curante il prima possibile se uno sei seguenti sintomi si dovesse manifestare:<br \/>\nreazioni allergiche quali rash cutanei, pruriti o orticaria, gonfiori della faccia, labbra e lingua<br \/>\ndisturbi respiratori<br \/>\nconfusione, allucinazioni, incubi<br \/>\nsensazione di avere la testa leggera, svenimento<br \/>\naritmia<br \/>\ndolore articolare, muscolare e dei tendini, gonfiore<br \/>\ndifficolt\u00e0 di minzione e minzione dolorosa<br \/>\narrossamenti, vesciche, secchezza o perdita di pelle, compreso l&#8217;interno della bocca<br \/>\ncrisi convulsive<br \/>\nformicolio, dolore, torpore, debolezza<\/p>\n<p>Altri effetti indesiderati, che non richiedono l\u2019immediata assistenza del medico, da riportare in caso di prolungato fastidio:<br \/>\ndiarrea<br \/>\nmal di stomaco, nausea<br \/>\nplacche in bocca, afte della bocca<\/p>\n<p>La lista di cui sopra non \u00e8 esaustiva degli effetti indesiderati.<\/p>\n<p>Speciali precauzioni per la conservazione<\/p>\n<p>Tenere fuori dalla portata dei bambini.<\/p>\n<p>Conservare a temperatura ambiente al di sotto dei 30\u00b0C. Tenere la confezione chiusa. Eliminare i farmaci scaduti negli appositi contenitori.<\/p>\n","protected":false},"excerpt":{"rendered":"<p>Cipro \u00e8 un antibiotico appartenente a una classe di farmaci di nome fluorochinoloni. \u00c8 usato per il trattamento di diverse tipologie d\u2019infezioni batteriche, ad es. l\u2019infiammazione della vescica.<\/p>\n","protected":false},"featured_media":6878,"comment_status":"open","ping_status":"closed","template":"","meta":[],"product_brand":[],"product_cat":[303],"product_tag":[],"class_list":{"0":"post-6911","1":"product","2":"type-product","3":"status-publish","4":"has-post-thumbnail","6":"product_cat-antibiotici-it","7":"pa_active_substance-ciprofloxacin","9":"first","10":"instock","11":"shipping-taxable","12":"product-type-variable"},"jetpack_sharing_enabled":true,"_links":{"self":[{"href":"https:\/\/www.pharmacy-content.com\/wp-json\/wp\/v2\/product\/6911","targetHints":{"allow":["GET"]}}],"collection":[{"href":"https:\/\/www.pharmacy-content.com\/wp-json\/wp\/v2\/product"}],"about":[{"href":"https:\/\/www.pharmacy-content.com\/wp-json\/wp\/v2\/types\/product"}],"replies":[{"embeddable":true,"href":"https:\/\/www.pharmacy-content.com\/wp-json\/wp\/v2\/comments?post=6911"}],"wp:featuredmedia":[{"embeddable":true,"href":"https:\/\/www.pharmacy-content.com\/wp-json\/wp\/v2\/media\/6878"}],"wp:attachment":[{"href":"https:\/\/www.pharmacy-content.com\/wp-json\/wp\/v2\/media?parent=6911"}],"wp:term":[{"taxonomy":"product_brand","embeddable":true,"href":"https:\/\/www.pharmacy-content.com\/wp-json\/wp\/v2\/product_brand?post=6911"},{"taxonomy":"product_cat","embeddable":true,"href":"https:\/\/www.pharmacy-content.com\/wp-json\/wp\/v2\/product_cat?post=6911"},{"taxonomy":"product_tag","embeddable":true,"href":"https:\/\/www.pharmacy-content.com\/wp-json\/wp\/v2\/product_tag?post=6911"}],"curies":[{"name":"wp","href":"https:\/\/api.w.org\/{rel}","templated":true}]}}