{"id":6740,"date":"2026-04-22T07:03:59","date_gmt":"2026-04-22T07:03:59","guid":{"rendered":""},"modified":"2026-04-22T07:04:01","modified_gmt":"2026-04-22T07:04:01","slug":"augmentin-10","status":"publish","type":"product","link":"https:\/\/www.pharmacy-content.com\/?product=augmentin-10&lang=cs","title":{"rendered":"Augmentin"},"content":{"rendered":"<p>B\u011b\u017en\u00e9 pou\u017eit\u00ed<br \/>\nJedn\u00e1 se o \u0161irokospektr\u00e1ln\u00ed antibiotikum, kter\u00e9 ni\u010d\u00ed bakterie. Je aktivn\u00ed proti mnoha aerobn\u00edm (vyv\u00edjej\u00edc\u00edm se za p\u0159\u00edtomnosti kysl\u00edku) a anaerobn\u00edm (vyv\u00edjej\u00edc\u00edm se za nep\u0159\u00edtomnosti kysl\u00edku) gram-pozitivn\u00edm a aerobn\u00edm gram-negativn\u00edm mikroorganism\u016fm, v\u010detn\u011b kmen\u016f, kter\u00e9 produkuj\u00ed beta-laktam\u00e1zu (enzym, kter\u00fd ni\u010d\u00ed penicilin). Drasl\u00edk klavulan\u00e1t, obsa\u017een\u00fd v t\u00e9to medikaci, zaji\u0161\u0165uje odolnost Augmentinu proti aktivit\u011b bakteri\u00e1ln\u00edch beta-laktam\u00e1z. Tato medikace se pou\u017e\u00edv\u00e1 k l\u00e9\u010db\u011b pneumonie a dal\u0161\u00edch infek\u010dn\u00edch onemocn\u011bn\u00ed d\u00fdchac\u00edch a tr\u00e1vic\u00edch syst\u00e9m\u016f, urogenit\u00e1ln\u00edch syst\u00e9m\u016f, infekc\u00ed, kter\u00e9 se objevuj\u00ed po operaci, a dal\u0161\u00edch.<\/p>\n<p>D\u00e1vkov\u00e1n\u00ed a pokyny<br \/>\nD\u00e1vky se pod\u00e1vaj\u00ed individu\u00e1ln\u011b v z\u00e1vislosti na va\u0161em stavu, lokalizaci infekce a citlivosti patogenu. Nepou\u017e\u00edvejte v v\u011bt\u0161\u00edch mno\u017estv\u00edch nebo po del\u0161\u00ed dobu, ne\u017e je doporu\u010deno. Polkn\u011bte celou tabletu. Pokud jde o \u017ev\u00fdkac\u00ed tabletu Augmentin, pak ji p\u0159ed polknut\u00edm \u017ev\u00fdkejte. Augmentin by m\u011bl b\u00fdt u\u017e\u00edv\u00e1n v pravideln\u00fdch intervalech.<\/p>\n<p>Opat\u0159en\u00ed<br \/>\nNepou\u017e\u00edvejte, pokud jste alergi\u010dt\u00ed na jak\u00e9koli jin\u00e9 penicilinov\u00e9 antibiotikum, m\u00e1te selh\u00e1n\u00ed jater nebo ledvin, nebo mononukle\u00f3zu.<\/p>\n<p>Kontraindikace<br \/>\nNepou\u017e\u00edvejte l\u00e9k, pokud m\u00e1te alergii na jeho slo\u017eky nebo na jin\u00e9 penicilinov\u00e9 antibiotikum, m\u00e1te infek\u010dn\u00ed mononukle\u00f3zu, anamn\u00e9zu jatern\u00edch probl\u00e9m\u016f nebo \u017eloutenku zp\u016fsobenou Augmentinem.<\/p>\n<p>Mo\u017en\u00e9 vedlej\u0161\u00ed \u00fa\u010dinky<br \/>\nDyspepsie, nepohodl\u00ed v b\u0159i\u0161e, nad\u00fdm\u00e1n\u00ed, plynatost, nevolnost, zvracen\u00ed, poruchy funkce jater, hepatitida, \u017eloutenka zp\u016fsoben\u00e1 zadr\u017een\u00edm \u017elu\u010di, vagin\u00e1ln\u00ed sv\u011bd\u011bn\u00ed a tak\u00e9 p\u0159\u00edznaky alergie (kop\u0159ivka, vyr\u00e1\u017eka, otok). Opatrnost by m\u011bla b\u00fdt v\u011bnov\u00e1na pacient\u016fm se selh\u00e1n\u00edm jater. Medikace se nedoporu\u010duje pro t\u011bhotn\u00e9 (zejm\u00e9na ve t\u0159et\u00edm trimestru) a koj\u00edc\u00ed \u017eeny.<\/p>\n<p>Interakce s l\u00e9ky<br \/>\nL\u00e9\u010dba Augmentinem a jin\u00fdmi antibiotiky m\u016f\u017ee zm\u011bnit norm\u00e1ln\u00ed bakteri\u00e1ln\u00ed fl\u00f3ru tlust\u00e9ho st\u0159eva a umo\u017enit p\u0159emno\u017een\u00ed C. difficile, bakterie, kter\u00e1 zp\u016fsobuje pseudomembran\u00f3zn\u00ed kolitidu. Probenecid, kter\u00fd se pou\u017e\u00edv\u00e1 k l\u00e9\u010db\u011b dny, m\u016f\u017ee zpomalit vylu\u010dov\u00e1n\u00ed Augmentinu ledvinami a zp\u016fsobit zv\u00fd\u0161en\u00ed jeho toxicity.<\/p>\n<p>Zme\u0161kan\u00e1 d\u00e1vka<br \/>\nPokud jste zapomn\u011bli d\u00e1vku, u\u017eijte ji, jakmile si vzpomenete, ale ne, pokud je t\u00e9m\u011b\u0159 \u010das na dal\u0161\u00ed p\u0159\u00edjem podle va\u0161eho pl\u00e1nu. Pokud ano, vynechte zme\u0161kanou d\u00e1vku. Nesna\u017ete se kompenzovat zme\u0161kanou d\u00e1vku u\u017eit\u00edm dal\u0161\u00ed.<\/p>\n<p>P\u0159ed\u00e1vkov\u00e1n\u00ed<br \/>\nPokud se domn\u00edv\u00e1te, \u017ee jste vzali p\u0159\u00edli\u0161 mnoho Augmentinu a m\u00e1te p\u0159\u00edznaky jako nevolnost, zvracen\u00ed, bolest b\u0159icha, pr\u016fjem, ko\u017en\u00ed vyr\u00e1\u017eku, ospalost a hyperaktivitu, vyhledejte okam\u017eitou l\u00e9ka\u0159skou pomoc.<\/p>\n<p>Skladov\u00e1n\u00ed<br \/>\nSkladujte p\u0159i pokojov\u00e9 teplot\u011b 59-86\u00b0F (15-30\u00b0C) mimo sv\u011btlo a vlhkost.<\/p>\n<p>Z\u0159eknut\u00ed se odpov\u011bdnosti<br \/>\nPoskytujeme pouze obecn\u00e9 informace o l\u00e9c\u00edch, kter\u00e9 nepokr\u00fdvaj\u00ed v\u0161echny pokyny, mo\u017en\u00e9 interakce l\u00e9k\u016f nebo opat\u0159en\u00ed. Informace na tomto webu nemohou b\u00fdt pou\u017eity pro vlastn\u00ed l\u00e9\u010dbu a sebehodnocen\u00ed. Jak\u00e9koli konkr\u00e9tn\u00ed pokyny pro konkr\u00e9tn\u00edho pacienta by m\u011bly b\u00fdt dohodnuty s va\u0161\u00edm zdravotn\u00edm poradcem nebo l\u00e9ka\u0159em odpov\u011bdn\u00fdm za p\u0159\u00edpad. Z\u0159ek\u00e1me se spolehlivosti t\u011bchto informac\u00ed a jak\u00fdchkoli chyb, kter\u00e9 by mohly obsahovat. Neodpov\u00edd\u00e1me za \u017e\u00e1dn\u00e9 p\u0159\u00edm\u00e9, nep\u0159\u00edm\u00e9, zvl\u00e1\u0161tn\u00ed nebo jin\u00e9 nep\u0159\u00edm\u00e9 \u0161kody v d\u016fsledku jak\u00e9hokoli pou\u017eit\u00ed informac\u00ed na tomto webu a tak\u00e9 za d\u016fsledky samol\u00e9\u010dby.<\/p>\n","protected":false},"excerpt":{"rendered":"<p>Augmentin Generic je indikov\u00e1n k l\u00e9\u010db\u011b bakteri\u00e1ln\u00edch infekc\u00ed doln\u00edch cest d\u00fdchac\u00edch, z\u00e1n\u011btu st\u0159edn\u00edho ucha, sinusitidy, ko\u017en\u00edch infekc\u00ed a infekc\u00ed mo\u010dov\u00fdch cest.<\/p>\n","protected":false},"featured_media":6686,"comment_status":"open","ping_status":"closed","template":"","meta":[],"product_brand":[],"product_cat":[321],"product_tag":[],"class_list":{"0":"post-6740","1":"product","2":"type-product","3":"status-publish","4":"has-post-thumbnail","6":"product_cat-antibiotika-cs","7":"pa_active_substance-amoxicillin","8":"pa_active_substance-clavulanate","10":"first","11":"instock","12":"shipping-taxable","13":"product-type-variable"},"jetpack_sharing_enabled":true,"_links":{"self":[{"href":"https:\/\/www.pharmacy-content.com\/index.php?rest_route=\/wp\/v2\/product\/6740","targetHints":{"allow":["GET"]}}],"collection":[{"href":"https:\/\/www.pharmacy-content.com\/index.php?rest_route=\/wp\/v2\/product"}],"about":[{"href":"https:\/\/www.pharmacy-content.com\/index.php?rest_route=\/wp\/v2\/types\/product"}],"replies":[{"embeddable":true,"href":"https:\/\/www.pharmacy-content.com\/index.php?rest_route=%2Fwp%2Fv2%2Fcomments&post=6740"}],"wp:featuredmedia":[{"embeddable":true,"href":"https:\/\/www.pharmacy-content.com\/index.php?rest_route=\/wp\/v2\/media\/6686"}],"wp:attachment":[{"href":"https:\/\/www.pharmacy-content.com\/index.php?rest_route=%2Fwp%2Fv2%2Fmedia&parent=6740"}],"wp:term":[{"taxonomy":"product_brand","embeddable":true,"href":"https:\/\/www.pharmacy-content.com\/index.php?rest_route=%2Fwp%2Fv2%2Fproduct_brand&post=6740"},{"taxonomy":"product_cat","embeddable":true,"href":"https:\/\/www.pharmacy-content.com\/index.php?rest_route=%2Fwp%2Fv2%2Fproduct_cat&post=6740"},{"taxonomy":"product_tag","embeddable":true,"href":"https:\/\/www.pharmacy-content.com\/index.php?rest_route=%2Fwp%2Fv2%2Fproduct_tag&post=6740"}],"curies":[{"name":"wp","href":"https:\/\/api.w.org\/{rel}","templated":true}]}}