{"id":6704,"date":"2026-04-22T07:03:52","date_gmt":"2026-04-22T07:03:52","guid":{"rendered":""},"modified":"2026-04-22T07:04:01","modified_gmt":"2026-04-22T07:04:01","slug":"augmentin-4","status":"publish","type":"product","link":"https:\/\/www.pharmacy-content.com\/?product=augmentin-4&lang=it","title":{"rendered":"Augmentin"},"content":{"rendered":"<p>Uso comune<br \/>\n\u00c8 un antibiotico ad ampio spettro che distrugge i batteri. \u00c8 attivo contro molti microrganismi aerobi (quelli che si sviluppano in presenza di ossigeno) e anaerobici (quelli che si sviluppano in assenza di ossigeno) gram-positivi e aerobi gram-negativi, compresi i ceppi che producono beta-lattamasi (l&#8217;enzima che distrugge la penicillina) . Il clavulanato di potassio, contenuto nel contenuto di questo medicinale, conferisce resistenza ad Augmentin all&#8217;attivit\u00e0 delle beta-lattamasi batteriche. Questo farmaco \u00e8 usato per trattare la polmonite e altre malattie infettive dell&#8217;apparato respiratorio, gastrointestinale, urogenitale, infezioni che compaiono dopo un intervento chirurgico e altre.<\/p>\n<p>Dosaggio e indicazioni<br \/>\nLe dosi vengono somministrate individualmente a seconda delle condizioni, della localizzazione del infezione e suscettibilit\u00e0 dell\u2019agente patogeno. Non prenderlo in quantit\u00e0 maggiori o per un periodo pi\u00f9 lungo di quanto raccomandato. Deglutire l&#8217;intera compressa. Se si tratta della compressa masticabile di Augmentin, masticarla prima di deglutire. Augmentin deve essere assunto a intervalli regolari.<\/p>\n<p>Precauzioni<br \/>\nNon usare se si \u00e8 allergici a qualsiasi altro antibiotico penicillinico, si soffre di insufficienza epatica o renale o di mononucleosi.<\/p>\n<p>Controindicazioni<br \/>\nNon usare il medicinale se si soffre di allergia ai suoi componenti o ad un altro antibiotico penicillinico, si soffre di mononucleosi infettiva, una storia di problemi al fegato o ingiallimento degli occhi o della pelle causato da Augmentin.<\/p>\n<p>Possibili effetti collaterali<br \/>\nDispepsia, disturbi addominali, gonfiore, gas, nausea, vomito , disturbi della funzionalit\u00e0 epatica, epatite, ittero causato dal ristagno della bile, prurito vaginale e anche sintomi di allergia (orticaria, eruzioni cutanee, gonfiore). \u00c8 necessario prestare cautela nei pazienti con insufficienza epatica. Il farmaco non \u00e8 raccomandato per le donne in gravidanza (soprattutto nel terzo trimestre) e che allattano.<\/p>\n<p>Interazione farmacologica<br \/>\nIl trattamento con Augmentin e altri antibiotici pu\u00f2 modificare la normale flora batterica del colon e consentire la crescita eccessiva di C. difficile, un batterio che provoca colite pseudomembranosa. Il Probenecid, utilizzato per trattare la gotta, pu\u00f2 rallentare l&#8217;escrezione di Augmentin da parte dei reni e comportare un aumento della sua tossicit\u00e0.<\/p>\n<p>Dose saltata<br \/>\nSe avete dimenticato una dose, prendetela non appena se ne ricorda, ma non se \u00e8 stata dimenticata. \u00e8 quasi l&#8217;ora della prossima assunzione secondo il tuo programma. Se \u00e8 cos\u00ec, salti la dose dimenticata. Non cercare di compensare la dose dimenticata prendendone una extra.<\/p>\n<p>Sovradosaggio<br \/>\nSe ritieni di aver preso troppo Augmentin e avverti sintomi quali nausea, vomito, mal di stomaco, diarrea, eruzione cutanea, sonnolenza e iperattivit\u00e0, richiedere assistenza medica immediata.<\/p>\n<p>Conservazione<br \/>\nConservare a temperatura ambiente di 15-30\u00b0C (59-86\u00b0F) lontano dalla luce e dall&#8217;umidit\u00e0.<\/p>\n<p>Esonero di responsabilit\u00e0<br \/>\nForniamo solo informazioni generali sui farmaci che non non coprire tutte le indicazioni, le possibili interazioni farmacologiche o le precauzioni. Le informazioni presenti sul sito non possono essere utilizzate per l&#8217;autotrattamento e l&#8217;autodiagnosi. Eventuali istruzioni specifiche per un particolare paziente devono essere concordate con il proprio consulente sanitario o medico incaricato del caso. Decliniamo l&#8217;affidabilit\u00e0 di queste informazioni e gli eventuali errori che potrebbero contenere. Non siamo responsabili per eventuali danni diretti, indiretti, speciali o altri danni indiretti derivanti dall&#8217;uso delle informazioni contenute in questo sito e anche per le conseguenze dell&#8217;autotrattamento.<\/p>\n","protected":false},"excerpt":{"rendered":"<p>Augmentin Generico \u00e8 indicato nel trattamento delle infezioni batteriche delle basse vie respiratorie, dell&#8217;otite media, delle sinusiti cutanee e delle infezioni delle vie urinarie.<\/p>\n","protected":false},"featured_media":6686,"comment_status":"open","ping_status":"closed","template":"","meta":[],"product_brand":[],"product_cat":[303],"product_tag":[],"class_list":{"0":"post-6704","1":"product","2":"type-product","3":"status-publish","4":"has-post-thumbnail","6":"product_cat-antibiotici-it","7":"pa_active_substance-amoxicillin","8":"pa_active_substance-clavulanate","10":"first","11":"instock","12":"shipping-taxable","13":"product-type-variable"},"jetpack_sharing_enabled":true,"_links":{"self":[{"href":"https:\/\/www.pharmacy-content.com\/index.php?rest_route=\/wp\/v2\/product\/6704","targetHints":{"allow":["GET"]}}],"collection":[{"href":"https:\/\/www.pharmacy-content.com\/index.php?rest_route=\/wp\/v2\/product"}],"about":[{"href":"https:\/\/www.pharmacy-content.com\/index.php?rest_route=\/wp\/v2\/types\/product"}],"replies":[{"embeddable":true,"href":"https:\/\/www.pharmacy-content.com\/index.php?rest_route=%2Fwp%2Fv2%2Fcomments&post=6704"}],"wp:featuredmedia":[{"embeddable":true,"href":"https:\/\/www.pharmacy-content.com\/index.php?rest_route=\/wp\/v2\/media\/6686"}],"wp:attachment":[{"href":"https:\/\/www.pharmacy-content.com\/index.php?rest_route=%2Fwp%2Fv2%2Fmedia&parent=6704"}],"wp:term":[{"taxonomy":"product_brand","embeddable":true,"href":"https:\/\/www.pharmacy-content.com\/index.php?rest_route=%2Fwp%2Fv2%2Fproduct_brand&post=6704"},{"taxonomy":"product_cat","embeddable":true,"href":"https:\/\/www.pharmacy-content.com\/index.php?rest_route=%2Fwp%2Fv2%2Fproduct_cat&post=6704"},{"taxonomy":"product_tag","embeddable":true,"href":"https:\/\/www.pharmacy-content.com\/index.php?rest_route=%2Fwp%2Fv2%2Fproduct_tag&post=6704"}],"curies":[{"name":"wp","href":"https:\/\/api.w.org\/{rel}","templated":true}]}}