{"id":6469,"date":"2026-04-22T07:02:53","date_gmt":"2026-04-22T07:02:53","guid":{"rendered":""},"modified":"2026-04-22T07:03:01","modified_gmt":"2026-04-22T07:03:01","slug":"lovegra-7","status":"publish","type":"product","link":"https:\/\/www.pharmacy-content.com\/?product=lovegra-7&lang=pt","title":{"rendered":"Lovegra"},"content":{"rendered":"<p>Uso comum<br \/>\nA disfun\u00e7\u00e3o sexual em mulheres \u00e9 caracterizada por falta de desejo, excita\u00e7\u00e3o ou orgasmo. Lovegra ajuda a aumentar a libido nas mulheres, aumenta a recorda\u00e7\u00e3o sexual, a sensibilidade \u00e0 estimula\u00e7\u00e3o, promove cl\u00edmax extraordin\u00e1rios e m\u00faltiplos, lubrifica\u00e7\u00e3o natural perfeita. Atua aumentando o fluxo sangu\u00edneo genital necess\u00e1rio e a complac\u00eancia vaginal, resultando em prazer intensificado durante o ato sexual.<\/p>\n<p>Dosagem e orienta\u00e7\u00e3o<br \/>\nTome por via oral, o efeito aparece 45 minutos ap\u00f3s a ingest\u00e3o e continua de 4 a 6 horas. N\u00e3o exceda a dose recomendada para evitar o agravamento dos efeitos colaterais.<\/p>\n<p>Precau\u00e7\u00f5es<br \/>\nEste medicamento \u00e9 eficaz em mulheres com menos de 50 anos. fazer uma histerectomia e menopausa. Consulte o seu m\u00e9dico se estiver gr\u00e1vida ou amamentando antes de tomar Lovegra.<\/p>\n<p>Contra-indica\u00e7\u00e3o<br \/>\nN\u00e3o tome este medicamento se tiver hipersensibilidade a ele.<\/p>\n<p>Poss\u00edveis efeitos colaterais<br \/>\nEste medicamento \u00e9 geralmente bem tolerado, mas alguns indiv\u00edduos podem apresentar rubor facial. ; dor de est\u00f4mago; sensibilidade \u00e0 luz; n\u00e1usea. Procure atendimento m\u00e9dico de emerg\u00eancia imediatamente se ocorrer algum efeito colateral grave.<\/p>\n<p>Intera\u00e7\u00e3o medicamentosa<br \/>\nLovegra demonstrou potencializar os efeitos hipotensores dos nitratos e sua administra\u00e7\u00e3o a pacientes que usam nitratos org\u00e2nicos, regularmente e\/ou intermitentemente, em qualquer forma \u00e9, portanto, contra-indicado.<\/p>\n<p>Dose esquecida<br \/>\nTome a dose esquecida assim que se lembrar. Se estiver quase na hora da pr\u00f3xima dose, simplesmente pule-a e retorne ao seu esquema regular.<\/p>\n<p>Sobredosagem<br \/>\n\u00c9 necess\u00e1ria aten\u00e7\u00e3o m\u00e9dica imediata em caso de overdose do medicamento.<\/p>\n<p>Armazenamento<br \/>\nLovegra deve ser armazenado em temperatura ambiente , entre 36-86 graus F em um recipiente fechado.<\/p>\n<p>Isen\u00e7\u00e3o de responsabilidade<br \/>\nFornecemos apenas informa\u00e7\u00f5es gerais sobre medicamentos que n\u00e3o cobrem todas as instru\u00e7\u00f5es, poss\u00edveis integra\u00e7\u00f5es de medicamentos ou precau\u00e7\u00f5es. As informa\u00e7\u00f5es do site n\u00e3o podem ser utilizadas para autotratamento e autodiagn\u00f3stico. Quaisquer instru\u00e7\u00f5es espec\u00edficas para um determinado paciente devem ser acordadas com o seu conselheiro de sa\u00fade ou m\u00e9dico respons\u00e1vel pelo caso. N\u00f3s nos isentamos da confiabilidade dessas informa\u00e7\u00f5es e dos erros que elas possam conter. N\u00e3o somos respons\u00e1veis por quaisquer danos diretos, indiretos, especiais ou outros danos indiretos resultantes de qualquer uso das informa\u00e7\u00f5es deste site e tamb\u00e9m pelas consequ\u00eancias do autotratamento.<\/p>\n","protected":false},"excerpt":{"rendered":"<p>Lovegra Generic \u00e9 Sildenafil e \u00e9 administrado a mulheres para aumentar o fluxo sangu\u00edneo genital, a fim de obter conformidade vaginal e aumentar a libido nas mulheres.<\/p>\n","protected":false},"featured_media":6433,"comment_status":"open","ping_status":"closed","template":"","meta":[],"product_brand":[],"product_cat":[252],"product_tag":[],"class_list":{"0":"post-6469","1":"product","2":"type-product","3":"status-publish","4":"has-post-thumbnail","6":"product_cat-disfuncao-sexual-pt","7":"pa_active_substance-sildenafil","9":"first","10":"instock","11":"shipping-taxable","12":"product-type-simple"},"jetpack_sharing_enabled":true,"_links":{"self":[{"href":"https:\/\/www.pharmacy-content.com\/index.php?rest_route=\/wp\/v2\/product\/6469","targetHints":{"allow":["GET"]}}],"collection":[{"href":"https:\/\/www.pharmacy-content.com\/index.php?rest_route=\/wp\/v2\/product"}],"about":[{"href":"https:\/\/www.pharmacy-content.com\/index.php?rest_route=\/wp\/v2\/types\/product"}],"replies":[{"embeddable":true,"href":"https:\/\/www.pharmacy-content.com\/index.php?rest_route=%2Fwp%2Fv2%2Fcomments&post=6469"}],"wp:featuredmedia":[{"embeddable":true,"href":"https:\/\/www.pharmacy-content.com\/index.php?rest_route=\/wp\/v2\/media\/6433"}],"wp:attachment":[{"href":"https:\/\/www.pharmacy-content.com\/index.php?rest_route=%2Fwp%2Fv2%2Fmedia&parent=6469"}],"wp:term":[{"taxonomy":"product_brand","embeddable":true,"href":"https:\/\/www.pharmacy-content.com\/index.php?rest_route=%2Fwp%2Fv2%2Fproduct_brand&post=6469"},{"taxonomy":"product_cat","embeddable":true,"href":"https:\/\/www.pharmacy-content.com\/index.php?rest_route=%2Fwp%2Fv2%2Fproduct_cat&post=6469"},{"taxonomy":"product_tag","embeddable":true,"href":"https:\/\/www.pharmacy-content.com\/index.php?rest_route=%2Fwp%2Fv2%2Fproduct_tag&post=6469"}],"curies":[{"name":"wp","href":"https:\/\/api.w.org\/{rel}","templated":true}]}}