{"id":6136,"date":"2026-04-22T07:00:48","date_gmt":"2026-04-22T07:00:48","guid":{"rendered":""},"modified":"2026-04-22T07:01:04","modified_gmt":"2026-04-22T07:01:04","slug":"priligy-3","status":"publish","type":"product","link":"https:\/\/www.pharmacy-content.com\/?product=priligy-3&lang=fr","title":{"rendered":"Priligy"},"content":{"rendered":"<p>ADMINISTRATION<\/p>\n<p>Utilisez Dapoxetine comme est indiqu\u00e9 par votre m\u00e9decin.<\/p>\n<p>Prenez Dapoxetine par voie orale avec un verre d&#8217;eau.<\/p>\n<p>Dapoxetine est habituellement prise une heure avant le rapport sexuel.<\/p>\n<p>Ne prenez pas plus que la dose recommand\u00e9e ou plus souvent qu&#8217;une fois par jour.<\/p>\n<p>DOSAGE<\/p>\n<p>Pour la plupart des patients, la dose initiale est de 60 mg. Votre m\u00e9decin peut vous prescrire Dapoxetine 30 mg ou 60 mg, alors que certains patients peuvent avoir besoin de Dapoxetine 120 mg s&#8217;ils n&#8217;ont pas r\u00e9pondus \u00e0 l&#8217;original.<\/p>\n<p>Demandez \u00e0 votre m\u00e9decin toutes les questions que vous pouvez avoir \u00e0 propos de l&#8217;utilisation de Dapoxetine.<\/p>\n<p>CONSERVATION<\/p>\n<p>Ce m\u00e9dicament doit \u00eatre conserv\u00e9 \u00e0 la temp\u00e9rature ambiante loin de la chaleur, de la lumi\u00e8re et de l&#8217;humidit\u00e9. Gardez ce m\u00e9dicament hors de la port\u00e9e des enfants.<\/p>\n<p>INFORMATION ADDITIVE:<\/p>\n<p>Ingr\u00e9dient actif: chlorhydrate de Dapoxetine.<\/p>\n<p>RENSEIGNEMENTS DE S\u00c9CURIT\u00c9<\/p>\n<p>N&#8217;utilisez pas Dapoxetine si:<\/p>\n<p>vous \u00eates allergique \u00e0 un ingr\u00e9dient de Dapoxetine<\/p>\n<p>vous avez \u00e9t\u00e9 inform\u00e9 par votre m\u00e9decin d&#8217;\u00e9viter toute activit\u00e9 sexuelle \u00e0 cause de probl\u00e8mes cardiaques<\/p>\n<p>vous prenez des nitrates (par exemple, l&#8217;isosorbide, nitroglyc\u00e9rine) sous une forme diff\u00e9rente (par exemple, le comprim\u00e9, la g\u00e9lule, la pommade) ou nitroprusside<\/p>\n<p>vous utilisez certaines m\u00e9dicaments r\u00e9cr\u00e9ationnels appel\u00e9s &#8216;poppers&#8217; (par exemple, le nitrate amylique ou le nitrite, le nitrate de butyle ou de nitrite).<\/p>\n<p>Contactez votre m\u00e9decin imm\u00e9diatement si l&#8217;un de ces cas s&#8217;applique \u00e0 vous.<\/p>\n<p>Certaines conditions m\u00e9dicales peuvent interagir avec Dapoxetine. Dites \u00e0 votre m\u00e9decin ou votre pharmacien si vous avez des conditions m\u00e9dicales, surtout si une des conditions suivantes s&#8217;applique \u00e0 vous:<\/p>\n<p>si vous prenez une ordonnance ou un m\u00e9dicament en vente libre, une pr\u00e9paration d&#8217;herbes ou un suppl\u00e9ment alimentaire<\/p>\n<p>si vous avez les allergies aux m\u00e9dicaments, aliments ou autres substances<\/p>\n<p>si votre p\u00e9nis est d\u00e9form\u00e9 (par exemple, la maladie de Peyronie), si vous avez les probl\u00e8mes de cellules sanguines (par exemple, la leuc\u00e9mie, l&#8217;an\u00e9mie falciforme) ou toute autre condition qui peut augmenter le risque d&#8217;\u00e9rection prolong\u00e9e (le priapisme)<\/p>\n<p>si vous avez des ant\u00e9c\u00e9dents d&#8217;\u00e9rection prolong\u00e9e (plus de 4 heures) ou douloureuse (le priapisme)<\/p>\n<p>si vous avez des ant\u00e9c\u00e9dents de probl\u00e8mes h\u00e9patiques ou r\u00e9naux, la pression art\u00e9rielle \u00e9lev\u00e9e ou basse, les ulc\u00e8res, les probl\u00e8mes d&#8217;h\u00e9morragie, les probl\u00e8mes cardiaques (par exemple, l&#8217;insuffisance cardiaque, le rythme cardiaque irr\u00e9gulier), ou les probl\u00e8mes de vaisseaux sanguins<\/p>\n<p>si vous avez des ant\u00e9c\u00e9dents de crise cardiaque, l&#8217;accident vasculaire c\u00e9r\u00e9bral, le rythme cardiaque irr\u00e9gulier, en particulier au cours des 6 derniers mois.<\/p>\n<p>Certains m\u00e9dicaments peuvent interagir avec Dapoxetine. Dites \u00e0 votre m\u00e9decin si vous prendre d&#8217;autres m\u00e9dicaments, en particulier un des \u00e9l\u00e9ments suivants:<\/p>\n<p>Les alpha-bloquants (par exemple, la doxazosine), les m\u00e9dicaments pour l&#8217;hypertension art\u00e9rielle, les nitrates (par exemple, l&#8217;isosorbide, la nitroglyc\u00e9rine), ou nitroprussiate car une pression art\u00e9rielle basse avec l&#8217;\u00e9tourdissement, le vertige et l&#8217;\u00e9vanouissement peut se produire.<\/p>\n<p>Les antifongiques de type azole (par exemple, itraconazole, ketoconazole), les antagonistes de H2 (par exemple, cimetidine), les inhibiteurs de prot\u00e9ase du VIH (par exemple, ritonavir, saquinavir), les antibiotiques macrolides (par exemple, \u00e9rythromycine), les analg\u00e9siques narcotiques (par exemple, dihydrocod\u00e9ine), ou t\u00e9lithromycine, car ils peuvent augmenter le risque d&#8217;effets secondaires de Dapoxetine<\/p>\n<p>Bosentan ou rifampin, car il peut diminuer l&#8217;efficacit\u00e9 de Dapoxetine.<\/p>\n<p>Ce n&#8217;est pas une liste compl\u00e8te de toutes les interactions qui peuvent se produire. Demandez \u00e0 votre m\u00e9decin si Dapoxetine peut interagir avec d&#8217;autres m\u00e9dicaments que vous prenez. Consultez votre m\u00e9decin avant de commencer, abandonner ou modifier la dose de tout m\u00e9dicament.<\/p>\n<p>Information de s\u00e9curit\u00e9 importante:<\/p>\n<p>Dapoxetine peut causer le vertige, la somnolence, l&#8217;\u00e9vanouissement, ou une vision floue. Ces effets peuvent \u00eatre pires si vous le prenez avec de l&#8217;alcool ou certains m\u00e9dicaments. Utilisez Dapoxetine avec prudence. Ne conduisez pas une auto ou n&#8217;accomplissez pas d&#8217;autres t\u00e2ches dangereux jusqu&#8217;\u00e0 ce que vous savez comment vous y r\u00e9agissez.<\/p>\n<p>Dapoxetine peut causer le vertige ou l&#8217;\u00e9vanouissement; l&#8217;alcool, le temps chaud, l&#8217;exercice, la fi\u00e8vre peuvent augmenter ces effets. Pour les pr\u00e9venir, essayez de vous asseoir ou rester debout lentement, surtout le matin. Asseyez-vous ou allongez-vous au premier signe d&#8217;un de ces effets.<\/p>\n<p>Les patients qui ont des probl\u00e8mes cardiaques peuvent \u00eatre \u00e0 risque accru d&#8217;effets cardiaques ind\u00e9sirables, y compris la crise cardiaque ou l&#8217;accident vasculaire c\u00e9r\u00e9bral. Les sympt\u00f4mes de la crise cardiaque peuvent inclure la douleur \u00e0 la poitrine, d&#8217;\u00e9paule, du cou ou de la m\u00e2choire; l&#8217;engourdissement d&#8217;un bras ou des jambes; l&#8217;\u00e9tourdissement s\u00e9v\u00e8re; le mal \u00e0 la t\u00eate, la naus\u00e9e, des douleurs \u00e0 l&#8217;estomac, ou le vomissement; l&#8217;\u00e9vanouissement; les changements de la vision. Les sympt\u00f4mes d&#8217;accident vasculaire c\u00e9r\u00e9bral peuvent inclure la confusion; des changements de vision ou d&#8217;oral; une faiblesse partielle dans les parties du corps; ou l&#8217;\u00e9vanouissement. Contactez votre m\u00e9decin imm\u00e9diatement si vous ressentez ces sympt\u00f4mes.<\/p>\n<p>Dapoxetine peut rarement causer l&#8217;\u00e9rection prolong\u00e9e (par exemple, plus de 4 heures) ou doulereuse. Cela peut se produire m\u00eame lorsque vous n&#8217;avez pas de sexe. Si ce n&#8217;est pas trait\u00e9e imm\u00e9diatement, elle pourrait conduire \u00e0 des probl\u00e8mes sexuels permanents tels que l&#8217;impuissance. Contactez votre m\u00e9decin imm\u00e9diatement si vous avez une \u00e9rection qui dure plus de 4 heures.<\/p>\n<p>Dapoxetine n&#8217;arr\u00eate pas la transmission du VIH ou d&#8217;autres maladies sexuellement transmissibles (MST) \u00e0 d&#8217;autres par le contact sexuel. Utilisez des m\u00e9thodes de contr\u00f4le des naissances (par exemple, les pr\u00e9servatifs) si vous avez l&#8217;infection \u00e0 VIH ou une MST.<\/p>\n<p>Dapoxetine ne previent pas la grossesse. Si votre partenaire peut devenir enceinte et vous souhaitez \u00e9viter une grossesse, veillez \u00e0 utiliser une forme efficace de contr\u00f4le des naissances.<\/p>\n<p>Dapoxetine peut exceptionnellement causer des changements de vision temporaires l\u00e9g\u00e8res (par exemple, une vision floue, la sensibilit\u00e9 \u00e0 la lumi\u00e8re, la vision en teinte de couleur bleu \/ vert). Contactez votre m\u00e9decin si des changements de vision persistent ou sont graves.<\/p>\n<p>N&#8217;utilisez pas d&#8217;autres m\u00e9dicaments ou les traitements de la dysfonction \u00e9rectile pendant que vous prenez Dapoxetine sans v\u00e9rification avec votre m\u00e9decin.<\/p>\n<p>Utiliser Dapoxetine avec prudence aux personnes \u00e2g\u00e9es; ils sont plus sensibles \u00e0 ses effets.<\/p>\n<p>Dapoxetine n&#8217;est pas recommand\u00e9e pour une utilisation aux patients au-dessous de 18 ans.<\/p>\n<p>LES EFFETS SECONDAIRES<\/p>\n<p>Tout les m\u00e9dicaments peuvent causer des effets secondaires, mais beaucoup de gens n&#8217;ont pas, ou ont des effets secondaires mineurs.<\/p>\n<p>Consultez votre m\u00e9decin si l&#8217;un de ces effets ind\u00e9sirables persiste ou devient g\u00eanant:<\/p>\n<p>Le vertige, la somnolence ou l&#8217;insomnie, la l\u00e9thargie, la fatigue, le tremblement, l&#8217;agitation, l&#8217;anxi\u00e9t\u00e9, les tendances suicidaires, la manie, l&#8217;anorexie, la s\u00e9cheresse de la bouche ou l&#8217;hypersalivation et la diarrh\u00e9e, l&#8217;\u00e9ruption cutan\u00e9e, l&#8217;urticaire.<\/p>\n<p>Consultez un m\u00e9decin imm\u00e9diatement si un de ces effets secondaires graves se produisent:<\/p>\n<p>L&#8217;\u00e9tat d&#8217;excitation, la naus\u00e9e, le vomissement, les crampes, les convulsions.<\/p>\n<p>Ce n&#8217;est pas une liste compl\u00e8te de tout les effets secondaires qui peuvent survenir. Si vous avez des questions sur les effets secondaires, consultez votre m\u00e9decin.<\/p>\n","protected":false},"excerpt":{"rendered":"<p>L&#8217;\u00e9jaculation pr\u00e9coce (EP) est un dysfonctionnement sexuel masculin p\u00e9nible, qui peut vous frapper d\u00e8s votre premier rapport sexuel ou se d\u00e9velopper plus tard dans la vie. Les hommes, qui souffrent d&#8217;\u00e9jaculation pr\u00e9coce, semblent suivre le m\u00eame processus d&#8217;\u00e9jaculation que les autres hommes, mais cela se produit plus rapidement et il est plus difficile pour les hommes de contr\u00f4ler leurs \u00e9jaculations.<\/p>\n","protected":false},"featured_media":6108,"comment_status":"open","ping_status":"closed","template":"","meta":[],"product_brand":[],"product_cat":[210],"product_tag":[],"class_list":{"0":"post-6136","1":"product","2":"type-product","3":"status-publish","4":"has-post-thumbnail","6":"product_cat-ejaculation-precoce-fr","7":"pa_active_substance-dapoxetine","9":"first","10":"instock","11":"shipping-taxable","12":"product-type-variable"},"jetpack_sharing_enabled":true,"_links":{"self":[{"href":"https:\/\/www.pharmacy-content.com\/index.php?rest_route=\/wp\/v2\/product\/6136","targetHints":{"allow":["GET"]}}],"collection":[{"href":"https:\/\/www.pharmacy-content.com\/index.php?rest_route=\/wp\/v2\/product"}],"about":[{"href":"https:\/\/www.pharmacy-content.com\/index.php?rest_route=\/wp\/v2\/types\/product"}],"replies":[{"embeddable":true,"href":"https:\/\/www.pharmacy-content.com\/index.php?rest_route=%2Fwp%2Fv2%2Fcomments&post=6136"}],"wp:featuredmedia":[{"embeddable":true,"href":"https:\/\/www.pharmacy-content.com\/index.php?rest_route=\/wp\/v2\/media\/6108"}],"wp:attachment":[{"href":"https:\/\/www.pharmacy-content.com\/index.php?rest_route=%2Fwp%2Fv2%2Fmedia&parent=6136"}],"wp:term":[{"taxonomy":"product_brand","embeddable":true,"href":"https:\/\/www.pharmacy-content.com\/index.php?rest_route=%2Fwp%2Fv2%2Fproduct_brand&post=6136"},{"taxonomy":"product_cat","embeddable":true,"href":"https:\/\/www.pharmacy-content.com\/index.php?rest_route=%2Fwp%2Fv2%2Fproduct_cat&post=6136"},{"taxonomy":"product_tag","embeddable":true,"href":"https:\/\/www.pharmacy-content.com\/index.php?rest_route=%2Fwp%2Fv2%2Fproduct_tag&post=6136"}],"curies":[{"name":"wp","href":"https:\/\/api.w.org\/{rel}","templated":true}]}}