{"id":6070,"date":"2026-04-22T07:00:07","date_gmt":"2026-04-22T07:00:07","guid":{"rendered":""},"modified":"2026-04-22T07:00:15","modified_gmt":"2026-04-22T07:00:15","slug":"dapoxy-5","status":"publish","type":"product","link":"https:\/\/www.pharmacy-content.com\/?product=dapoxy-5&lang=es","title":{"rendered":"Dapoxy"},"content":{"rendered":"<p>Uso com\u00fan<br \/>\nLa Dapoxya pertenece a una clase de inhibidores selectivos de la recaptaci\u00f3n de serotonina (ISRS). Este inhibidor de acci\u00f3n corta se usa para tratar la eyaculaci\u00f3n precoz en hombres.<\/p>\n<p>Dosis y direcci\u00f3n<br \/>\nTome Dapoxya por v\u00eda oral con un vaso de agua, con o sin alimentos. Evite cortar, triturar o masticar este medicamento.<br \/>\nNo tome el medicamento con m\u00e1s frecuencia de lo recetado. No deje de tomarlo excepto por consejo de su m\u00e9dico.<br \/>\nEs posible que el medicamento necesite tiempo para que le ayude.<br \/>\nConsulte a su m\u00e9dico sobre la dosis adecuada para usted.<\/p>\n<p>Precauciones<br \/>\nAntes de tomar Dapoxya, informe a su m\u00e9dico o farmac\u00e9utico si es al\u00e9rgico a \u00e9l; o si tiene otras alergias.<br \/>\nInforme a su m\u00e9dico o farmac\u00e9utico si tiene confusi\u00f3n bipolar, problemas oculares, hep\u00e1ticos o renales.<br \/>\nLas personas de edad avanzada pueden ser m\u00e1s sensibles a los efectos secundarios del medicamento.<br \/>\nDurante el embarazo, este tratamiento debe usarse \u00fanicamente cuando sea muy necesario.<br \/>\nComo este medicamento puede ser absorbido por la piel, las mujeres que est\u00e1n embarazadas o que puedan quedar embarazadas no deben manipular este medicamento.<\/p>\n<p>Contraindicaciones<br \/>\nLa Dapoxya no debe ser utilizada por mujeres embarazadas o lactantes ni por ni\u00f1os, ni tampoco por pacientes que han demostrado una reacci\u00f3n de hipersensibilidad al mismo.<\/p>\n<p>Posibles efectos secundarios<br \/>\nLos efectos secundarios m\u00e1s comunes son pulso r\u00e1pido e irregular, temblor, ansiedad, visi\u00f3n borrosa, v\u00f3mitos, fiebre, diarrea, etc.<br \/>\nUna reacci\u00f3n al\u00e9rgica muy grave rara vez ocurre. Muchas personas que usan este medicamento no tienen efectos secundarios graves.<br \/>\nConsulte a su m\u00e9dico o farmac\u00e9utico para obtener m\u00e1s detalles.<br \/>\nEn caso de que note efectos no enumerados aqu\u00ed, comun\u00edquese con su m\u00e9dico o farmac\u00e9utico.<\/p>\n<p>Interacci\u00f3n con otros medicamentos<br \/>\nInforme a su m\u00e9dico o farmac\u00e9utico de todos los productos a base de hierbas y de venta libre que pueda usar antes de usar este medicamento.<br \/>\nLa Dapoxya puede interactuar con:<br \/>\n* Inhibidores de la MAO: furazolidona, isocarboxazida, linezolid, moclobemida, tranilcipromina, etc.<br \/>\n* F\u00e1rmacos antiarr\u00edtmicos: propafenona, quinidina, etc<br \/>\n* Inhibidores de la recaptaci\u00f3n de serotonina y norepinefrina (IRSN): Desvenlafaxina, Duloxetina, Milnacipram, Venlafaxina.<br \/>\n* Antipsic\u00f3ticos (tambi\u00e9n llamados neurol\u00e9pticos): Flufenazina, etc.<br \/>\n* Antagonistas de los receptores H2: Cimetidina, Ranitidina, Famotidina, Nizatidina , etc.<br \/>\nConsulte a su m\u00e9dico o farmac\u00e9utico para obtener m\u00e1s detalles.<\/p>\n<p>Dosis omitida<br \/>\nSi omiti\u00f3 su dosis, t\u00f3mela tan pronto como se acuerde. Si ve que se acerca la hora de la siguiente dosis, omita la dosis olvidada y reanude su horario de dosificaci\u00f3n habitual. No tome su dosis dos veces.<\/p>\n<p>Sobredosis<br \/>\nSi cree que ha usado demasiado de este medicamento, busque atenci\u00f3n m\u00e9dica de emergencia de inmediato. Los s\u00edntomas de una sobredosis generalmente incluyen dolor en el pecho, n\u00e1useas, latidos card\u00edacos irregulares y sensaci\u00f3n de mareo o desmayo.<\/p>\n<p>Almacenamiento<br \/>\nGuarde sus medicamentos a temperatura ambiente, entre 68 y 77 grados F (20 a 25 grados C), lejos de la luz y humedad. No guardes tus medicamentos en el ba\u00f1o. Mantenga todos los medicamentos fuera del alcance de los ni\u00f1os y las mascotas.<\/p>\n<p>Descargo de responsabilidad<br \/>\nSolo proporcionamos informaci\u00f3n general sobre los medicamentos que no cubre todas las instrucciones, posibles integraciones de medicamentos ni precauciones. La informaci\u00f3n contenida en el sitio no se puede utilizar para autotratamiento y autodiagn\u00f3stico. Cualquier instrucci\u00f3n espec\u00edfica para un paciente en particular debe acordarse con su asesor de atenci\u00f3n m\u00e9dica o m\u00e9dico a cargo del caso. Renunciamos a la fiabilidad de esta informaci\u00f3n y a los errores que pueda contener. No somos responsables de ning\u00fan da\u00f1o directo, indirecto, especial u otro da\u00f1o indirecto como resultado de cualquier uso de la informaci\u00f3n en este sitio y tampoco de las consecuencias del autotratamiento.<\/p>\n","protected":false},"excerpt":{"rendered":"<p>Dapoxy es un gen\u00e9rico del conocido producto de marca Priligy. Dapoxy es un medicamento utilizado para tratar la eyaculaci\u00f3n precoz y los problemas que causa. El ingrediente activo del medicamento es la dapoxetina en una dosis de 60 mg, al igual que el conocido producto original. Numerosos estudios cl\u00ednicos demuestran la eficacia de la dapoxetina en el tratamiento de la eyaculaci\u00f3n precoz.<\/p>\n","protected":false},"featured_media":6046,"comment_status":"open","ping_status":"closed","template":"","meta":[],"product_brand":[],"product_cat":[216],"product_tag":[],"class_list":{"0":"post-6070","1":"product","2":"type-product","3":"status-publish","4":"has-post-thumbnail","6":"product_cat-eyaculacion-precoz-es","7":"pa_active_substance-dapoxetine","9":"first","10":"instock","11":"shipping-taxable","12":"product-type-simple"},"jetpack_sharing_enabled":true,"_links":{"self":[{"href":"https:\/\/www.pharmacy-content.com\/index.php?rest_route=\/wp\/v2\/product\/6070","targetHints":{"allow":["GET"]}}],"collection":[{"href":"https:\/\/www.pharmacy-content.com\/index.php?rest_route=\/wp\/v2\/product"}],"about":[{"href":"https:\/\/www.pharmacy-content.com\/index.php?rest_route=\/wp\/v2\/types\/product"}],"replies":[{"embeddable":true,"href":"https:\/\/www.pharmacy-content.com\/index.php?rest_route=%2Fwp%2Fv2%2Fcomments&post=6070"}],"wp:featuredmedia":[{"embeddable":true,"href":"https:\/\/www.pharmacy-content.com\/index.php?rest_route=\/wp\/v2\/media\/6046"}],"wp:attachment":[{"href":"https:\/\/www.pharmacy-content.com\/index.php?rest_route=%2Fwp%2Fv2%2Fmedia&parent=6070"}],"wp:term":[{"taxonomy":"product_brand","embeddable":true,"href":"https:\/\/www.pharmacy-content.com\/index.php?rest_route=%2Fwp%2Fv2%2Fproduct_brand&post=6070"},{"taxonomy":"product_cat","embeddable":true,"href":"https:\/\/www.pharmacy-content.com\/index.php?rest_route=%2Fwp%2Fv2%2Fproduct_cat&post=6070"},{"taxonomy":"product_tag","embeddable":true,"href":"https:\/\/www.pharmacy-content.com\/index.php?rest_route=%2Fwp%2Fv2%2Fproduct_tag&post=6070"}],"curies":[{"name":"wp","href":"https:\/\/api.w.org\/{rel}","templated":true}]}}