{"id":5804,"date":"2026-04-22T06:58:03","date_gmt":"2026-04-22T06:58:03","guid":{"rendered":""},"modified":"2026-04-22T06:58:05","modified_gmt":"2026-04-22T06:58:05","slug":"clomid-10","status":"publish","type":"product","link":"https:\/\/www.pharmacy-content.com\/?product=clomid-10&lang=cs","title":{"rendered":"Clomid"},"content":{"rendered":"<p>B\u011b\u017en\u00e9 pou\u017eit\u00ed<br \/>\nClofi je nesteroidn\u00ed antiestrogen. Mechanismus jeho \u00fa\u010dinku spo\u010d\u00edv\u00e1 ve specifick\u00e9m v\u00e1z\u00e1n\u00ed na receptor pro estrogen v ovariu a hypof\u00fdze. U pacient\u016f s n\u00edzkou hladinou estrogenu v organismu vyvol\u00e1v\u00e1 estrogenov\u00fd \u00fa\u010dinek, zat\u00edmco u t\u011bch s vysokou hladinou estrogenu p\u016fsob\u00ed jako antiestrogen. Mal\u00e9 d\u00e1vky zvy\u0161uj\u00ed sekreci gonadotropin\u016f (prolaktin, folikulostimula\u010dn\u00ed hormon, FSH a interstici\u00e1ln\u00ed hormon), stimuluj\u00ed ovulaci; ve velk\u00fdch d\u00e1vk\u00e1ch zpomaluj\u00ed sekreci gonadotropin\u016f. Celkov\u00fd \u00fa\u010dinek Clofi spo\u010d\u00edv\u00e1 ve stimulaci ovulace a p\u0159\u00edprav\u011b t\u011bla na t\u011bhotenstv\u00ed. Tento l\u00e9k m\u016f\u017ee b\u00fdt pou\u017eit i u mu\u017e\u016f s neplodnost\u00ed zp\u016fsobenou n\u00edzkou produkc\u00ed spermi\u00ed.<\/p>\n<p>D\u00e1vkov\u00e1n\u00ed a pokyny<br \/>\nClofi se pod\u00e1v\u00e1 k stimulaci ovulace 50 mg 1\u00d7 denn\u011b p\u0159ed span\u00edm, po\u010d\u00ednaje 5. dnem menstrua\u010dn\u00edho cyklu po dobu 5 dn\u016f (v p\u0159\u00edpad\u011b absence cyklu kdykoli). V p\u0159\u00edpad\u011b \u017e\u00e1dn\u00e9ho \u00fa\u010dinku (pokud ovulace nenastane do 30 dn\u016f) zvy\u0161te d\u00e1vku na 150 mg\/den nebo prodlu\u017ete l\u00e9\u010dbu na 10 dn\u00ed. U\u017eivejte p\u0159esn\u011b podle pokyn\u016f, neu\u017e\u00edvejte v\u011bt\u0161\u00ed mno\u017estv\u00ed l\u00e9ku.<\/p>\n<p>Opat\u0159en\u00ed<br \/>\nP\u0159ed u\u017eit\u00edm Clofi informujte sv\u00e9ho l\u00e9ka\u0159e, pokud jste n\u011bkdy m\u011bli alergickou reakci na klomifen, onemocn\u011bn\u00ed jater, psychickou depresi nebo tromboflebitidu. Tento l\u00e9k m\u016f\u017ee zp\u016fsobit probl\u00e9my se zrakem, z\u00e1vrat\u011b nebo mdloby, bu\u010fte zvl\u00e1\u0161\u0165 opatrn\u00ed, pokud pot\u0159ebujete \u0159\u00eddit nebo obsluhovat stroje, kter\u00e9 vy\u017eaduj\u00ed vysokou koncentraci pozornosti.<\/p>\n<p>Kontraindikace<br \/>\nHypersenzitivita, selh\u00e1n\u00ed jater nebo ledvin, metrorrhagie nezn\u00e1m\u00e9 etiologie, ovari\u00e1ln\u00ed cysty, novotvary pohlavn\u00edch org\u00e1n\u016f, n\u00e1dor nebo hypofunkce hypof\u00fdzy, endometri\u00f3za, ovari\u00e1ln\u00ed selh\u00e1n\u00ed spolu s hyperprolaktinemi\u00ed, t\u011bhotenstv\u00ed.<\/p>\n<p>Mo\u017en\u00e9 vedlej\u0161\u00ed \u00fa\u010dinky<br \/>\nKrom\u011b p\u0159\u00edznak\u016f alergie, jako je otok rt\u016f, jazyka nebo obli\u010deje \u010di kop\u0159ivka, se u n\u011bkter\u00fdch pacient\u016f mohou objevit n\u00e1sleduj\u00edc\u00ed stavy: zv\u011bt\u0161en\u00ed vaje\u010dn\u00edk\u016f projevuj\u00edc\u00ed se bolest\u00ed b\u0159icha nebo p\u00e1nve, n\u00e1valy, nevolnost, zvracen\u00ed nebo pr\u016fjem, rozmazan\u00e9 vid\u011bn\u00ed, bolesti hlavy, abnorm\u00e1ln\u00ed d\u011blo\u017en\u00ed krv\u00e1cen\u00ed.<\/p>\n<p>Interakce s l\u00e9ky<br \/>\nInformujte sv\u00e9ho l\u00e9ka\u0159e a laboranty o v\u0161ech l\u00e9c\u00edch a bylinkov\u00fdch p\u0159\u00edpravc\u00edch, kter\u00e9 u\u017e\u00edv\u00e1te, pokud se l\u00e9\u010d\u00edte Clofi.<\/p>\n<p>Vynechan\u00e1 d\u00e1vka<br \/>\nPokud jste vynechali d\u00e1vku, vezm\u011bte ji hned, jak si vzpomenete, ale ne pokud se bl\u00ed\u017e\u00ed \u010das dal\u0161\u00ed d\u00e1vky podle va\u0161eho pl\u00e1nu. Pokud ano, vynechte vynechanou d\u00e1vku. Nesna\u017ete se nahradit vynechanou d\u00e1vku u\u017eit\u00edm dal\u0161\u00ed.<\/p>\n<p>P\u0159ed\u00e1vkov\u00e1n\u00ed<br \/>\nPokud m\u00e1te podez\u0159en\u00ed, \u017ee jste u\u017eili p\u0159\u00edli\u0161 mnoho l\u00e9ku, vyhledejte okam\u017eitou l\u00e9ka\u0159skou pomoc.<\/p>\n<p>Skladov\u00e1n\u00ed<br \/>\nSkladujte Clofi na such\u00e9m m\u00edst\u011b mimo slune\u010dn\u00ed sv\u011btlo p\u0159i pokojov\u00e9 teplot\u011b mezi 15-30 \u00b0C (59-86 \u00b0F).<\/p>\n<p>Z\u0159eknut\u00ed se odpov\u011bdnosti<br \/>\nPoskytujeme pouze obecn\u00e9 informace o l\u00e9c\u00edch, kter\u00e9 nepokr\u00fdvaj\u00ed v\u0161echny pokyny, mo\u017en\u00e9 interakce l\u00e9k\u016f nebo opat\u0159en\u00ed. Informace na t\u00e9to str\u00e1nce nelze pou\u017e\u00edt k samol\u00e9\u010db\u011b a sebediagn\u00f3ze. Specifick\u00e9 pokyny pro konkr\u00e9tn\u00edho pacienta by m\u011bly b\u00fdt dohodnuty s va\u0161\u00edm zdravotn\u00edm poradcem nebo l\u00e9ka\u0159em odpov\u011bdn\u00fdm za p\u0159\u00edpad. Z\u0159\u00edk\u00e1me se spolehlivosti t\u011bchto informac\u00ed a jak\u00fdchkoli chyb, kter\u00e9 by mohly obsahovat. Neodpov\u00edd\u00e1me za jak\u00e9koli p\u0159\u00edm\u00e9, nep\u0159\u00edm\u00e9, zvl\u00e1\u0161tn\u00ed nebo jin\u00e9 nep\u0159\u00edm\u00e9 \u0161kody vznikl\u00e9 v d\u016fsledku jak\u00e9hokoli pou\u017eit\u00ed informac\u00ed na t\u00e9to str\u00e1nce a tak\u00e9 za n\u00e1sledky samol\u00e9\u010dby.<\/p>\n","protected":false},"excerpt":{"rendered":"<p>Clofi Generic je l\u00e9k na plodnost, kter\u00fd se pou\u017e\u00edv\u00e1 ke stimulaci produkce FSH a LH a t\u00edm k produkci vaj\u00ed\u010dek ve vaje\u010dn\u00edc\u00edch p\u0159i poruch\u00e1ch vaje\u010dn\u00edk\u016f.<\/p>\n","protected":false},"featured_media":5750,"comment_status":"open","ping_status":"closed","template":"","meta":[],"product_brand":[],"product_cat":[171],"product_tag":[],"class_list":{"0":"post-5804","1":"product","2":"type-product","3":"status-publish","4":"has-post-thumbnail","6":"product_cat-stimulant-ovulace-cs","7":"pa_active_substance-clomifen","9":"first","10":"instock","11":"shipping-taxable","12":"product-type-variable"},"jetpack_sharing_enabled":true,"_links":{"self":[{"href":"https:\/\/www.pharmacy-content.com\/index.php?rest_route=\/wp\/v2\/product\/5804","targetHints":{"allow":["GET"]}}],"collection":[{"href":"https:\/\/www.pharmacy-content.com\/index.php?rest_route=\/wp\/v2\/product"}],"about":[{"href":"https:\/\/www.pharmacy-content.com\/index.php?rest_route=\/wp\/v2\/types\/product"}],"replies":[{"embeddable":true,"href":"https:\/\/www.pharmacy-content.com\/index.php?rest_route=%2Fwp%2Fv2%2Fcomments&post=5804"}],"wp:featuredmedia":[{"embeddable":true,"href":"https:\/\/www.pharmacy-content.com\/index.php?rest_route=\/wp\/v2\/media\/5750"}],"wp:attachment":[{"href":"https:\/\/www.pharmacy-content.com\/index.php?rest_route=%2Fwp%2Fv2%2Fmedia&parent=5804"}],"wp:term":[{"taxonomy":"product_brand","embeddable":true,"href":"https:\/\/www.pharmacy-content.com\/index.php?rest_route=%2Fwp%2Fv2%2Fproduct_brand&post=5804"},{"taxonomy":"product_cat","embeddable":true,"href":"https:\/\/www.pharmacy-content.com\/index.php?rest_route=%2Fwp%2Fv2%2Fproduct_cat&post=5804"},{"taxonomy":"product_tag","embeddable":true,"href":"https:\/\/www.pharmacy-content.com\/index.php?rest_route=%2Fwp%2Fv2%2Fproduct_tag&post=5804"}],"curies":[{"name":"wp","href":"https:\/\/api.w.org\/{rel}","templated":true}]}}