{"id":5499,"date":"2026-04-22T06:57:00","date_gmt":"2026-04-22T06:57:00","guid":{"rendered":""},"modified":"2026-04-22T06:57:18","modified_gmt":"2026-04-22T06:57:18","slug":"vitara-3","status":"publish","type":"product","link":"https:\/\/www.pharmacy-content.com\/?product=vitara-3&lang=fr","title":{"rendered":"Vitara"},"content":{"rendered":"<p>Usage g\u00e9n\u00e9ral<br \/>\nVitara est un m\u00e9dicament oral utilis\u00e9 pour traiter la dysfonction \u00e9rectile. La stimulation sexuelle provoque la production et la lib\u00e9ration d&#8217;oxyde nitrique par les terminaisons nerveuses des corps caverneux du p\u00e9nis, activant ainsi l&#8217;enzyme guanylate cyclase. La guanylate cyclase, \u00e0 son tour, est responsable de la production de guanosine monophosphate cyclique (cGMP). Le GMPc provoque un \u00e9largissement et un rel\u00e2chement des vaisseaux sanguins transportant le sang vers le p\u00e9nis. Vitara emp\u00eache l&#8217;enzyme phosphodiest\u00e9rase-5 de d\u00e9truire le GMPc et aide ainsi \u00e0 soutenir le flux sanguin vers le p\u00e9nis.<\/p>\n<p>Dosage et administration<br \/>\nLa dose recommand\u00e9e de Vitara est de 10 mg par jour, \u00e0 prendre une heure avant les rapports sexuels. Si aucun effet secondaire n&#8217;est ressenti, la posologie peut \u00eatre augment\u00e9e jusqu&#8217;\u00e0 20 mg. En cas d&#8217;effets ind\u00e9sirables, la dose est r\u00e9duite \u00e0 5 mg par jour. Ne prenez pas plus d&#8217;un comprim\u00e9 de Vitara par jour.<\/p>\n<p>Pr\u00e9cautions<br \/>\nVitara n&#8217;a pas \u00e9t\u00e9 \u00e9tudi\u00e9 chez les personnes souffrant de maladies cardiovasculaires, il est donc pr\u00e9f\u00e9rable d&#8217;\u00e9viter Vitara chez les patients ayant subi un accident vasculaire c\u00e9r\u00e9bral, une insuffisance cardiaque ou une crise cardiaque. dans l&#8217;histoire et surtout au cours des six derniers mois. Avant de prendre Vitara, informez votre m\u00e9decin si vous avez des probl\u00e8mes r\u00e9naux ou h\u00e9patiques, un trouble de la coagulation, un ulc\u00e8re d&#8217;estomac ou un trouble h\u00e9r\u00e9ditaire de la r\u00e9tine tel qu&#8217;une r\u00e9tinite pigmentaire, une r\u00e9action allergique \u00e0 ce m\u00e9dicament ou \u00e0 tout autre m\u00e9dicament, une d\u00e9formation du p\u00e9nis telle qu&#8217;une angulation, fibrose caverneuse (maladie de La Peyronie), ainsi que dans les maladies qui contribuent au d\u00e9veloppement du priapisme (dr\u00e9panocytose, my\u00e9lome multiple, leuc\u00e9mie ou leuc\u00e9mie).<\/p>\n<p>Contre-indications<br \/>\nVitara est contre-indiqu\u00e9 chez les patients pr\u00e9sentant une hypersensibilit\u00e9 \u00e0 ses ingr\u00e9dients, ceux trait\u00e9s avec des nitrates organiques, chez les patients de moins de 16 ans, ou ceux qui prennent des inhibiteurs de la prot\u00e9ase du VIH tels que l&#8217;indinavir et le ritonavir.<\/p>\n<p>Effets secondaires possibles<br \/>\nVitara est g\u00e9n\u00e9ralement bien tol\u00e9r\u00e9 et les effets secondaires s&#8217;ils surviennent sont transitoires. Les effets secondaires les plus fr\u00e9quents sont : maux de t\u00eate, bouff\u00e9es vasomotrices (hyper\u00e9mie de la personne) ; fr\u00e9quent; vertiges, ph\u00e9nom\u00e8ne de diarrh\u00e9e, naus\u00e9es, congestion nasale. Les effets ind\u00e9sirables plus rares et peu fr\u00e9quents sont la photosensibilit\u00e9 de la peau, l&#8217;hypertension, les maux de dos, les larmoiements, l&#8217;hypotension, la myalgie, le priapisme.<\/p>\n<p>Interaction m\u00e9dicamenteuse<br \/>\nLe m\u00e9tabolisme du Vitara est inhib\u00e9 par l&#8217;\u00e9rythromycine, le k\u00e9toconazole (Nizoral), l&#8217;itraconazole (Sporanox), l&#8217;indinavir ( Crixivan) et le ritonavir (Norvir). Vitara r\u00e9duit la concentration de ritonavir et d&#8217;indinavir. Chez les patients trait\u00e9s par des nitrates, Vitara peut aggraver les douleurs thoraciques en augmentant la fr\u00e9quence cardiaque et en abaissant la tension art\u00e9rielle. Vitara est capable d&#8217;exag\u00e9rer les effets hypotenseurs des m\u00e9dicaments alpha-bloquants (t\u00e9razosine ou Hytrin). Vitara ne doit jamais \u00eatre administr\u00e9 chez les patients trait\u00e9s avec des nitrates organiques.<\/p>\n<p>Dose oubli\u00e9e<br \/>\nVitara est pris en cas de besoin, mais pas plus d&#8217;une fois par jour, donc une dose oubli\u00e9e n&#8217;est pas suppos\u00e9e.<\/p>\n<p>Surdosage<br \/>\nLes sympt\u00f4mes de surdosage incluent des douleurs dans le dos, la m\u00e2choire, le bras, la c\u00e9cit\u00e9, la vision floue, la douleur ou l&#8217;inconfort thoracique, la vision diminu\u00e9e, la vision floue.<\/p>\n<p>Conservation<br \/>\nConserver \u00e0 temp\u00e9rature ambiante entre 15 et 30 \u00b0C (59 et 86 \u00b0F), loin des enfants, des animaux domestiques et de l&#8217;humidit\u00e9. et la lumi\u00e8re du soleil.<\/p>\n<p>Avis de non-responsabilit\u00e9<br \/>\nNous fournissons uniquement des informations g\u00e9n\u00e9rales sur les m\u00e9dicaments qui ne couvrent pas toutes les directions, les int\u00e9grations possibles de m\u00e9dicaments ou les pr\u00e9cautions. Les informations pr\u00e9sentes sur le site ne peuvent pas \u00eatre utilis\u00e9es pour l\u2019auto-traitement et l\u2019autodiagnostic. Des instructions sp\u00e9cifiques pour un patient particulier doivent \u00eatre convenues avec votre conseiller en soins de sant\u00e9 ou votre m\u00e9decin en charge du cas. Nous d\u00e9clinons la fiabilit\u00e9 de ces informations et des erreurs qu&#8217;elles pourraient contenir. Nous ne sommes pas responsables de tout dommage direct, indirect, sp\u00e9cial ou autre indirect r\u00e9sultant de toute utilisation des informations pr\u00e9sentes sur ce site ainsi que des cons\u00e9quences de l&#8217;auto-traitement.<\/p>\n","protected":false},"excerpt":{"rendered":"<p>Vitara Generic est utilis\u00e9e pour traiter la dysfonction \u00e9rectile chez les hommes. Il augmente le flux sanguin vers le p\u00e9nis pour aider les hommes \u00e0 avoir une \u00e9rection. Il agit en aidant \u00e0 d\u00e9tendre les vaisseaux sanguins de votre p\u00e9nis, permettant ainsi au sang de circuler dans votre p\u00e9nis lorsque vous \u00eates sexuellement excit\u00e9.<\/p>\n","protected":false},"featured_media":5467,"comment_status":"open","ping_status":"closed","template":"","meta":[],"product_brand":[],"product_cat":[120],"product_tag":[],"class_list":{"0":"post-5499","1":"product","2":"type-product","3":"status-publish","4":"has-post-thumbnail","6":"product_cat-dysfonction-erectile-fr","7":"pa_active_substance-vardenafil","9":"first","10":"instock","11":"shipping-taxable","12":"product-type-variable"},"jetpack_sharing_enabled":true,"_links":{"self":[{"href":"https:\/\/www.pharmacy-content.com\/index.php?rest_route=\/wp\/v2\/product\/5499","targetHints":{"allow":["GET"]}}],"collection":[{"href":"https:\/\/www.pharmacy-content.com\/index.php?rest_route=\/wp\/v2\/product"}],"about":[{"href":"https:\/\/www.pharmacy-content.com\/index.php?rest_route=\/wp\/v2\/types\/product"}],"replies":[{"embeddable":true,"href":"https:\/\/www.pharmacy-content.com\/index.php?rest_route=%2Fwp%2Fv2%2Fcomments&post=5499"}],"wp:featuredmedia":[{"embeddable":true,"href":"https:\/\/www.pharmacy-content.com\/index.php?rest_route=\/wp\/v2\/media\/5467"}],"wp:attachment":[{"href":"https:\/\/www.pharmacy-content.com\/index.php?rest_route=%2Fwp%2Fv2%2Fmedia&parent=5499"}],"wp:term":[{"taxonomy":"product_brand","embeddable":true,"href":"https:\/\/www.pharmacy-content.com\/index.php?rest_route=%2Fwp%2Fv2%2Fproduct_brand&post=5499"},{"taxonomy":"product_cat","embeddable":true,"href":"https:\/\/www.pharmacy-content.com\/index.php?rest_route=%2Fwp%2Fv2%2Fproduct_cat&post=5499"},{"taxonomy":"product_tag","embeddable":true,"href":"https:\/\/www.pharmacy-content.com\/index.php?rest_route=%2Fwp%2Fv2%2Fproduct_tag&post=5499"}],"curies":[{"name":"wp","href":"https:\/\/api.w.org\/{rel}","templated":true}]}}