{"id":4820,"date":"2026-04-22T06:55:16","date_gmt":"2026-04-22T06:55:16","guid":{"rendered":""},"modified":"2026-04-22T06:55:59","modified_gmt":"2026-04-22T06:55:59","slug":"vidalista-2","status":"publish","type":"product","link":"https:\/\/www.pharmacy-content.com\/?product=vidalista-2&lang=de","title":{"rendered":"Vidalista"},"content":{"rendered":"<p>Allgemeine Anwendung<br \/>\nVidalista ist ein wirksamer, reversibler und selektiver Inhibitor der Phosphodiesterase Typ 5 (PDE 5), der spezifisch f\u00fcr zyklisches Guanosinmonophosphat (cGMP) ist. Wenn sexuelle Stimulation eine lokale Freisetzung von Stickstoffmonoxid verursacht, f\u00fchrt die Hemmung von PDE 5 durch Vidalista zu einem Anstieg des cGMP-Spiegels im Schwellk\u00f6rper des Penis. Dies f\u00fchrt zu einer Entspannung der glatten Arterienmuskulatur und zu einer Durchblutung des Penisgewebes, was zu Erektionen f\u00fchrt. Vidalista hat keine Wirkung, wenn keine sexuelle Stimulation vorliegt. Vidalista verbessert die Erektion und erm\u00f6glicht einen erfolgreichen Geschlechtsverkehr. Das Medikament wirkt 36 Stunden lang. Bei vorhandener sexueller Erregung tritt die Wirkung auch 16 Minuten nach Einnahme des Medikaments ein.<\/p>\n<p>Dosierung und Anwendung<br \/>\nDie empfohlene Dosis von Vidalista betr\u00e4gt 20 mg. Die Einnahme sollte mindestens 16 Minuten vor der sexuellen Aktivit\u00e4t erfolgen. Die Wirkung h\u00e4lt 36 Stunden lang an. Nehmen Sie Vidalista einmal t\u00e4glich ein und \u00fcberschreiten Sie nicht die empfohlene Dosis.<\/p>\n<p>Vorsichtsma\u00dfnahmen<br \/>\nEs wird empfohlen, Vidalista nicht zusammen mit Grapefruitsaft, alkoholischen Getr\u00e4nken oder Tabak zu verwenden. Wenn Sie Tabak rauchen und gleichzeitig Vidalista einnehmen, kann dies zu einer Erkrankung namens NAION (pl\u00f6tzlicher optikerbedingter Sehverlust) f\u00fchren. Informieren Sie Ihren Arzt vor der Einnahme von Vidalista, wenn Sie einen abnormalen Penis haben, einschlie\u00dflich Peniskr\u00fcmmung und Geburtsfehler des Penis, koronare Herzkrankheit, Herzrhythmusst\u00f6rungen, Angina pectoris, Herzinfarkt oder Herzversagen, Hypo- oder Hypertonie, Blutungen, Magengeschw\u00fcre, Diabetes, Hyperlipid\u00e4mie (\u00dcberschuss an Lipiden im Blut), Sichelzellenan\u00e4mie, Leber- oder Nierenversagen in der Vorgeschichte.<\/p>\n<p>Kontraindikationen<br \/>\nVidalista ist bei Patienten kontraindiziert, die irgendeine Form von organischem Nitrat verwenden, entweder regelm\u00e4\u00dfig und\/oder intermittierend Kann die blutdrucksenkende Wirkung von Nitraten verst\u00e4rken.<\/p>\n<p>M\u00f6gliche Nebenwirkungen<br \/>\nDie h\u00e4ufigsten Nebenwirkungen von Vidalista sind Gesichtsr\u00f6tung (R\u00f6tung), Kopfschmerzen, Magenbeschwerden, Durchfall, grippe\u00e4hnliche Symptome und \u00dcbelkeit. In selteneren F\u00e4llen k\u00f6nnen niedriger Blutdruck, verschwommenes Sehen und Ver\u00e4nderungen des Farbsehens sowie eine abnormale Ejakulation auftreten. Auch l\u00e4ngere Erektionen oder Priapismus (schmerzhafte Erektionen, die l\u00e4nger als 6 Stunden dauern) sind m\u00f6glich. Wenn Ihre Erektion l\u00e4nger als 4 Stunden anh\u00e4lt, suchen Sie sofort einen Arzt auf, da dies zu einer dauerhaften Sch\u00e4digung Ihres Penis f\u00fchren kann. Es wurde \u00fcber eine Verschlimmerung von Herzproblemen bei Patienten mit vorbestehender Herzerkrankung berichtet, die Vidalista einnahmen.<\/p>\n<p>Wechselwirkungen mit anderen Arzneimitteln<br \/>\nDie gleichzeitige Verabreichung mit Medikamenten, die organische Nitrate enthalten, kann zu schwerer Hypotonie f\u00fchren, die in manchen F\u00e4llen gef\u00e4hrlich ist. Vermeiden Sie die Einnahme von Calis zusammen mit Medikamenten wie Erythrityltetranitrat, Isosorbiddinitrat, Isosorbidmononitrat, Nitroglycerin und Pentaerythritoltetranitrat. Spiegel und Toxizit\u00e4t von Vidalista werden durch Erythromycin, Ketoconazol (Nizoral), Itraconazol (Sporanox), Indinavir (Crixivan) und Ritonavir (Norvir) erh\u00f6ht. Informieren Sie Ihren Arzt, wenn Sie Atazanavir, Bunazosin, Clarithromycin, Doxazosin, Erythromycin, Indinavir, Itraconazol, Ketoconazol, Moxisylyte, Nefazodon, Nelfinavir, Phenoxybenzamin, Phentolamin, Prazosin, Saquinavir, Telithromycin, Terazosin, Trimazosin, Urapidil einnehmen, je nachdem, wie Ihre Vidalista-Dosis es erfordert Korrektur.<\/p>\n<p>Verpasste Dosis<br \/>\nEine vergessene Dosis ist nicht zu erwarten, wenn Vidalista zur Behandlung der erektilen Dysfunktion eingenommen wird, da es bei Bedarf angewendet wird.<\/p>\n<p>\u00dcberdosierung<br \/>\nEine \u00dcberdosierung von Vidalista verursacht Symptome, die als Nebenwirkungen beschrieben werden. Suchen Sie sofort \u00e4rztliche Hilfe auf, wenn Sie der Meinung sind, dass Sie zu viel von diesem Medikament eingenommen haben.<\/p>\n<p>Lagerung<br \/>\nBei Raumtemperatur, gesch\u00fctzt vor Feuchtigkeit, Sonnenlicht, Kindern und Haustieren, in einem dichten Beh\u00e4lter aufbewahren.<\/p>\n<p>Haftungsausschluss<br \/>\nWir bieten nur allgemeine Informationen an Informationen zu Medikamenten, die nicht alle Anwendungsgebiete, m\u00f6gliche Arzneimittelkombinationen oder Vorsichtsma\u00dfnahmen abdecken. Die Informationen auf der Website k\u00f6nnen nicht zur Selbstbehandlung und Selbstdiagnose verwendet werden. Spezifische Anweisungen f\u00fcr einen bestimmten Patienten sollten mit Ihrem Gesundheitsberater oder dem f\u00fcr den Fall zust\u00e4ndigen Arzt vereinbart werden. Wir lehnen die Zuverl\u00e4ssigkeit dieser Informationen und die darin enthaltenen Fehler ab.<\/p>\n","protected":false},"excerpt":{"rendered":"<p>Vidalista Generic ist eine revolution\u00e4re Formel zur Behandlung von Impotenz und vorzeitiger Ejakulation bei M\u00e4nnern.<\/p>\n","protected":false},"featured_media":4784,"comment_status":"open","ping_status":"closed","template":"","meta":[],"product_brand":[],"product_cat":[117],"product_tag":[],"class_list":{"0":"post-4820","1":"product","2":"type-product","3":"status-publish","4":"has-post-thumbnail","6":"product_cat-erektile-dysfunktion-de","7":"pa_active_substance-tadalafil","9":"first","10":"instock","11":"shipping-taxable","12":"product-type-simple"},"jetpack_sharing_enabled":true,"_links":{"self":[{"href":"https:\/\/www.pharmacy-content.com\/index.php?rest_route=\/wp\/v2\/product\/4820","targetHints":{"allow":["GET"]}}],"collection":[{"href":"https:\/\/www.pharmacy-content.com\/index.php?rest_route=\/wp\/v2\/product"}],"about":[{"href":"https:\/\/www.pharmacy-content.com\/index.php?rest_route=\/wp\/v2\/types\/product"}],"replies":[{"embeddable":true,"href":"https:\/\/www.pharmacy-content.com\/index.php?rest_route=%2Fwp%2Fv2%2Fcomments&post=4820"}],"wp:featuredmedia":[{"embeddable":true,"href":"https:\/\/www.pharmacy-content.com\/index.php?rest_route=\/wp\/v2\/media\/4784"}],"wp:attachment":[{"href":"https:\/\/www.pharmacy-content.com\/index.php?rest_route=%2Fwp%2Fv2%2Fmedia&parent=4820"}],"wp:term":[{"taxonomy":"product_brand","embeddable":true,"href":"https:\/\/www.pharmacy-content.com\/index.php?rest_route=%2Fwp%2Fv2%2Fproduct_brand&post=4820"},{"taxonomy":"product_cat","embeddable":true,"href":"https:\/\/www.pharmacy-content.com\/index.php?rest_route=%2Fwp%2Fv2%2Fproduct_cat&post=4820"},{"taxonomy":"product_tag","embeddable":true,"href":"https:\/\/www.pharmacy-content.com\/index.php?rest_route=%2Fwp%2Fv2%2Fproduct_tag&post=4820"}],"curies":[{"name":"wp","href":"https:\/\/api.w.org\/{rel}","templated":true}]}}