{"id":3791,"date":"2026-04-22T06:50:55","date_gmt":"2026-04-22T06:50:55","guid":{"rendered":""},"modified":"2026-04-22T06:51:04","modified_gmt":"2026-04-22T06:51:04","slug":"viagra-oral-jelly-3","status":"publish","type":"product","link":"https:\/\/www.pharmacy-content.com\/?product=viagra-oral-jelly-3&lang=fr","title":{"rendered":"Viagra Oral Jelly"},"content":{"rendered":"<p>Lors du choix d&#8217;un m\u00e9dicament pour retrouver sa sexualit\u00e9, il est important de ne pas seulement choisir l&#8217;efficacit\u00e9 et la s\u00e9curit\u00e9, mais aussi la praticit\u00e9. \u00c0 ce jour, il y a de nombreuses m\u00e9thodes et rem\u00e8des efficaces qui aident \u00e0 r\u00e9soudre le probl\u00e8me des \u00e9rections faiblissantes. Il y a une grande demande aupr\u00e8s des hommes qui ont r\u00e9cemment essay\u00e9 le gel au Viagra, invention relativement r\u00e9cente, mais avec une efficacit\u00e9 similaire aux petites pilules bleues. La diff\u00e9rence, c&#8217;est le temps d&#8217;action. Le Viagra sous forme de gel est le m\u00eame Sild\u00e9nafil, un inhibiteur de la phosphodiest\u00e9rase de type 5, d\u00e9velopp\u00e9 par des sp\u00e9cialistes pour les hommes qui ne veulent pas prendre de pilules au cause du r\u00e9flexe vomitif lors de la prise de comprim\u00e9s. En comparaison avec l&#8217;original, le gel poss\u00e8de plusieurs avantages. Il est pratique d&#8217;utilisation, il a bon go\u00fbt et ag\u00eet plus rapidement que les comprim\u00e9s, il est abordable et rapidement absorb\u00e9 dans le flux sanguin. Viagra Oral Jelly est une alternative avantageuse au Sild\u00e9nafil classique et \u00e9limine efficacement les symptomes d&#8217;impuissance devant le sexe oppos\u00e9.<\/p>\n","protected":false},"excerpt":{"rendered":"<p>Viagra Oral Jelly est une nouvelle formule de Viagra avec 100 mg de Sild\u00e9nafil. Il est prescrit aux hommes qui ont des troubles de l&#8217;\u00e9rection. Aide \u00e0 retrouver sa libido et \u00e0 am\u00e9liorer l&#8217;activit\u00e9 sexuelle. Acc\u00e9l\u00e8re le processus d&#8217;excitation du syst\u00e8me reproducteur. Rend les \u00e9rections plus puissantes. Augmente grandement la dur\u00e9e des rapports sexuels. De plus, ce m\u00e9dicament a plusieurs go\u00fbts d\u00e9licieux et il est pratique \u00e0 transporter dans une poche ou dans un sac. D\u00e9p\u00eachez-vous d&#8217;essayer !<\/p>\n","protected":false},"featured_media":3779,"comment_status":"open","ping_status":"closed","template":"","meta":[],"product_brand":[],"product_cat":[120],"product_tag":[],"class_list":{"0":"post-3791","1":"product","2":"type-product","3":"status-publish","4":"has-post-thumbnail","6":"product_cat-dysfonction-erectile-fr","7":"pa_active_substance-sildenafil","9":"first","10":"instock","11":"shipping-taxable","12":"product-type-variable"},"jetpack_sharing_enabled":true,"_links":{"self":[{"href":"https:\/\/www.pharmacy-content.com\/index.php?rest_route=\/wp\/v2\/product\/3791","targetHints":{"allow":["GET"]}}],"collection":[{"href":"https:\/\/www.pharmacy-content.com\/index.php?rest_route=\/wp\/v2\/product"}],"about":[{"href":"https:\/\/www.pharmacy-content.com\/index.php?rest_route=\/wp\/v2\/types\/product"}],"replies":[{"embeddable":true,"href":"https:\/\/www.pharmacy-content.com\/index.php?rest_route=%2Fwp%2Fv2%2Fcomments&post=3791"}],"wp:featuredmedia":[{"embeddable":true,"href":"https:\/\/www.pharmacy-content.com\/index.php?rest_route=\/wp\/v2\/media\/3779"}],"wp:attachment":[{"href":"https:\/\/www.pharmacy-content.com\/index.php?rest_route=%2Fwp%2Fv2%2Fmedia&parent=3791"}],"wp:term":[{"taxonomy":"product_brand","embeddable":true,"href":"https:\/\/www.pharmacy-content.com\/index.php?rest_route=%2Fwp%2Fv2%2Fproduct_brand&post=3791"},{"taxonomy":"product_cat","embeddable":true,"href":"https:\/\/www.pharmacy-content.com\/index.php?rest_route=%2Fwp%2Fv2%2Fproduct_cat&post=3791"},{"taxonomy":"product_tag","embeddable":true,"href":"https:\/\/www.pharmacy-content.com\/index.php?rest_route=%2Fwp%2Fv2%2Fproduct_tag&post=3791"}],"curies":[{"name":"wp","href":"https:\/\/api.w.org\/{rel}","templated":true}]}}