{"id":379,"date":"2026-04-22T06:39:31","date_gmt":"2026-04-22T06:39:31","guid":{"rendered":""},"modified":"2026-04-22T06:39:45","modified_gmt":"2026-04-22T06:39:45","slug":"cialis-professional-5","status":"publish","type":"product","link":"https:\/\/www.pharmacy-content.com\/?product=cialis-professional-5&lang=es","title":{"rendered":"Cialis Professional"},"content":{"rendered":"<p>Detalles<\/p>\n<p>Cialis Professional (Tadalafil) multiplica los orgasmos que se pueden alcanzar durante una jornada ya que aumenta de manera considerable la sensaci\u00f3n de deseo. Este producto funciona adem\u00e1s aumentando el tama\u00f1o del pene, por lo que el sexo resulta m\u00e1s gozoso y placentero tanto para el hombre que tome las p\u00edldoras como para su acompa\u00f1ante. Luego de tomar Cialis Professional (Tadalafil) sentir\u00e1 que el pene alcanzar\u00e1 una dureza mayor a la ya experimentada y una sensaci\u00f3n de firmeza novedosa. Para aquellos pacientes que no logran perdurar en el acto sexual el tiempo necesario para aumentar los niveles de placer que experimenta el organismo a la hora de tener sexo, el Cialis Professional (Tadalafil) har\u00e1 que alcance relaciones sexuales m\u00e1s prolongadas. Se trata de un producto para tratar la llamada com\u00fanmente impotencia aprobado por la Administraci\u00f3n de Drogas y Alimentos y es altamente confiable.<\/p>\n<p>C\u00f3mo est\u00e1 compuesto Cialis Professional (Tadalafil)<\/p>\n<p>Cialis Professional (Tadalafil) estimula el efecto del \u00f3xido n\u00edtrico en las terminaciones nerviosas y activa el flujo de sangre hacia el pene, por lo que ayuda a mantener con vigor la erecci\u00f3n. Cada comprimido de Cialis Professional (Tadalafil) posee Tadalafil como principio activo y excipientes.<\/p>\n<p>C\u00f3mo tomar Cialis Professional (Tadalafil)?<\/p>\n<p>Cialis Professional (Tadalafil) es un medicamento que se administra por v\u00eda oral y puede ser suministrado en compa\u00f1\u00eda o no de alimentos. Tome una tableta alrededor de 20 a 30 minutos antes de iniciar la relaci\u00f3n sexual y se sentir\u00e1 mucho m\u00e1s motivado y deseoso. No ingiera dos o m\u00e1s dosis juntas ya que la sobredosis no potencia los efectos y puede provocar consecuencias en su salud.<\/p>\n<p>Cialis Professional (Tadalafil) nunca debe ser combinado con otros productos farmacol\u00f3gico o tratamientos para la disfunci\u00f3n er\u00e9ctil. Tampoco se debe tomar en conjunto con bebidas alcoh\u00f3licas u otros medicamentos, ya que la mezcla puede provocar o sostener algunos efectos adversos. Antes de utilizar este producto, realice una cita con su m\u00e9dico de confianza. \u00c9l le preguntar\u00e1 por su historia cl\u00ednica, los medicamentos que consume y a qu\u00e9 sustancias es hipersensible.<\/p>\n<p>Cialis Professional (Tadalafil) es un estimulador, por lo tanto, no frena el riesgo de contagio de las enfermedades de transmisi\u00f3n sexual y tampoco evita el embarazo. Para cuidarse en una relaci\u00f3n, ya sea ocasional o estable, se recomienda elegir un m\u00e9todo anticonceptivo.<\/p>\n<p>Contraindicaciones<\/p>\n<p>No deben consumir este f\u00e1rmaco: \u2022 Personas al\u00e9rgicas a cualquiera de sus ingredientes activos. \u2022 Pacientes con problemas de coraz\u00f3n. \u2022 Personas que lleven adelante tratamientos con nitratos como el nitroprusiato y el isorbide. \u2022 Hombres a quienes, por sus problemas card\u00edacos, tienen prohibido mantener relaciones sexuales. \u2022 Aquellos que utilicen drogas recreativas como el \u2018popper\u2019.<\/p>\n<p>Efectos Adversos<\/p>\n<p>\u2022 Mareo \u2022 N\u00e1useas \u2022 Somnolencia \u2022 Desmayos \u2022 Visi\u00f3n borrosa<\/p>\n<p>Frente a los siguientes s\u00edntomas, programe una visita a un profesional:<\/p>\n<p>\u2022 Reacci\u00f3n al\u00e9rgica al producto \u2022 Dolor de pecho o taquicardia \u2022 Tobillos y piernas hinchadas \u2022 Falta de aliento \u2022 Mareos severos \u2022 Erecciones muy prolongadas o acompa\u00f1adas de dolor<\/p>\n<p>Conservaci\u00f3n del producto<\/p>\n<p>La conservaci\u00f3n del Cialis Professional (Tadalafil) se debe efectuar en un lugar sin humedad y calor excesivo, por lo que no se recomienda guardar el producto en el ba\u00f1o o en la cocina. Tampoco someta las pastillas al rayo directo de la luz. No tome p\u00edldoras que provengan de envases rotos y adulterados y cuide que no quede al alcance de los ni\u00f1os.<\/p>\n","protected":false},"excerpt":{"rendered":"<p>Cialis Professional es b\u00e1sicamente una f\u00f3rmula \u2018nueva y mejorada\u2019 del Cialis original. Aunque el producto ha sido reformulado y mejorado en su compuesto qu\u00edmico, sigue tratando la disfunci\u00f3n er\u00e9ctil en los hombres de forma muy parecida a la del primer comprimido de tadalafilo, pero con una mayor eficacia.<\/p>\n","protected":false},"featured_media":315,"comment_status":"open","ping_status":"closed","template":"","meta":[],"product_brand":[],"product_cat":[126],"product_tag":[],"class_list":{"0":"post-379","1":"product","2":"type-product","3":"status-publish","4":"has-post-thumbnail","6":"product_cat-disfuncion-erectil-es","7":"pa_active_substance-tadalafil","9":"first","10":"instock","11":"shipping-taxable","12":"product-type-variable"},"jetpack_sharing_enabled":true,"_links":{"self":[{"href":"https:\/\/www.pharmacy-content.com\/index.php?rest_route=\/wp\/v2\/product\/379","targetHints":{"allow":["GET"]}}],"collection":[{"href":"https:\/\/www.pharmacy-content.com\/index.php?rest_route=\/wp\/v2\/product"}],"about":[{"href":"https:\/\/www.pharmacy-content.com\/index.php?rest_route=\/wp\/v2\/types\/product"}],"replies":[{"embeddable":true,"href":"https:\/\/www.pharmacy-content.com\/index.php?rest_route=%2Fwp%2Fv2%2Fcomments&post=379"}],"wp:featuredmedia":[{"embeddable":true,"href":"https:\/\/www.pharmacy-content.com\/index.php?rest_route=\/wp\/v2\/media\/315"}],"wp:attachment":[{"href":"https:\/\/www.pharmacy-content.com\/index.php?rest_route=%2Fwp%2Fv2%2Fmedia&parent=379"}],"wp:term":[{"taxonomy":"product_brand","embeddable":true,"href":"https:\/\/www.pharmacy-content.com\/index.php?rest_route=%2Fwp%2Fv2%2Fproduct_brand&post=379"},{"taxonomy":"product_cat","embeddable":true,"href":"https:\/\/www.pharmacy-content.com\/index.php?rest_route=%2Fwp%2Fv2%2Fproduct_cat&post=379"},{"taxonomy":"product_tag","embeddable":true,"href":"https:\/\/www.pharmacy-content.com\/index.php?rest_route=%2Fwp%2Fv2%2Fproduct_tag&post=379"}],"curies":[{"name":"wp","href":"https:\/\/api.w.org\/{rel}","templated":true}]}}