{"id":3738,"date":"2026-04-22T06:50:42","date_gmt":"2026-04-22T06:50:42","guid":{"rendered":""},"modified":"2026-04-22T06:50:49","modified_gmt":"2026-04-22T06:50:49","slug":"levitra-soft-7","status":"publish","type":"product","link":"https:\/\/www.pharmacy-content.com\/?product=levitra-soft-7&lang=pt","title":{"rendered":"Levitra Soft"},"content":{"rendered":"<p>O Levitra Soft \u00e9 um medicamento gen\u00e9rico fabricado pela conceituada empresa farmac\u00eautica indiana Sunrise Remedies. Com base no gen\u00e9rico, cont\u00e9m o princ\u00edpio ativo vardenafilo, que aumenta o fluxo sangu\u00edneo para o p\u00e9nis. Desta forma, durante a estimula\u00e7\u00e3o sexual, \u00e9 poss\u00edvel obter uma ere\u00e7\u00e3o de alta qualidade e longa dura\u00e7\u00e3o. O Levitra Soft atua com base nos mesmos princ\u00edpios do Levitra 20 mg padr\u00e3o, mas diferencia-se pela forma de administra\u00e7\u00e3o: os comprimidos dissolvem-se na boca, entrando diretamente na corrente sangu\u00ednea. Recomenda-se deix\u00e1-los dissolver sob a l\u00edngua, onde existe uma maior concentra\u00e7\u00e3o de vasos capilares, facilitando a absor\u00e7\u00e3o do princ\u00edpio ativo. A rapidez do efeito est\u00e1 diretamente relacionada com a velocidade de absor\u00e7\u00e3o. Com comprimidos de dissolu\u00e7\u00e3o e mastig\u00e1veis, o efeito ocorre em 10 a 15 minutos. Devido a esta forma de consumo, o Vardenafil Soft atua muito mais rapidamente e combina perfeitamente com bebidas alco\u00f3licas e alimentos diversos sem enfraquecer os seus efeitos. Ap\u00f3s a administra\u00e7\u00e3o, o efeito mant\u00e9m-se por mais de 12 horas.<\/p>\n","protected":false},"excerpt":{"rendered":"<p>Levitra Soft &#8211; convenientes comprimidos mastig\u00e1veis, atua da mesma forma que o conhecido medicamento Levitra, mas custa v\u00e1rias vezes menos do que o Levitra original. Este medicamento gen\u00e9rico tem um sabor agrad\u00e1vel e n\u00e3o precisa ser tomado com \u00e1gua. O efeito surge em apenas 15 minutos ap\u00f3s a administra\u00e7\u00e3o e dura cerca de 12 horas. O comprimido pode ser combinado com bebidas alco\u00f3licas e alimentos gordurosos. O n\u00famero de efeitos secund\u00e1rios \u00e9 m\u00ednimo e estes tendem a ocorrer apenas em casos de sobredosagem.<\/p>\n","protected":false},"featured_media":3678,"comment_status":"open","ping_status":"closed","template":"","meta":[],"product_brand":[],"product_cat":[132],"product_tag":[],"class_list":{"0":"post-3738","1":"product","2":"type-product","3":"status-publish","4":"has-post-thumbnail","6":"product_cat-disfuncao-eretil-pt","7":"pa_active_substance-vardenafil","9":"first","10":"instock","11":"shipping-taxable","12":"product-type-variable"},"jetpack_sharing_enabled":true,"_links":{"self":[{"href":"https:\/\/www.pharmacy-content.com\/index.php?rest_route=\/wp\/v2\/product\/3738","targetHints":{"allow":["GET"]}}],"collection":[{"href":"https:\/\/www.pharmacy-content.com\/index.php?rest_route=\/wp\/v2\/product"}],"about":[{"href":"https:\/\/www.pharmacy-content.com\/index.php?rest_route=\/wp\/v2\/types\/product"}],"replies":[{"embeddable":true,"href":"https:\/\/www.pharmacy-content.com\/index.php?rest_route=%2Fwp%2Fv2%2Fcomments&post=3738"}],"wp:featuredmedia":[{"embeddable":true,"href":"https:\/\/www.pharmacy-content.com\/index.php?rest_route=\/wp\/v2\/media\/3678"}],"wp:attachment":[{"href":"https:\/\/www.pharmacy-content.com\/index.php?rest_route=%2Fwp%2Fv2%2Fmedia&parent=3738"}],"wp:term":[{"taxonomy":"product_brand","embeddable":true,"href":"https:\/\/www.pharmacy-content.com\/index.php?rest_route=%2Fwp%2Fv2%2Fproduct_brand&post=3738"},{"taxonomy":"product_cat","embeddable":true,"href":"https:\/\/www.pharmacy-content.com\/index.php?rest_route=%2Fwp%2Fv2%2Fproduct_cat&post=3738"},{"taxonomy":"product_tag","embeddable":true,"href":"https:\/\/www.pharmacy-content.com\/index.php?rest_route=%2Fwp%2Fv2%2Fproduct_tag&post=3738"}],"curies":[{"name":"wp","href":"https:\/\/api.w.org\/{rel}","templated":true}]}}