{"id":3728,"date":"2026-04-22T06:50:40","date_gmt":"2026-04-22T06:50:40","guid":{"rendered":""},"modified":"2026-04-22T06:50:49","modified_gmt":"2026-04-22T06:50:49","slug":"levitra-soft-6","status":"publish","type":"product","link":"https:\/\/www.pharmacy-content.com\/?product=levitra-soft-6&lang=pl","title":{"rendered":"Levitra Soft"},"content":{"rendered":"<p>Levitra Soft to lek generyczny produkowany przez znan\u0105 indyjsk\u0105 firm\u0119 farmaceutyczn\u0105 Sunrise Remedies. Podstaw\u0105 leku jest substancja czynna wardenafil, kt\u00f3ra zwi\u0119ksza dop\u0142yw krwi do pr\u0105cia. Dzi\u0119ki temu, podczas stymulacji seksualnej, mo\u017cliwe jest uzyskanie silnej i d\u0142ugotrwa\u0142ej erekcji. Dzia\u0142anie Levitra Soft jest podobne do standardowej wersji Levitra 20 mg, jednak r\u00f3\u017cni si\u0119 form\u0105 podania \u2013 tabletki rozpuszczaj\u0105 si\u0119 w ustach i wch\u0142aniaj\u0105 bezpo\u015brednio do krwi. Zaleca si\u0119, aby rozpuszcza\u0107 je pod j\u0119zykiem, gdzie znajduje si\u0119 najwi\u0119cej naczy\u0144 w\u0142osowatych, przez co substancja czynna jest szybciej wch\u0142aniana. Szybko\u015b\u0107 dzia\u0142ania zale\u017cy bezpo\u015brednio od tempa wch\u0142aniania. W przypadku tabletek do \u017cucia lub rozpuszczania efekt pojawia si\u0119 po 10\u201315 minutach. Dzi\u0119ki takiej formie przyjmowania, Vardenafil Soft dzia\u0142a znacznie szybciej i mo\u017cna go \u0142\u0105czy\u0107 z napojami alkoholowymi oraz r\u00f3\u017cnorodnymi potrawami bez os\u0142abienia efektu dzia\u0142ania. Po przyj\u0119ciu tabletki efekt utrzymuje si\u0119 przez ponad 12 godzin.<\/p>\n","protected":false},"excerpt":{"rendered":"<p>Levitra Soft \u2013 wygodne tabletki do \u017cucia, dzia\u0142aj\u0105 tak samo jak ich znany odpowiednik \u2013 klasyczna Levitra, ale kosztuj\u0105 kilka razy mniej ni\u017c ona. Ta forma leku generycznego ma przyjemny smak i nie wymaga popijania wod\u0105. Efekt pojawia si\u0119 ju\u017c po 15 minutach od przyj\u0119cia tabletki i utrzymuje si\u0119 przez oko\u0142o 12 godzin. Lek mo\u017cna \u0142\u0105czy\u0107 z alkoholem oraz t\u0142ustymi potrawami. Ryzyko wyst\u0105pienia skutk\u00f3w ubocznych jest minimalne i wyst\u0119puj\u0105 one jedynie w przypadku przedawkowania.<\/p>\n","protected":false},"featured_media":3678,"comment_status":"open","ping_status":"closed","template":"","meta":[],"product_brand":[],"product_cat":[129],"product_tag":[],"class_list":{"0":"post-3728","1":"product","2":"type-product","3":"status-publish","4":"has-post-thumbnail","6":"product_cat-dysfunkcja-erekcji-pl","7":"pa_active_substance-vardenafil","9":"first","10":"instock","11":"shipping-taxable","12":"product-type-variable"},"jetpack_sharing_enabled":true,"_links":{"self":[{"href":"https:\/\/www.pharmacy-content.com\/index.php?rest_route=\/wp\/v2\/product\/3728","targetHints":{"allow":["GET"]}}],"collection":[{"href":"https:\/\/www.pharmacy-content.com\/index.php?rest_route=\/wp\/v2\/product"}],"about":[{"href":"https:\/\/www.pharmacy-content.com\/index.php?rest_route=\/wp\/v2\/types\/product"}],"replies":[{"embeddable":true,"href":"https:\/\/www.pharmacy-content.com\/index.php?rest_route=%2Fwp%2Fv2%2Fcomments&post=3728"}],"wp:featuredmedia":[{"embeddable":true,"href":"https:\/\/www.pharmacy-content.com\/index.php?rest_route=\/wp\/v2\/media\/3678"}],"wp:attachment":[{"href":"https:\/\/www.pharmacy-content.com\/index.php?rest_route=%2Fwp%2Fv2%2Fmedia&parent=3728"}],"wp:term":[{"taxonomy":"product_brand","embeddable":true,"href":"https:\/\/www.pharmacy-content.com\/index.php?rest_route=%2Fwp%2Fv2%2Fproduct_brand&post=3728"},{"taxonomy":"product_cat","embeddable":true,"href":"https:\/\/www.pharmacy-content.com\/index.php?rest_route=%2Fwp%2Fv2%2Fproduct_cat&post=3728"},{"taxonomy":"product_tag","embeddable":true,"href":"https:\/\/www.pharmacy-content.com\/index.php?rest_route=%2Fwp%2Fv2%2Fproduct_tag&post=3728"}],"curies":[{"name":"wp","href":"https:\/\/api.w.org\/{rel}","templated":true}]}}