{"id":3688,"date":"2026-04-22T06:50:34","date_gmt":"2026-04-22T06:50:34","guid":{"rendered":""},"modified":"2026-04-22T06:50:49","modified_gmt":"2026-04-22T06:50:49","slug":"levitra-soft-2","status":"publish","type":"product","link":"https:\/\/www.pharmacy-content.com\/?product=levitra-soft-2&lang=de","title":{"rendered":"Levitra Soft"},"content":{"rendered":"<p>Levitra Soft ist ein generisches Medikament, das vom bekannten indischen Pharmaunternehmen Sunrise Remedies hergestellt wird. Als Generikum enth\u00e4lt es den Wirkstoff Vardenafil, der eine verst\u00e4rkte Blutzufuhr zum m\u00e4nnlichen Penis bewirkt. Dadurch wird im Verlauf sexueller Stimulation eine qualitativ hochwertige, lang anhaltende Erektion erreicht. Das Medikament Levitra Soft wirkt nach \u00e4hnlichen Prinzipien wie Standard-Levitra 20 mg, unterscheidet sich jedoch durch die Darreichungsform: Die Tabletten l\u00f6sen sich im Mund auf und gelangen direkt ins Blut. Es wird empfohlen, sie unter der Zunge aufzul\u00f6sen, wo sich die gr\u00f6\u00dfte Anzahl an Kapillargef\u00e4\u00dfen befindet und wo der Wirkstoff aufgenommen wird. Die Geschwindigkeit der Wirkung ist direkt abh\u00e4ngig von der Aufnahmegeschwindigkeit. Bei Tabletten zum Aufl\u00f6sen und Kauen tritt die Wirkung in 10 bis 15 Minuten ein. Aufgrund dieser Einnahmeform wirkt Vardenafil Soft viel schneller und l\u00e4sst sich perfekt mit alkoholischen Getr\u00e4nken und verschiedenen Lebensmitteln kombinieren, ohne dass die Wirkung abgeschw\u00e4cht wird. Nach der Einnahme h\u00e4lt die Wirkung \u00fcber 12 Stunden an.<\/p>\n","protected":false},"excerpt":{"rendered":"<p>Levitra Soft \u2013 praktische Kautabletten, die genauso wirken wie ihr ber\u00fchmtes Hauptmedikament Levitra, aber mehrfach weniger kosten als normales Levitra. Diese Form der generischen Tablette hat einen angenehmen Geschmack und muss nicht mit Wasser eingenommen werden. Die Wirkung tritt bereits nach nur 15 Minuten nach Einnahme des Medikaments ein und h\u00e4lt etwa 12 Stunden an. Die Tablette kann mit Alkohol und fettreichen Speisen kombiniert werden. Die Anzahl der Nebenwirkungen ist minimal und sie treten nur bei \u00dcberdosierung auf.<\/p>\n","protected":false},"featured_media":3678,"comment_status":"open","ping_status":"closed","template":"","meta":[],"product_brand":[],"product_cat":[117],"product_tag":[],"class_list":{"0":"post-3688","1":"product","2":"type-product","3":"status-publish","4":"has-post-thumbnail","6":"product_cat-erektile-dysfunktion-de","7":"pa_active_substance-vardenafil","9":"first","10":"instock","11":"shipping-taxable","12":"product-type-variable"},"jetpack_sharing_enabled":true,"_links":{"self":[{"href":"https:\/\/www.pharmacy-content.com\/index.php?rest_route=\/wp\/v2\/product\/3688","targetHints":{"allow":["GET"]}}],"collection":[{"href":"https:\/\/www.pharmacy-content.com\/index.php?rest_route=\/wp\/v2\/product"}],"about":[{"href":"https:\/\/www.pharmacy-content.com\/index.php?rest_route=\/wp\/v2\/types\/product"}],"replies":[{"embeddable":true,"href":"https:\/\/www.pharmacy-content.com\/index.php?rest_route=%2Fwp%2Fv2%2Fcomments&post=3688"}],"wp:featuredmedia":[{"embeddable":true,"href":"https:\/\/www.pharmacy-content.com\/index.php?rest_route=\/wp\/v2\/media\/3678"}],"wp:attachment":[{"href":"https:\/\/www.pharmacy-content.com\/index.php?rest_route=%2Fwp%2Fv2%2Fmedia&parent=3688"}],"wp:term":[{"taxonomy":"product_brand","embeddable":true,"href":"https:\/\/www.pharmacy-content.com\/index.php?rest_route=%2Fwp%2Fv2%2Fproduct_brand&post=3688"},{"taxonomy":"product_cat","embeddable":true,"href":"https:\/\/www.pharmacy-content.com\/index.php?rest_route=%2Fwp%2Fv2%2Fproduct_cat&post=3688"},{"taxonomy":"product_tag","embeddable":true,"href":"https:\/\/www.pharmacy-content.com\/index.php?rest_route=%2Fwp%2Fv2%2Fproduct_tag&post=3688"}],"curies":[{"name":"wp","href":"https:\/\/api.w.org\/{rel}","templated":true}]}}