{"id":363,"date":"2026-04-22T06:39:29","date_gmt":"2026-04-22T06:39:29","guid":{"rendered":""},"modified":"2026-04-22T06:39:45","modified_gmt":"2026-04-22T06:39:45","slug":"cialis-professional-4","status":"publish","type":"product","link":"https:\/\/www.pharmacy-content.com\/it\/product\/cialis-professional-4\/","title":{"rendered":"Cialis Professional"},"content":{"rendered":"<p>Dettagli<\/p>\n<p>Cialis professional \u00e8 una nuova pillola che va presa oralmente, per il trattamento della disfunzioneerettile solo negli uomini, specificatamente accresce l\u2019attivit\u00e0 sessuale maschile stimolando la potenza del pene, maggiori orgasmi e aumentando la misura del pene.<\/p>\n<p>Benefici:<\/p>\n<p>* Periodo dell\u2019effetto della pillola: 36-48 ore;<br \/>\n* Massima concentrazione sessuale;<br \/>\n* Desiderio sessuale continuo;<br \/>\n* Assorbimento rapido della pillola;<br \/>\n* Prolungata attivit\u00e0 sessuale;<\/p>\n<p>Istruzioni per l\u2019uso<\/p>\n<p>Cialis professional la maggior parte delle persone che soffrono di disfunzione erettile restituendo a loro la capacit\u00e0 di raggiungere e mantenere una buona erezione, sufficiente abbastanza per migliorare le proprie esperienze sessuali.<\/p>\n<p>Prendendo il cialis professional circa 20-30 minuti prima dell\u2019attivit\u00e0 sessuale vi sentirete eccitati e con un\u2019erezione pi\u00f9 forte e duratura.<\/p>\n<p>Da notare che il cialis professional \u00e8 indifferente a qualsiasi cibo grasso (come patatine fritte, hamburger ecc.) o bevande. Cialis professional vi permette di soddisfare la propria partner al momento giusto. Il cialis professional si pu\u00f2 prendere in anticipo e la propria partner pu\u00f2 prendersi il suo tempo per aumentare l\u2019intimit\u00e0 e tutto risultare del tutto naturale, spontaneo.<\/p>\n<p>Tipo di farmaco e meccanismo<\/p>\n<p>Generalmente, i trattamenti chimici sono sottoforma di pillole che vengono prese oralmente per chi soffre di disfunzione erettile. Noi abbiamo scelto un altro approccio non solo riguardo al metodo di azione ma anche alla forna della pillola, si tratta di una pillola molle, gelatinosa, che ha un tempo di assorbimento pi\u00f9 veloce del maggior ingrediente attivo ed \u00e8 indefferente agli altri sottoprodotti ingeriti.<\/p>\n<p>Oltre all\u2019accuratezza e alla sicurezza dell\u2019effetto del cialis professional, questa pillola ha un miglioramento e un potenziamento dell\u2019azione vasodilatante. Cialis professional allarga i vasi sanguigni pemettendo un cospicuo miglioramento dell\u2019afflusso del sangue.<\/p>\n<p>Uno dei maggiori comprensivi vantaggi del cialis professional \u00e8 la funzione di migliorare il rilascio dell\u2019ossido nitrico nel corpo, il quale provvede a una forte stimolazione del livello del cGMP, or GMP ciclico. Questo rilassa i corpi cavernosi del pene permettendo l\u2019afflusso di pi\u00f9 sangue per un periodo di maggior durata, e quindi un\u2019erezione pi\u00f9 duratura.<\/p>\n<p>Cialis professional pu\u00f2 anche agire come generatore di testosterone che aumenta la propria libido e la quantit\u00e0 di sperma, riducendo l\u2019infertilit\u00e0 maschile.<\/p>\n<p>Dose dimenticata<\/p>\n<p>Se si dimentica una dose di Cialis professional e si sta usando il prodotto regolarmente, \u00e8 bene prendere la pillola il prima possibile. Se c&#8217;\u00e8 abbastanza tempo dalla dose successiva, saltare la dose dimenticata e ritornare all&#8217;uso regolare. Non prendere mai 2 dosi in una volta sola.<\/p>\n<p>Conservazione<\/p>\n<p>Conservare cialis professional tra i 20 e i 25\u00b0 C. Per la conservazione breve tra i 15 e i 30\u00b0 C \u00e8 permesso. Da conservare lontano dal calore, umidit\u00e0 e luce. Non conservare in bagno. Tenere lontano dalla portata dei bambini e degli animali.<\/p>\n","protected":false},"excerpt":{"rendered":"<p>Cialis Professional \u00e8 fondamentalmente una formula \u2018nuova e migliorata\u2019 del Cialis originale. Nonostante la sua composizione chimica sia stata riformulata e migliorata, il farmaco \u00e8 comunque indicato per il trattamento della disfunzione erettile proprio come la prima compressa di tadalafil, ed \u00e8 anche pi\u00f9 efficace.<\/p>\n","protected":false},"featured_media":315,"comment_status":"open","ping_status":"closed","template":"","meta":[],"product_brand":[],"product_cat":[123],"product_tag":[],"class_list":{"0":"post-363","1":"product","2":"type-product","3":"status-publish","4":"has-post-thumbnail","6":"product_cat-disfunzione-erettile-it","7":"pa_active_substance-tadalafil","9":"first","10":"instock","11":"shipping-taxable","12":"product-type-variable"},"jetpack_sharing_enabled":true,"_links":{"self":[{"href":"https:\/\/www.pharmacy-content.com\/wp-json\/wp\/v2\/product\/363","targetHints":{"allow":["GET"]}}],"collection":[{"href":"https:\/\/www.pharmacy-content.com\/wp-json\/wp\/v2\/product"}],"about":[{"href":"https:\/\/www.pharmacy-content.com\/wp-json\/wp\/v2\/types\/product"}],"replies":[{"embeddable":true,"href":"https:\/\/www.pharmacy-content.com\/wp-json\/wp\/v2\/comments?post=363"}],"wp:featuredmedia":[{"embeddable":true,"href":"https:\/\/www.pharmacy-content.com\/wp-json\/wp\/v2\/media\/315"}],"wp:attachment":[{"href":"https:\/\/www.pharmacy-content.com\/wp-json\/wp\/v2\/media?parent=363"}],"wp:term":[{"taxonomy":"product_brand","embeddable":true,"href":"https:\/\/www.pharmacy-content.com\/wp-json\/wp\/v2\/product_brand?post=363"},{"taxonomy":"product_cat","embeddable":true,"href":"https:\/\/www.pharmacy-content.com\/wp-json\/wp\/v2\/product_cat?post=363"},{"taxonomy":"product_tag","embeddable":true,"href":"https:\/\/www.pharmacy-content.com\/wp-json\/wp\/v2\/product_tag?post=363"}],"curies":[{"name":"wp","href":"https:\/\/api.w.org\/{rel}","templated":true}]}}