{"id":3328,"date":"2026-04-22T06:49:04","date_gmt":"2026-04-22T06:49:04","guid":{"rendered":""},"modified":"2026-04-22T06:49:14","modified_gmt":"2026-04-22T06:49:14","slug":"kamagra-2","status":"publish","type":"product","link":"https:\/\/www.pharmacy-content.com\/de\/product\/kamagra-2\/","title":{"rendered":"Kamagra"},"content":{"rendered":"<p>Allgemeine Anwendung<br \/>\nKamagra ist ein Medikament zur Behandlung der erektilen Dysfunktion bei M\u00e4nnern. Dies ist eine analoge Version von Viagra oder Sildenafilcitrat, die zur Behandlung sexueller Funktionsst\u00f6rungen bei M\u00e4nnern eingesetzt wird. Kamagra erh\u00f6ht die Menge an Blut, die zum Penis flie\u00dft.<\/p>\n<p>Dosierung und Anwendung<br \/>\n100 mg Kamagra dosieren die Wirkung in 45 Minuten und halten 4\u20136 Stunden an.<\/p>\n<p>Vorsichtsma\u00dfnahmen<br \/>\nBenachrichtigen Sie vor der Einnahme von Kamagra Ihren Arzt, wenn Sie an Allergien leiden. An\u00e4mie, Augenkrankheiten, Krebs, hoher oder niedriger Blutdruck, unregelm\u00e4\u00dfiger Herzrhythmus, Herzinsuffizienz, instabile Brustschmerzen, bestimmte Augenerkrankungen, Deformation des Penis oder solche Erkrankungen in der Vergangenheit oder Sie nehmen Proteasehemmer zur Behandlung von HIV ein. Stehen Sie nicht schnell aus liegender oder sitzender Position auf. Vermeiden Sie Alkohol, da dieser die Nebenwirkungen verschlimmern kann. Nehmen Sie Kamagra nicht ein, wenn Sie bereits ein anderes ED-Medikament eingenommen haben. Informieren Sie Ihren Arzt vor der Einnahme von Kamagra, wenn Sie Alprostadil (Caverject, Muse, Edex) oder Yohimbin (Yocon, Yodoxin, andere) verwenden.<\/p>\n<p>Kontraindikationen<br \/>\nKamagra ist bei Patienten mit einer Allergie gegen das Medikament oder bei Patienten, die mit Nitraten behandelt werden, kontraindiziert (wie Nitroglycerin). Diese Kombination kann zu einem sehr niedrigen Blutdruck f\u00fchren, der zu einem Schlaganfall, einem Herzinfarkt oder zum Tod f\u00fchren kann. Nehmen Sie dieses Medikament nicht ein, wenn Sie unter 18 Jahre alt sind.<\/p>\n<p>M\u00f6gliche Nebenwirkungen<br \/>\nBei einigen Patienten k\u00f6nnen Kopfschmerzen, Durchfall, Schwindel, Magenbeschwerden, Erbrechen und eine verstopfte Nase auftreten. Solche Nebenwirkungen wie Gesichtsr\u00f6tung k\u00f6nnen schw\u00e4cher ausgepr\u00e4gt sein als bei Personen, die Viagra einnehmen. Kamagra kann eine seltene, aber schwerwiegende Erkrankung verursachen, die als Priapismus oder verl\u00e4ngerte Erektion bekannt ist. Wenden Sie sich sofort an Ihren Arzt, wenn Ihre Erektion l\u00e4nger als mehrere Stunden anh\u00e4lt.<\/p>\n<p>Wechselwirkungen mit anderen Medikamenten<br \/>\nKamagra sollte nicht Patienten verschrieben werden, die mit Medikamenten behandelt werden, die organische Nitrate enthalten. Der Kamagra-Blutspiegel wird durch Erythromycin, Ketoconazol, Itraconazol und Saquinavir erh\u00f6ht. Von diesen Medikamenten ist bekannt, dass sie mit Kamagra interagieren: Bosentan (Tracleer); Cimetidin (Tagamet, Tagamet HB); ein Antibiotikum wie Erythromycin (E-Mycin, Eryc, Ery-Tab) oder Clarithromycin (Biaxin); Doxazosin (Cardura), Prazosin (Minipress), Terazosin (Hytrin); HIV-Medikamente wie Indinavir (Crixivan), Amprenavir (Agenerase), Darunavir (Prezista), Efavirenz (Sustiva), Tipranavir (Aptivus), Nevirapin (Viramune), Saquinavir (Invirase, Fortovase), Lopinavir\/Ritonavir (Kaletra), Fosamprenavir ( Lexiva), Ritonavir (Norvir), Atazanavir (Reyataz) oder Nelfinavir (Viracept); ein Antimykotikum wie Itraconazol (Sporanox) oder Ketoconazol (Nizoral); Carbamazepin (Tegretol), Phenobarbital (Luminal) oder Phenytoin (Dilantin); oder Rifampin (Rifadin, Rimactane) oder Rifabutin (Mycobutin).<\/p>\n<p>Verpasste Dosis<br \/>\nKamagra wird bei Bedarf eingenommen, daher ist eine vergessene Dosis nicht zu erwarten.<\/p>\n<p>\u00dcberdosierung<br \/>\nWenn Sie Kamagra \u00fcberdosiert haben, kann es zu Ohnmacht, Schmerzen in der Brust und \u00dcbelkeit kommen , unregelm\u00e4\u00dfiger Herzschlag, Benommenheit. Suchen Sie in diesem Fall sofort \u00e4rztliche Hilfe auf.<\/p>\n<p>Lagerung<br \/>\nBei Raumtemperatur, gesch\u00fctzt vor Feuchtigkeit, Sonnenlicht, Kindern und Haustieren, in einem dichten Beh\u00e4lter aufbewahren.<\/p>\n<p>Haftungsausschluss<br \/>\nWir stellen nur allgemeine Informationen \u00fcber Medikamente zur Verf\u00fcgung, die nicht alle Anweisungen abdecken. m\u00f6gliche Arzneimittelintegrationen oder Vorsichtsma\u00dfnahmen. Die Informationen auf der Website k\u00f6nnen nicht zur Selbstbehandlung und Selbstdiagnose verwendet werden. Spezifische Anweisungen f\u00fcr einen bestimmten Patienten sollten mit Ihrem Gesundheitsberater oder dem f\u00fcr den Fall zust\u00e4ndigen Arzt vereinbart werden. Wir lehnen die Zuverl\u00e4ssigkeit dieser Informationen und die darin enthaltenen Fehler ab. Wir haften nicht f\u00fcr direkte, indirekte, besondere oder sonstige indirekte Sch\u00e4den, die sich aus der Nutzung der Informationen auf dieser Website ergeben und auch nicht f\u00fcr Folgen der Selbstbehandlung.<\/p>\n","protected":false},"excerpt":{"rendered":"<p>Kamagra Generic wird zur Behandlung der erektilen Dysfunktion bei M\u00e4nnern und der pulmonalen Hypertonie eingesetzt<\/p>\n","protected":false},"featured_media":3322,"comment_status":"open","ping_status":"closed","template":"","meta":[],"product_brand":[],"product_cat":[117],"product_tag":[],"class_list":{"0":"post-3328","1":"product","2":"type-product","3":"status-publish","4":"has-post-thumbnail","6":"product_cat-erektile-dysfunktion-de","7":"pa_active_substance-sildenafil","9":"first","10":"instock","11":"shipping-taxable","12":"product-type-variable"},"jetpack_sharing_enabled":true,"_links":{"self":[{"href":"https:\/\/www.pharmacy-content.com\/wp-json\/wp\/v2\/product\/3328","targetHints":{"allow":["GET"]}}],"collection":[{"href":"https:\/\/www.pharmacy-content.com\/wp-json\/wp\/v2\/product"}],"about":[{"href":"https:\/\/www.pharmacy-content.com\/wp-json\/wp\/v2\/types\/product"}],"replies":[{"embeddable":true,"href":"https:\/\/www.pharmacy-content.com\/wp-json\/wp\/v2\/comments?post=3328"}],"wp:featuredmedia":[{"embeddable":true,"href":"https:\/\/www.pharmacy-content.com\/wp-json\/wp\/v2\/media\/3322"}],"wp:attachment":[{"href":"https:\/\/www.pharmacy-content.com\/wp-json\/wp\/v2\/media?parent=3328"}],"wp:term":[{"taxonomy":"product_brand","embeddable":true,"href":"https:\/\/www.pharmacy-content.com\/wp-json\/wp\/v2\/product_brand?post=3328"},{"taxonomy":"product_cat","embeddable":true,"href":"https:\/\/www.pharmacy-content.com\/wp-json\/wp\/v2\/product_cat?post=3328"},{"taxonomy":"product_tag","embeddable":true,"href":"https:\/\/www.pharmacy-content.com\/wp-json\/wp\/v2\/product_tag?post=3328"}],"curies":[{"name":"wp","href":"https:\/\/api.w.org\/{rel}","templated":true}]}}