{"id":3248,"date":"2026-04-22T06:48:37","date_gmt":"2026-04-22T06:48:37","guid":{"rendered":""},"modified":"2026-04-22T07:00:42","modified_gmt":"2026-04-22T07:00:42","slug":"extra-super-p-force-9","status":"publish","type":"product","link":"https:\/\/www.pharmacy-content.com\/?product=extra-super-p-force-9&lang=nl","title":{"rendered":"Extra Super P Force"},"content":{"rendered":"<p>Algemeen gebruik<\/p>\n<p>Super P-Force is een medicijn dat is ontworpen om twee mannelijke problemen samen te behandelen: erectiestoornissen bij mannen en voortijdige ejaculatie. Dit zijn zeer vaak voorkomende aandoeningen bij mannen tussen 18 en 64 jaar. Elke tablet bevat 100 mg Sildenafil Citraat en 60 mg Dapoxetine.<\/p>\n<p>Dosering en gebruiksaanwijzing<\/p>\n<p>Initi\u00eble dosering is 25-100 mg, neem deze eenmaal daags tussen 30 minuten en 4 uur v\u00f3\u00f3r de geplande seksuele activiteit.<\/p>\n<p>Voorzorgsmaatregelen<\/p>\n<p>Informeer uw arts als u lijdt aan hypotensie of hypertensie, hartfalen, coronaire hartziekte, vervormingen van de penis, sikkelcelanemie, meerdere myeloom, leukemie, retinitus pigmentosa, en ook een voorgeschiedenis van hartdisfunctie, myocardinfarct, beroerte-aritmie, levensbedreigende aritmie, cardiovasculaire problemen, allergie\u00ebn. Gebruik Super P-Force niet samen met andere ED-medicatie.<\/p>\n<p>Contra-indicaties<\/p>\n<p>Super P-Force kan niet worden gebruikt bij pati\u00ebnten met een allergie voor het medicijn en de componenten ervan, en ook niet bij personen die worden behandeld met nitraten (zoals als nitroglycerine). Deze combinatie kan een zeer lage bloeddruk veroorzaken en mogelijk gevaarlijk zijn en resulteren in een beroerte, een hartaanval of de dood. Gebruik dit medicijn niet als u jonger bent dan 18 jaar.<\/p>\n<p>Mogelijke bijwerking<\/p>\n<p>Sommige pati\u00ebnten kunnen last krijgen van niezen, hoofdpijn, diarree, duizeligheid, maagklachten, braken, verstopte neus en fotofobie. Super P-Force kan een zeldzame maar ernstige aandoening veroorzaken die bekend staat als priapisme of langdurige erectie. Neem onmiddellijk contact op met uw zorgverlener als uw erectie langer dan uren aanhoudt. Zonder onmiddellijke medische hulp kan deze aandoening uw penis permanent beschadigen.<\/p>\n<p>Interactie tussen geneesmiddelen<\/p>\n<p>Super P-Force mag niet worden voorgeschreven aan pati\u00ebnten behandeld met medicijnen die organische nitraten bevatten. De bloedspiegels van Super P-Force worden verhoogd door erytromycine, ketoconazol, itraconazol en saquinavir.<\/p>\n<p>Gemiste dosis<\/p>\n<p>Neem Super P-Force wanneer dat nodig is, maar niet meer dan \u00e9\u00e9n tablet per dag. Een regelmatige dagelijkse inname moet worden overeengekomen met uw arts.<\/p>\n<p>Overdosis<\/p>\n<p>Een erectie die langer duurt dan vier uur kan een teken zijn van een overdosis. Als u na het innemen van Super P-Force last krijgt van ernstig flauwvallen, pijn op de borst, misselijkheid, een onregelmatige hartslag of een licht gevoel in het hoofd tijdens seks, neem dan contact op met uw arts, aangezien u mogelijk onmiddellijk medische hulp nodig heeft.<\/p>\n<p>Bewaar<\/p>\n<p>Bewaren op kamertemperatuur. tegen vocht, zonlicht, kinderen en huisdieren in een strakke container.<\/p>\n<p>Disclaimer<\/p>\n<p>We bieden alleen algemene informatie over medicijnen die niet alle richtingen bestrijken, mogelijke medicijnintegraties of voorzorgsmaatregelen. Informatie op de site kan niet worden gebruikt voor zelfbehandeling en zelfdiagnose. Eventuele specifieke instructies voor een bepaalde pati\u00ebnt moeten worden overeengekomen met uw gezondheidszorgadviseur of de met de zaak belaste arts. Wij wijzen de betrouwbaarheid van deze informatie en fouten die deze zou kunnen bevatten af. Wij zijn niet verantwoordelijk voor enige directe, indirecte, bijzondere of andere indirecte schade als gevolg van enig gebruik van de informatie op deze site en ook voor de gevolgen van zelfbehandeling.<\/p>\n","protected":false},"excerpt":{"rendered":"<p>Extra Super P-Force Generic is een medicijn dat erectiestoornissen bij mannen en voortijdige ejaculatie behandelt.<\/p>\n","protected":false},"featured_media":6106,"comment_status":"open","ping_status":"closed","template":"","meta":[],"product_brand":[],"product_cat":[138],"product_tag":[],"class_list":{"0":"post-3248","1":"product","2":"type-product","3":"status-publish","4":"has-post-thumbnail","6":"product_cat-erectiestoornis-nl","7":"pa_active_substance-dapoxetine","8":"pa_active_substance-sildenafil","10":"first","11":"instock","12":"shipping-taxable","13":"product-type-simple"},"jetpack_sharing_enabled":true,"_links":{"self":[{"href":"https:\/\/www.pharmacy-content.com\/index.php?rest_route=\/wp\/v2\/product\/3248","targetHints":{"allow":["GET"]}}],"collection":[{"href":"https:\/\/www.pharmacy-content.com\/index.php?rest_route=\/wp\/v2\/product"}],"about":[{"href":"https:\/\/www.pharmacy-content.com\/index.php?rest_route=\/wp\/v2\/types\/product"}],"replies":[{"embeddable":true,"href":"https:\/\/www.pharmacy-content.com\/index.php?rest_route=%2Fwp%2Fv2%2Fcomments&post=3248"}],"wp:featuredmedia":[{"embeddable":true,"href":"https:\/\/www.pharmacy-content.com\/index.php?rest_route=\/wp\/v2\/media\/6106"}],"wp:attachment":[{"href":"https:\/\/www.pharmacy-content.com\/index.php?rest_route=%2Fwp%2Fv2%2Fmedia&parent=3248"}],"wp:term":[{"taxonomy":"product_brand","embeddable":true,"href":"https:\/\/www.pharmacy-content.com\/index.php?rest_route=%2Fwp%2Fv2%2Fproduct_brand&post=3248"},{"taxonomy":"product_cat","embeddable":true,"href":"https:\/\/www.pharmacy-content.com\/index.php?rest_route=%2Fwp%2Fv2%2Fproduct_cat&post=3248"},{"taxonomy":"product_tag","embeddable":true,"href":"https:\/\/www.pharmacy-content.com\/index.php?rest_route=%2Fwp%2Fv2%2Fproduct_tag&post=3248"}],"curies":[{"name":"wp","href":"https:\/\/api.w.org\/{rel}","templated":true}]}}