{"id":3108,"date":"2026-04-22T06:48:04","date_gmt":"2026-04-22T06:48:04","guid":{"rendered":""},"modified":"2026-04-22T06:48:10","modified_gmt":"2026-04-22T06:48:10","slug":"cobra-6","status":"publish","type":"product","link":"https:\/\/www.pharmacy-content.com\/pl\/product\/cobra-6\/","title":{"rendered":"Cobra"},"content":{"rendered":"<p>Powszechne zastosowanie<\/p>\n<p>Cobra to lek z\u0142o\u017cony, sk\u0142adaj\u0105cy si\u0119 zar\u00f3wno z Tadalafilu, jak i cytrynianu sildenafilu. Ta kombinacja pozwala u\u017cytkownikom osi\u0105gn\u0105\u0107 siln\u0105 i stabiln\u0105 erekcj\u0119, a jednocze\u015bnie przed\u0142u\u017ca akt seksualny, co czyni Cobra numerem jeden w\u015br\u00f3d kompletnych rozwi\u0105za\u0144 zapewniaj\u0105cych niesamowit\u0105 przyjemno\u015b\u0107 seksualn\u0105.<\/p>\n<p>Dawkowanie i kierunek<\/p>\n<p>U\u017cytkownicy powinni przyjmowa\u0107 po prostu jedna tabletka Cobra co najmniej 20 minut przed stosunkiem, ale zaleca si\u0119 da\u0107 tabletce godzin\u0119 na rozpuszczenie si\u0119 i rozpocz\u0119cie dzia\u0142ania. Zwyk\u0142a dawka Cobra sk\u0142ada si\u0119 ze 100 mg sildenafilu i 20 mg tadalafilu.<\/p>\n<p>\u015arodki ostro\u017cno\u015bci<\/p>\n<p>Oryginalny Cobra wygl\u0105da jak czerwone tabletki powlekane o prostok\u0105tnym kszta\u0142cie. Aby w pe\u0142ni skorzysta\u0107 z terapii, post\u0119puj zgodnie z instrukcj\u0105 do\u0142\u0105czon\u0105 do opakowania. Je\u017celi po raz pierwszy stosujesz Cobra, koniecznie skonsultuj si\u0119 z lekarzem. Dok\u0142adna konsultacja w odpowiednim czasie pozwoli Ci unikn\u0105\u0107 mo\u017cliwych dzia\u0142a\u0144 niepo\u017c\u0105danych i sprawi, \u017ce leczenie b\u0119dzie tak skuteczne, jak to tylko mo\u017cliwe.<\/p>\n<p>Przeciwwskazania<\/p>\n<p>Cobra mo\u017ce powodowa\u0107 powa\u017cne dzia\u0142ania niepo\u017c\u0105dane, je\u015bli nie b\u0119dzie stosowany prawid\u0142owo. Przede wszystkim skonsultuj si\u0119 z lekarzem, aby dowiedzie\u0107 si\u0119, czy mo\u017cesz przyjmowa\u0107 lek bez powa\u017cnych dzia\u0142a\u0144 niepo\u017c\u0105danych. Przeciwwskazaniami do stosowania Cobrau mog\u0105 by\u0107 nadwra\u017cliwo\u015b\u0107 na sk\u0142adniki leku, niskie ci\u015bnienie krwi i inne schorzenia.<\/p>\n<p>Mo\u017cliwe skutki uboczne<\/p>\n<p>W rzadkich przypadkach Cobra mo\u017ce by\u0107 przyczyn\u0105 negatywnych skutk\u00f3w. Objawiaj\u0105 si\u0119 nudno\u015bciami, biegunk\u0105 i wymiotami, zawrotami g\u0142owy, senno\u015bci\u0105 i zawrotami g\u0142owy, uderzeniami gor\u0105ca, zgag\u0105 i spadkiem ci\u015bnienia krwi lub problemami ze wzrokiem, w tym niewyra\u017ano\u015bci\u0105 i nadwra\u017cliwo\u015bci\u0105 na \u015bwiat\u0142o. Jednak wi\u0119kszo\u015b\u0107 pacjent\u00f3w nigdy nie do\u015bwiadcza \u017cadnego z tych dzia\u0142a\u0144 niepo\u017c\u0105danych.<\/p>\n<p>Interakcje lek\u00f3w<\/p>\n<p>Cobra, jako po\u0142\u0105czenie Tadalafilu i cytrynianu sildenafilu, mo\u017ce wchodzi\u0107 w interakcje z innymi lekami przeciwnadci\u015bnieniowymi. Nie zaleca si\u0119 przyjmowania Cobrau jednocze\u015bnie z lekami obni\u017caj\u0105cymi ci\u015bnienie krwi lub lekami rozszerzaj\u0105cymi naczynia krwiono\u015bne. W celu uzyskania bardziej szczeg\u00f3\u0142owych zalece\u0144 zapoznaj si\u0119 z do\u0142\u0105czon\u0105 ulotk\u0105 lub skonsultuj si\u0119 z lekarzem.<\/p>\n<p>Pomini\u0119ta dawka<\/p>\n<p>Cobra nie wymaga regularnego przyjmowania, wi\u0119c w przypadku pomini\u0119cia dawki mo\u017cesz po prostu j\u0105 zignorowa\u0107. Nale\u017cy jednak pami\u0119ta\u0107, \u017ce od za\u017cycia leku musi up\u0142yn\u0105\u0107 co najmniej 20 minut.<\/p>\n<p>Przedawkowanie<\/p>\n<p>W przypadku przedawkowania Cobra nale\u017cy skontaktowa\u0107 si\u0119 z lekarzem w celu uzyskania porady. W przypadku wyst\u0105pienia kt\u00f3regokolwiek z dzia\u0142a\u0144 niepo\u017c\u0105danych leku w umiarkowanej lub ci\u0119\u017ckiej postaci, nale\u017cy natychmiast zwr\u00f3ci\u0107 si\u0119 o pomoc lekarsk\u0105.<\/p>\n<p>Przechowywanie<\/p>\n<p>Prosz\u0119 przechowywa\u0107 Cobra w ciemnym, suchym miejscu w temperaturze pokojowej, z dala od zasi\u0119gu dzieci. Przed rozpocz\u0119ciem za\u017cywania leku koniecznie sprawd\u017a dat\u0119 wa\u017cno\u015bci na opakowaniu.<\/p>\n<p>Zastrze\u017cenie<\/p>\n<p>Podajemy jedynie og\u00f3lne informacje o lekach, kt\u00f3re nie obejmuj\u0105 wszystkich wskaz\u00f3wek, mo\u017cliwych po\u0142\u0105cze\u0144 lek\u00f3w ani \u015brodk\u00f3w ostro\u017cno\u015bci. Informacje zawarte na stronie nie mog\u0105 by\u0107 wykorzystywane do samodzielnego leczenia i autodiagnozy. Wszelkie szczeg\u00f3\u0142owe instrukcje dla konkretnego pacjenta nale\u017cy uzgodni\u0107 z doradc\u0105 ds. opieki zdrowotnej lub lekarzem prowadz\u0105cym dany przypadek. Zrzekamy si\u0119 wiarygodno\u015bci tych informacji i b\u0142\u0119d\u00f3w, jakie mog\u0105 one zawiera\u0107. Nie ponosimy odpowiedzialno\u015bci za jakiekolwiek bezpo\u015brednie, po\u015brednie, szczeg\u00f3lne lub inne po\u015brednie szkody powsta\u0142e w wyniku wykorzystania informacji zawartych na tej stronie, a tak\u017ce za konsekwencje samoleczenia.<\/p>\n","protected":false},"excerpt":{"rendered":"<p>Cobra Generic to jeden z najbardziej znanych lek\u00f3w na \u015bwiecie, stosowany w leczeniu zaburze\u0144 erekcji, czyli zaburze\u0144 erekcji, i impotencji. Sildenafil jest aktywnym sk\u0142adnikiem Cobra Generic. Rozlu\u017ania mi\u0119\u015bnie i naczynia krwiono\u015bne w pr\u0105ciu, zapewniaj\u0105c lepszy przep\u0142yw krwi, u\u0142atwiaj\u0105c m\u0119\u017cczy\u017anie osi\u0105gni\u0119cie erekcji. Aby u\u0142atwi\u0107 osi\u0105gni\u0119cie erekcji, za\u017cywaj Cobra Generic w ci\u0105gu 60 minut od aktywno\u015bci seksualnej. Nale\u017cy pami\u0119ta\u0107, \u017ce cz\u0119ste dzia\u0142ania niepo\u017c\u0105dane obejmuj\u0105 przej\u015bciowe zmiany w widzeniu i zaczerwienienie.<\/p>\n","protected":false},"featured_media":3078,"comment_status":"open","ping_status":"closed","template":"","meta":[],"product_brand":[],"product_cat":[129],"product_tag":[],"class_list":{"0":"post-3108","1":"product","2":"type-product","3":"status-publish","4":"has-post-thumbnail","6":"product_cat-dysfunkcja-erekcji-pl","7":"pa_active_substance-sildenafil","8":"pa_active_substance-tadalafil","10":"first","11":"instock","12":"shipping-taxable","13":"product-type-variable"},"jetpack_sharing_enabled":true,"_links":{"self":[{"href":"https:\/\/www.pharmacy-content.com\/wp-json\/wp\/v2\/product\/3108","targetHints":{"allow":["GET"]}}],"collection":[{"href":"https:\/\/www.pharmacy-content.com\/wp-json\/wp\/v2\/product"}],"about":[{"href":"https:\/\/www.pharmacy-content.com\/wp-json\/wp\/v2\/types\/product"}],"replies":[{"embeddable":true,"href":"https:\/\/www.pharmacy-content.com\/wp-json\/wp\/v2\/comments?post=3108"}],"wp:featuredmedia":[{"embeddable":true,"href":"https:\/\/www.pharmacy-content.com\/wp-json\/wp\/v2\/media\/3078"}],"wp:attachment":[{"href":"https:\/\/www.pharmacy-content.com\/wp-json\/wp\/v2\/media?parent=3108"}],"wp:term":[{"taxonomy":"product_brand","embeddable":true,"href":"https:\/\/www.pharmacy-content.com\/wp-json\/wp\/v2\/product_brand?post=3108"},{"taxonomy":"product_cat","embeddable":true,"href":"https:\/\/www.pharmacy-content.com\/wp-json\/wp\/v2\/product_cat?post=3108"},{"taxonomy":"product_tag","embeddable":true,"href":"https:\/\/www.pharmacy-content.com\/wp-json\/wp\/v2\/product_tag?post=3108"}],"curies":[{"name":"wp","href":"https:\/\/api.w.org\/{rel}","templated":true}]}}