{"id":2440,"date":"2026-04-22T06:45:57","date_gmt":"2026-04-22T06:45:57","guid":{"rendered":""},"modified":"2026-04-22T06:46:00","modified_gmt":"2026-04-22T06:46:00","slug":"avana-9","status":"publish","type":"product","link":"https:\/\/www.pharmacy-content.com\/?product=avana-9&lang=nl","title":{"rendered":"Avana"},"content":{"rendered":"<p>Algemeen gebruik<\/p>\n<p>Avana, of avanafil, is een krachtig medicijn dat wordt gebruikt om erectiestoornissen bij mannen van alle leeftijden te behandelen. Het is een fosfodi\u00ebsteraseremmer, op de markt gebracht en verkocht onder de merknaam Avana in de VS.<\/p>\n<p>Dosering en richting<\/p>\n<p>De aanbevolen dosis Avana is \u00e9\u00e9n pil van 100 mg v\u00f3\u00f3r geplande seksuele activiteit. De dosering kan echter vari\u00ebren, afhankelijk van de individuele indicaties. De minimale effectieve dosis wordt echter aanbevolen. Pati\u00ebnten mogen Avana niet vaker dan eenmaal per dag gebruiken.<\/p>\n<p>Voorzorgsmaatregelen<\/p>\n<p>U dient uw arts te raadplegen voordat u Avana gebruikt om uw erectiestoornissen te behandelen. De onderliggende problemen kunnen van een ander type zijn, waardoor het gebruik van Avana minder effectief is dan gewoonlijk. U dient uw arts te raadplegen die uw cardiovasculaire toestand en andere medische aandoeningen onderzoekt om mogelijke bijwerkingen van het medicijn te voorkomen en de behandeling zo effectief mogelijk te maken.<\/p>\n<p>Contra-indicaties<\/p>\n<p>Avana (avanafil) mag niet samen worden ingenomen met elke vorm van organische nitraten vanwege het verhoogde risico op hypotensie. Nitraten kunnen niet eerder dan 12 uur na het gebruik van Avana worden ingenomen. Elke vorm van overgevoeligheid voor het geneesmiddel maakt toediening van Avana onmogelijk.<\/p>\n<p>Mogelijke bijwerking<\/p>\n<p>De meest voorkomende bijwerkingen van Avana zijn hoofdpijn (5% van de gebruikers) en blozen (tot 4% van de gebruikers). gebruikers). Andere bijwerkingen van het medicijn zijn verstopte neus, rugpijn en maag-darmproblemen. De meeste van deze negatieve effecten kunnen worden vermeden door de dosis door de medisch specialist aan te passen aan uw individuele behoeften.<\/p>\n<p>Interactie van geneesmiddelen<\/p>\n<p>Avana mag niet worden ingenomen met organische nitraten, alcohol, alfablokkers of antihypertensiva. De interactie kan hypotensie veroorzaken als gevolg van het mengen van deze medicijnen.<\/p>\n<p>Gemiste dosis<\/p>\n<p>Er is geen negatief therapeutisch effect waargenomen bij pati\u00ebnten die de dosis Avana overslaan. Het medicijn is niet verslavend en heeft een eenmalig effect.<\/p>\n<p>Overdosis<\/p>\n<p>Overdosis het medicijn niet! Een overdosis Avana kan ervoor zorgen dat de bijwerkingen zich bij hogere sterkte manifesteren. U kunt duizeligheid, slaperigheid, vermoeidheid en andere symptomen van overdosering ervaren. Als u last krijgt van opvliegers, hoofdpijn of rugpijn, neem dan onmiddellijk contact op met een arts voor instructies.<\/p>\n<p>Bewaar<\/p>\n<p>Bewaar Avana op een droge, donkere plaats, buiten bereik van kinderen, bij kamertemperatuur.<\/p>\n<p>Disclaimer<\/p>\n<p>We bieden alleen algemene informatie over medicijnen die niet alle richtingen, mogelijke medicijnintegraties of voorzorgsmaatregelen bestrijkt. Informatie op de site kan niet worden gebruikt voor zelfbehandeling en zelfdiagnose. Eventuele specifieke instructies voor een bepaalde pati\u00ebnt moeten worden overeengekomen met uw gezondheidszorgadviseur of de met de zaak belaste arts. Wij wijzen de betrouwbaarheid van deze informatie en fouten die deze zou kunnen bevatten af. Wij zijn niet verantwoordelijk voor enige directe, indirecte, bijzondere of andere indirecte schade als gevolg van enig gebruik van de informatie op deze site en ook voor de gevolgen van zelfbehandeling.<\/p>\n","protected":false},"excerpt":{"rendered":"<p>Avana Generiek is een modern merkgeneesmiddel voor de gerichte behandeling van erectiestoornissen. Het werkt sneller en sterker dan veel andere bekende seksuele versterkers. Het gebruik van Avana biedt een snelle, veilige en betrouwbare oplossing voor potentieproblemen. Hierdoor zijn langdurige en sterke erecties weer mogelijk.<\/p>\n","protected":false},"featured_media":2392,"comment_status":"open","ping_status":"closed","template":"","meta":[],"product_brand":[],"product_cat":[138],"product_tag":[],"class_list":{"0":"post-2440","1":"product","2":"type-product","3":"status-publish","4":"has-post-thumbnail","6":"product_cat-erectiestoornis-nl","7":"pa_active_substance-avanafil","9":"first","10":"instock","11":"shipping-taxable","12":"product-type-variable"},"jetpack_sharing_enabled":true,"_links":{"self":[{"href":"https:\/\/www.pharmacy-content.com\/index.php?rest_route=\/wp\/v2\/product\/2440","targetHints":{"allow":["GET"]}}],"collection":[{"href":"https:\/\/www.pharmacy-content.com\/index.php?rest_route=\/wp\/v2\/product"}],"about":[{"href":"https:\/\/www.pharmacy-content.com\/index.php?rest_route=\/wp\/v2\/types\/product"}],"replies":[{"embeddable":true,"href":"https:\/\/www.pharmacy-content.com\/index.php?rest_route=%2Fwp%2Fv2%2Fcomments&post=2440"}],"wp:featuredmedia":[{"embeddable":true,"href":"https:\/\/www.pharmacy-content.com\/index.php?rest_route=\/wp\/v2\/media\/2392"}],"wp:attachment":[{"href":"https:\/\/www.pharmacy-content.com\/index.php?rest_route=%2Fwp%2Fv2%2Fmedia&parent=2440"}],"wp:term":[{"taxonomy":"product_brand","embeddable":true,"href":"https:\/\/www.pharmacy-content.com\/index.php?rest_route=%2Fwp%2Fv2%2Fproduct_brand&post=2440"},{"taxonomy":"product_cat","embeddable":true,"href":"https:\/\/www.pharmacy-content.com\/index.php?rest_route=%2Fwp%2Fv2%2Fproduct_cat&post=2440"},{"taxonomy":"product_tag","embeddable":true,"href":"https:\/\/www.pharmacy-content.com\/index.php?rest_route=%2Fwp%2Fv2%2Fproduct_tag&post=2440"}],"curies":[{"name":"wp","href":"https:\/\/api.w.org\/{rel}","templated":true}]}}