{"id":2288,"date":"2026-04-22T06:45:16","date_gmt":"2026-04-22T06:45:16","guid":{"rendered":""},"modified":"2026-04-22T06:45:24","modified_gmt":"2026-04-22T06:45:24","slug":"abhirise-4","status":"publish","type":"product","link":"https:\/\/www.pharmacy-content.com\/?product=abhirise-4&lang=it","title":{"rendered":"Abhirise"},"content":{"rendered":"<p>Uso comune<br \/>\nAbhirise \u00e8 un inibitore efficace, reversibile e selettivo della fosfodiesterasi di tipo 5 (PDE 5) specifico per la guanosina monofosfato ciclico (cGMP). Quando la stimolazione sessuale provoca il rilascio locale di ossido nitrico, l&#8217;inibizione della PDE 5 da parte del Abhirise porta ad un aumento dei livelli di cGMP nel corpo cavernoso del pene. Il risultato \u00e8 il rilassamento della muscolatura liscia arteriosa e il flusso di sangue ai tessuti del pene che provoca l\u2019erezione. Il Abhirise non ha alcun effetto quando la stimolazione sessuale \u00e8 assente. Abhirise migliora l&#8217;erezione e consente di ottenere un rapporto sessuale di successo. Il farmaco agisce durante 36 ore. Se \u00e8 presente eccitazione sessuale, l&#8217;effetto appare anche dopo 16 minuti dall&#8217;assunzione del farmaco.<\/p>\n<p>Dosaggio e direzioni<br \/>\nLa dose raccomandata di Abhirise \u00e8 di 20 mg e deve essere assunta almeno 16 minuti prima dell&#8217;attivit\u00e0 sessuale. L&#8217;effetto persiste per 36 ore. Assumere Abhirise una volta al giorno e non superare la dose consigliata.<\/p>\n<p>Precauzioni<br \/>\n\u00c8 preferibile non utilizzare Abhirise con succo di pompelmo, bevande alcoliche, tabacco. Se fumi tabacco e prendi Abhirise in concomitanza, ci\u00f2 pu\u00f2 portare a una condizione chiamata NAION (perdita improvvisa della vista correlata al nervo ottico). Informate il vostro medico prima di prendere Abhirise se avete un pene anormale, compreso il pene curvo e difetti congeniti del pene, avete avuto una malattia coronarica, aritmia, angina, attacco cardiaco o insufficienza cardiaca, ipo o ipertensione, sanguinamento, ulcere allo stomaco, diabete, iperlipidemia (eccesso di lipidi nel sangue), anemia falciforme, insufficienza epatica o renale pregressa.<\/p>\n<p>Controindicazioni<br \/>\nAbhirise \u00e8 controindicato nei pazienti che utilizzano qualsiasi forma di nitrato organico, regolarmente e\/o in modo intermittente cos\u00ec com&#8217;\u00e8 in grado di potenziare l&#8217;effetto ipotensivo dei nitrati.<\/p>\n<p>Possibili effetti collaterali<br \/>\nGli effetti collaterali pi\u00f9 comuni del Abhirise sono rossore al viso (arrossamento), mal di testa, disturbi di stomaco, diarrea, sintomi simil-influenzali e nausea. In casi pi\u00f9 rari possono verificarsi bassa pressione sanguigna, visione offuscata, alterazioni della visione dei colori ed eiaculazione anomala. Sono possibili anche erezioni prolungate o priapismo (erezioni dolorose che durano pi\u00f9 di 6 ore). Se la tua erezione dura pi\u00f9 di 4 ore, cerca assistenza medica immediata poich\u00e9 potrebbe danneggiare permanentemente il tuo pene. \u00c8 stato segnalato un aggravamento dei problemi cardiaci in pazienti con malattie cardiache preesistenti che utilizzano Abhirise.<\/p>\n<p>Interazioni farmacologiche<br \/>\nLa co-somministrazione con farmaci contenenti nitrati organici pu\u00f2 causare grave ipotensione che in alcuni casi \u00e8 pericolosa. Evitare di assumere Calis con farmaci come Eritritil Tetranitrato, Isosorbide Dinitrato, Isosorbide Mononitrato, Nitroglicerina, Pentaeritritolo Tetranitrato. I livelli e la tossicit\u00e0 del Abhirise sono aumentati dall&#8217;eritromicina, dal ketoconazolo (Nizoral), dall&#8217;itraconazolo (Sporanox), dall&#8217;indinavir (Crixivan) e dal ritonavir (Norvir). Informate il vostro medico se state assumendo Atazanavir, Bunazosina, Claritromicina, Doxazosina, Eritromicina, Indinavir, Itraconazolo, Ketoconazolo, Moxisylyte, Nefazodone, Nelfinavir, Fenossibenzamina, Fentolamina, Prazosina, Saquinavir, Telitromicina, Terazosina, Trimazosina, Urapidil poich\u00e9 la dose di Abhirise potrebbe richiederla. correzione.<\/p>\n<p>Dose mancata<br \/>\nLa dose mancata non \u00e8 prevista se il Abhirise viene assunto per il trattamento della disfunzione erettile poich\u00e9 viene utilizzato quando necessario.<\/p>\n<p>Sovradosaggio<br \/>\nIl sovradosaggio di Abhirise provoca sintomi descritti come effetti collaterali. Richiedi assistenza medica immediata se ritieni di aver preso una quantit\u00e0 eccessiva di questo farmaco.<\/p>\n<p>Conservazione<br \/>\nConservare a temperatura ambiente lontano da umidit\u00e0, luce solare, bambini e animali domestici in un contenitore stretto.<\/p>\n<p>Esonero di responsabilit\u00e0<br \/>\nForniamo solo informazioni generali informazioni sui farmaci che non coprono tutte le indicazioni, possibili integrazioni farmacologiche o precauzioni. Le informazioni presenti sul sito non possono essere utilizzate per l&#8217;autotrattamento e l&#8217;autodiagnosi. Eventuali istruzioni specifiche per un particolare paziente devono essere concordate con il proprio consulente sanitario o medico responsabile del caso. Decliniamo l&#8217;affidabilit\u00e0 di queste informazioni e gli errori che potrebbero contenere. Non siamo responsabili per eventuali danni diretti, indiretti, speciali o altri danni indiretti derivanti dall&#8217;uso delle informazioni contenute in questo sito e anche per le conseguenze dell&#8217;autotrattamento.<\/p>\n","protected":false},"excerpt":{"rendered":"<p>Abhirise Generico contiene Tadalafil, lo stesso principio attivo del noto prodotto di marca. E naturalmente anche il potenziatore sessuale tedesco offre lo stesso effetto farmacologico. Il generico soddisfa gli stessi requisiti di qualit\u00e0 dell&#8217;originale. C\u2019\u00e8 una grande differenza, per\u00f2, ed \u00e8 il prezzo. Il prodotto contraffatto \u00e8 notevolmente pi\u00f9 economico del prodotto originale.<\/p>\n","protected":false},"featured_media":2270,"comment_status":"open","ping_status":"closed","template":"","meta":[],"product_brand":[],"product_cat":[123],"product_tag":[],"class_list":{"0":"post-2288","1":"product","2":"type-product","3":"status-publish","4":"has-post-thumbnail","6":"product_cat-disfunzione-erettile-it","7":"pa_active_substance-tadalafil","9":"first","10":"instock","11":"shipping-taxable","12":"product-type-variable"},"jetpack_sharing_enabled":true,"_links":{"self":[{"href":"https:\/\/www.pharmacy-content.com\/index.php?rest_route=\/wp\/v2\/product\/2288","targetHints":{"allow":["GET"]}}],"collection":[{"href":"https:\/\/www.pharmacy-content.com\/index.php?rest_route=\/wp\/v2\/product"}],"about":[{"href":"https:\/\/www.pharmacy-content.com\/index.php?rest_route=\/wp\/v2\/types\/product"}],"replies":[{"embeddable":true,"href":"https:\/\/www.pharmacy-content.com\/index.php?rest_route=%2Fwp%2Fv2%2Fcomments&post=2288"}],"wp:featuredmedia":[{"embeddable":true,"href":"https:\/\/www.pharmacy-content.com\/index.php?rest_route=\/wp\/v2\/media\/2270"}],"wp:attachment":[{"href":"https:\/\/www.pharmacy-content.com\/index.php?rest_route=%2Fwp%2Fv2%2Fmedia&parent=2288"}],"wp:term":[{"taxonomy":"product_brand","embeddable":true,"href":"https:\/\/www.pharmacy-content.com\/index.php?rest_route=%2Fwp%2Fv2%2Fproduct_brand&post=2288"},{"taxonomy":"product_cat","embeddable":true,"href":"https:\/\/www.pharmacy-content.com\/index.php?rest_route=%2Fwp%2Fv2%2Fproduct_cat&post=2288"},{"taxonomy":"product_tag","embeddable":true,"href":"https:\/\/www.pharmacy-content.com\/index.php?rest_route=%2Fwp%2Fv2%2Fproduct_tag&post=2288"}],"curies":[{"name":"wp","href":"https:\/\/api.w.org\/{rel}","templated":true}]}}