{"id":2053,"date":"2026-04-22T06:44:12","date_gmt":"2026-04-22T06:44:12","guid":{"rendered":""},"modified":"2026-04-22T06:44:22","modified_gmt":"2026-04-22T06:44:22","slug":"abhiforce-8","status":"publish","type":"product","link":"https:\/\/www.pharmacy-content.com\/sv\/product\/abhiforce-8\/","title":{"rendered":"AbhiForce"},"content":{"rendered":"<p>Vanlig anv\u00e4ndning<br \/>\nSexuell dysfunktion hos kvinnor k\u00e4nnetecknas av brist p\u00e5 lust, upphetsning eller orgasm. Kvinnlig Viagra hj\u00e4lper till att \u00f6ka libido hos kvinnor, \u00f6kar sexuellt \u00e5terkallande, k\u00e4nslighet f\u00f6r stimulering, fr\u00e4mjar extraordin\u00e4ra och flera klimax, perfekt naturlig sm\u00f6rjning. Det verkar genom att \u00f6ka det n\u00f6dv\u00e4ndiga genitalblodfl\u00f6det och vaginal compliance vilket resulterar i intensifierad njutning under sexuell handling.<\/p>\n<p>Dosering och riktning<br \/>\nTa det oralt, effekten upptr\u00e4der 45 minuter efter intag och forts\u00e4tter 4-6 timmar. \u00d6verskrid inte den rekommenderade dosen f\u00f6r att undvika f\u00f6rv\u00e4rring av biverkningar.<\/p>\n<p>F\u00f6rsiktighets\u00e5tg\u00e4rder<br \/>\nDetta l\u00e4kemedel \u00e4r effektivt f\u00f6r kvinnor yngre \u00e4n 50 \u00e5r. har en hysterektomi och klimakteriet. R\u00e5dg\u00f6r med din l\u00e4kare om du \u00e4r gravid eller ammar innan du tar kvinnlig Viagra.<\/p>\n<p>Kontraindikation<br \/>\nTa inte detta l\u00e4kemedel om du \u00e4r \u00f6verk\u00e4nslig mot det.<\/p>\n<p>M\u00f6jlig biverkning<br \/>\nDenna medicin tolereras i allm\u00e4nhet v\u00e4l men vissa individer kan uppleva rodnad i ansiktet; orolig mage; k\u00e4nslighet f\u00f6r ljus; illam\u00e5ende. S\u00f6k omedelbart akut l\u00e4karv\u00e5rd om n\u00e5gon av allvarliga biverkningar uppst\u00e5r.<\/p>\n<p>L\u00e4kemedelsinteraktion<br \/>\nViagra kvinnlig har visat sig f\u00f6rst\u00e4rka de hypotensiva effekterna av nitrater och dess administrering till patienter som anv\u00e4nder organiska nitrater, antingen regelbundet och\/eller intermittent, i n\u00e5gon form \u00e4r d\u00e4rf\u00f6r kontraindicerad.<\/p>\n<p>Missad dos<br \/>\nTa den missade dosen s\u00e5 snart du kommer ih\u00e5g det. Om det snart \u00e4r dags f\u00f6r din n\u00e4sta dos, hoppa \u00f6ver den och \u00e5terg\u00e5 till ditt vanliga schema.<\/p>\n<p>\u00d6verdosering<br \/>\nOmedelbar l\u00e4karv\u00e5rd beh\u00f6vs om du \u00f6verdoserat intaget av l\u00e4kemedlet.<\/p>\n<p>F\u00f6rvaring<br \/>\nViagra f\u00f6r kvinnor b\u00f6r f\u00f6rvaras i rummet temperatur, mellan 36-86 grader F i en sluten beh\u00e5llare.<\/p>\n<p>Ansvarsfriskrivning<br \/>\nVi tillhandah\u00e5ller endast allm\u00e4n information om mediciner som inte t\u00e4cker alla riktningar, m\u00f6jliga l\u00e4kemedelsintegrationer eller f\u00f6rsiktighets\u00e5tg\u00e4rder. Information p\u00e5 webbplatsen kan inte anv\u00e4ndas f\u00f6r sj\u00e4lvbehandling och sj\u00e4lvdiagnos. Eventuella specifika instruktioner f\u00f6r en viss patient b\u00f6r \u00f6verenskommas med din h\u00e4lsor\u00e5dgivare eller l\u00e4kare som \u00e4r ansvarig f\u00f6r \u00e4rendet. Vi fr\u00e5ns\u00e4ger oss tillf\u00f6rlitligheten av denna information och misstag den kan inneh\u00e5lla. Vi ansvarar inte f\u00f6r n\u00e5gra direkta, indirekta, speciella eller andra indirekta skador till f\u00f6ljd av n\u00e5gon anv\u00e4ndning av informationen p\u00e5 denna webbplats och \u00e4ven f\u00f6r konsekvenser av egenbehandling.<\/p>\n","protected":false},"excerpt":{"rendered":"<p>Abhiforce 100 Tablet \u00e4r ett receptbelagt l\u00e4kemedel som anv\u00e4nds f\u00f6r att behandla erektil dysfunktion (impotens) hos m\u00e4n. Det fungerar genom att \u00f6ka blodfl\u00f6det till penis. Detta hj\u00e4lper m\u00e4n att f\u00e5 eller beh\u00e5lla en erektion. Det tillh\u00f6r en grupp l\u00e4kemedel som kallas fosfodiesteras typ 5 (PDE 5) h\u00e4mmare.<\/p>\n","protected":false},"featured_media":1976,"comment_status":"open","ping_status":"closed","template":"","meta":[],"product_brand":[],"product_cat":[135],"product_tag":[],"class_list":{"0":"post-2053","1":"product","2":"type-product","3":"status-publish","4":"has-post-thumbnail","6":"product_cat-erektil-dysfunktion-sv","7":"pa_active_substance-sildenafil","9":"first","10":"instock","11":"shipping-taxable","12":"product-type-simple"},"jetpack_sharing_enabled":true,"_links":{"self":[{"href":"https:\/\/www.pharmacy-content.com\/wp-json\/wp\/v2\/product\/2053","targetHints":{"allow":["GET"]}}],"collection":[{"href":"https:\/\/www.pharmacy-content.com\/wp-json\/wp\/v2\/product"}],"about":[{"href":"https:\/\/www.pharmacy-content.com\/wp-json\/wp\/v2\/types\/product"}],"replies":[{"embeddable":true,"href":"https:\/\/www.pharmacy-content.com\/wp-json\/wp\/v2\/comments?post=2053"}],"wp:featuredmedia":[{"embeddable":true,"href":"https:\/\/www.pharmacy-content.com\/wp-json\/wp\/v2\/media\/1976"}],"wp:attachment":[{"href":"https:\/\/www.pharmacy-content.com\/wp-json\/wp\/v2\/media?parent=2053"}],"wp:term":[{"taxonomy":"product_brand","embeddable":true,"href":"https:\/\/www.pharmacy-content.com\/wp-json\/wp\/v2\/product_brand?post=2053"},{"taxonomy":"product_cat","embeddable":true,"href":"https:\/\/www.pharmacy-content.com\/wp-json\/wp\/v2\/product_cat?post=2053"},{"taxonomy":"product_tag","embeddable":true,"href":"https:\/\/www.pharmacy-content.com\/wp-json\/wp\/v2\/product_tag?post=2053"}],"curies":[{"name":"wp","href":"https:\/\/api.w.org\/{rel}","templated":true}]}}