{"id":2009,"date":"2026-04-22T06:44:06","date_gmt":"2026-04-22T06:44:06","guid":{"rendered":""},"modified":"2026-04-22T06:44:21","modified_gmt":"2026-04-22T06:44:21","slug":"abhiforce-4","status":"publish","type":"product","link":"https:\/\/www.pharmacy-content.com\/?product=abhiforce-4&lang=it","title":{"rendered":"AbhiForce"},"content":{"rendered":"<p>Uso comune<\/p>\n<p>La compressa di AbhiForce \u00e8 usata per trattare la disfunzione erettile (DE) o l&#8217;impotenza negli uomini. Contiene Sildenafil e appartiene a un gruppo di farmaci chiamati inibitori della fosfodiesterasi di tipo 5 (PDE 5).<\/p>\n<p>Dosaggio e indicazioni<\/p>\n<p>AbhiForce \u00e8 un farmaco da prescrizione per la disfunzione erettile (pillola per la DE) che deve essere assunto secondo le istruzioni del medico. Assumere le compresse di AbhiForce almeno 30-60 minuti prima di iniziare un rapporto sessuale. Ingoiare una compressa intera con un bicchiere d&#8217;acqua senza schiacciarla, romperla o masticarla. \u00c8 possibile assumere AbhiForce a stomaco vuoto o dopo un pasto leggero. Non assumere pi\u00f9 di una dose in 24 ore.<\/p>\n<p>Precauzioni<\/p>\n<p>Le persone con problemi cardiaci o epatici, che hanno recentemente avuto un ictus o un infarto o che hanno una pressione sanguigna irregolare devono essere caute prima di assumere le compresse di AbhiForce.<\/p>\n<p>Controindicazioni<\/p>\n<p>Se sei allergico al Sildenafil, non assumere AbhiForce. Inoltre, non consumare alcol o succo di pompelmo con questo medicinale, poich\u00e9 possono interagire e ridurne l&#8217;efficacia. AbhiForce \u00e8 controindicato nei pazienti che assumono un altro medicinale per trattare l&#8217;impotenza o che usano un farmaco a base di nitrato per il dolore al petto o problemi cardiaci. Questo medicinale non deve essere assunto da donne e bambini.<\/p>\n<p>Possibile effetto collaterale<\/p>\n<p>AbhiForce \u00e8 uno dei trattamenti pi\u00f9 sicuri per la disfunzione erettile. Tuttavia, in alcuni casi, pu\u00f2 causare effetti collaterali comuni, tra cui: mal di testa; nausea; vampate di calore; vertigini; indigestione; dolori muscolari. Questi effetti avversi non richiedono una visita medica e scompaiono man mano che il corpo si adatta al dosaggio. Consultare il medico se questi effetti causano disagio o persistono a lungo.<\/p>\n<p>Interazione farmacologica<\/p>\n<p>Questo farmaco non deve essere utilizzato con nitrati e droghe ricreative chiamate &#8216;poppers&#8217; contenenti nitrito di amile o butile; farmaci alfa-bloccanti; altri farmaci per l&#8217;impotenza; farmaci per l&#8217;ipertensione. Consultare il medico o il farmacista per maggiori dettagli.<\/p>\n<p>Dose dimenticata<\/p>\n<p>AbhiForce viene utilizzato secondo necessit\u00e0, quindi \u00e8 improbabile che si segua un programma di dosaggio.<\/p>\n<p>Sovradosaggio<\/p>\n<p>Se pensi di aver assunto una quantit\u00e0 eccessiva di questo medicinale, rivolgiti subito al pronto soccorso. I sintomi del sovradosaggio solitamente includono dolore al petto, nausea, battito cardiaco irregolare e sensazione di testa leggera o svenimento.<\/p>\n<p>Conservazione<\/p>\n<p>Conserva i tuoi medicinali a temperatura ambiente tra 68-77 gradi F (20-25 gradi C), al riparo dalla luce e dall&#8217;umidit\u00e0. Non conservare i farmaci in bagno. Tieni tutti i farmaci lontano dalla portata dei bambini e degli animali domestici.<\/p>\n","protected":false},"excerpt":{"rendered":"<p>Abhiforce \u00e8 un medicinale usato per trattare l\u2019impotenza negli uomini, ovvero la disfunzione erettile. Questo medicinale aiuta a mantenere l\u2019erezione negli uomini.<\/p>\n","protected":false},"featured_media":1976,"comment_status":"open","ping_status":"closed","template":"","meta":[],"product_brand":[],"product_cat":[123],"product_tag":[],"class_list":{"0":"post-2009","1":"product","2":"type-product","3":"status-publish","4":"has-post-thumbnail","6":"product_cat-disfunzione-erettile-it","7":"pa_active_substance-sildenafil","9":"first","10":"instock","11":"shipping-taxable","12":"product-type-simple"},"jetpack_sharing_enabled":true,"_links":{"self":[{"href":"https:\/\/www.pharmacy-content.com\/index.php?rest_route=\/wp\/v2\/product\/2009","targetHints":{"allow":["GET"]}}],"collection":[{"href":"https:\/\/www.pharmacy-content.com\/index.php?rest_route=\/wp\/v2\/product"}],"about":[{"href":"https:\/\/www.pharmacy-content.com\/index.php?rest_route=\/wp\/v2\/types\/product"}],"replies":[{"embeddable":true,"href":"https:\/\/www.pharmacy-content.com\/index.php?rest_route=%2Fwp%2Fv2%2Fcomments&post=2009"}],"wp:featuredmedia":[{"embeddable":true,"href":"https:\/\/www.pharmacy-content.com\/index.php?rest_route=\/wp\/v2\/media\/1976"}],"wp:attachment":[{"href":"https:\/\/www.pharmacy-content.com\/index.php?rest_route=%2Fwp%2Fv2%2Fmedia&parent=2009"}],"wp:term":[{"taxonomy":"product_brand","embeddable":true,"href":"https:\/\/www.pharmacy-content.com\/index.php?rest_route=%2Fwp%2Fv2%2Fproduct_brand&post=2009"},{"taxonomy":"product_cat","embeddable":true,"href":"https:\/\/www.pharmacy-content.com\/index.php?rest_route=%2Fwp%2Fv2%2Fproduct_cat&post=2009"},{"taxonomy":"product_tag","embeddable":true,"href":"https:\/\/www.pharmacy-content.com\/index.php?rest_route=%2Fwp%2Fv2%2Fproduct_tag&post=2009"}],"curies":[{"name":"wp","href":"https:\/\/api.w.org\/{rel}","templated":true}]}}