{"id":1815,"date":"2026-04-22T06:43:27","date_gmt":"2026-04-22T06:43:27","guid":{"rendered":""},"modified":"2026-04-22T06:43:32","modified_gmt":"2026-04-22T06:43:32","slug":"sildalist-8","status":"publish","type":"product","link":"https:\/\/www.pharmacy-content.com\/sv\/product\/sildalist-8\/","title":{"rendered":"Sildalist"},"content":{"rendered":"<p>Vanligt bruk<\/p>\n<p>Sildalist \u00e4r ett kombinationsl\u00e4kemedel som best\u00e5r av b\u00e5de tadalafil och sildenafilcitrat. Denna kombination g\u00f6r det m\u00f6jligt f\u00f6r anv\u00e4ndare att uppn\u00e5 en kraftfull och stabil erektion och f\u00f6rl\u00e4nger samtidigt den sexuella akten, vilket g\u00f6r Sildalist till den kompletta l\u00f6sningen nummer ett f\u00f6r otrolig sexuell njutning.<\/p>\n<p>Dosering och riktning<\/p>\n<p>Anv\u00e4ndare b\u00f6r ta bara en tablett Sildalist minst 20 minuter f\u00f6re sexuell aktivitet, men det rekommenderas att ge tabletten en timme p\u00e5 sig att l\u00f6sas upp och b\u00f6rja verka. Vanlig dos av Sildalist best\u00e5r av 100 mg Sildenafil och 20 mg Tadalafil.<\/p>\n<p>F\u00f6rsiktighets\u00e5tg\u00e4rder<\/p>\n<p>Original Sildalist ser ut som r\u00f6da filmdragerade tabletter med rektangul\u00e4r form. F\u00f6r att f\u00e5 ut det mesta av din terapi, f\u00f6lj instruktionerna som ing\u00e5r i paketet. Om du provar Sildalist f\u00f6r f\u00f6rsta g\u00e5ngen \u00e4r det n\u00f6dv\u00e4ndigt att konsultera din l\u00e4kare. Grundlig konsultation i tid kommer att l\u00e5ta dig undvika eventuella biverkningar och g\u00f6ra din behandling s\u00e5 effektiv som den kan bli.<\/p>\n<p>Kontraindikationer<\/p>\n<p>Sildalist kan orsaka allvarliga biverkningar om den inte tas p\u00e5 r\u00e4tt s\u00e4tt. Innan allt, r\u00e5dfr\u00e5ga din l\u00e4kare f\u00f6r att ta reda p\u00e5 om du kan ta l\u00e4kemedlet utan allvarliga biverkningar. \u00d6verk\u00e4nslighet mot l\u00e4kemedlets komponenter, l\u00e5gt blodtryck och andra tillst\u00e5nd kan vara kontraindikationer f\u00f6r anv\u00e4ndning av Sildalist.<\/p>\n<p>M\u00f6jlig biverkning<\/p>\n<p>I s\u00e4llsynta fall kan Sildalist vara en orsak till negativa effekter. De visar sig som illam\u00e5ende, diarr\u00e9 och kr\u00e4kningar, yrsel, d\u00e5sighet och svindel, rodnad, halsbr\u00e4nna och blodtrycksfall eller synproblem, inklusive suddighet och \u00f6verk\u00e4nslighet mot ljus. De flesta patienter upplever dock aldrig n\u00e5gra av dessa biverkningar.<\/p>\n<p>L\u00e4kemedelsinteraktion<\/p>\n<p>Sildalist, som en kombination av Tadalafil och Sildenafilcitrat, kan interagera med andra antihypertensiva medel. Det rekommenderas inte att ta Sildalist tillsammans med l\u00e4kemedel som s\u00e4nker blodtrycket eller vasodilatorer. F\u00f6r mer detaljerade rekommendationer, l\u00e4s bipacksedeln som medf\u00f6ljer eller kontakta din l\u00e4kare.<\/p>\n<p>Missad dos<\/p>\n<p>Sildalist kr\u00e4ver inte regelbundet intag, s\u00e5 om du har missat dosen kan du bara ignorera den. Du b\u00f6r dock komma ih\u00e5g att det m\u00e5ste g\u00e5 minst 20 minuter efter att du tagit l\u00e4kemedlet.<\/p>\n<p>\u00d6verdosering<\/p>\n<p>Om du har \u00f6verdoserat Sildalist b\u00f6r du kontakta din l\u00e4kare f\u00f6r r\u00e5d. Om du upplever n\u00e5gon av l\u00e4kemedlets negativa effekter i m\u00e5ttlig eller sv\u00e5r form, s\u00f6k omedelbart medicinsk hj\u00e4lp.<\/p>\n<p>F\u00f6rvaring<\/p>\n<p>F\u00f6rvara Sildalist p\u00e5 en m\u00f6rk och torr plats i rumstemperatur borta fr\u00e5n barns r\u00e4ckh\u00e5ll. Kontrollera n\u00f6dv\u00e4ndigtvis utg\u00e5ngsdatumet p\u00e5 f\u00f6rpackningen innan du b\u00f6rjar ta l\u00e4kemedlet.<\/p>\n<p>Ansvarsfriskrivning<\/p>\n<p>Vi tillhandah\u00e5ller endast allm\u00e4n information om mediciner som inte t\u00e4cker alla riktningar, m\u00f6jliga l\u00e4kemedelsintegrationer eller f\u00f6rsiktighets\u00e5tg\u00e4rder. Information p\u00e5 webbplatsen kan inte anv\u00e4ndas f\u00f6r sj\u00e4lvbehandling och sj\u00e4lvdiagnos. Eventuella specifika instruktioner f\u00f6r en viss patient b\u00f6r \u00f6verenskommas med din h\u00e4lsor\u00e5dgivare eller l\u00e4kare som \u00e4r ansvarig f\u00f6r \u00e4rendet. Vi fr\u00e5ns\u00e4ger oss tillf\u00f6rlitligheten av denna information och misstag den kan inneh\u00e5lla. Vi ansvarar inte f\u00f6r n\u00e5gra direkta, indirekta, speciella eller andra indirekta skador till f\u00f6ljd av n\u00e5gon anv\u00e4ndning av informationen p\u00e5 denna webbplats och \u00e4ven f\u00f6r konsekvenser av egenbehandling.<\/p>\n","protected":false},"excerpt":{"rendered":"<p>Sildalist Generic till\u00e5ter anv\u00e4ndare att uppn\u00e5 en kraftfull och stabil erektion och f\u00f6rl\u00e4nger samtidigt den sexuella akten.<\/p>\n","protected":false},"featured_media":1773,"comment_status":"open","ping_status":"closed","template":"","meta":[],"product_brand":[],"product_cat":[135],"product_tag":[],"class_list":{"0":"post-1815","1":"product","2":"type-product","3":"status-publish","4":"has-post-thumbnail","6":"product_cat-erektil-dysfunktion-sv","7":"pa_active_substance-sildenafil","8":"pa_active_substance-tadalafil","10":"first","11":"instock","12":"shipping-taxable","13":"product-type-variable"},"jetpack_sharing_enabled":true,"_links":{"self":[{"href":"https:\/\/www.pharmacy-content.com\/wp-json\/wp\/v2\/product\/1815","targetHints":{"allow":["GET"]}}],"collection":[{"href":"https:\/\/www.pharmacy-content.com\/wp-json\/wp\/v2\/product"}],"about":[{"href":"https:\/\/www.pharmacy-content.com\/wp-json\/wp\/v2\/types\/product"}],"replies":[{"embeddable":true,"href":"https:\/\/www.pharmacy-content.com\/wp-json\/wp\/v2\/comments?post=1815"}],"wp:featuredmedia":[{"embeddable":true,"href":"https:\/\/www.pharmacy-content.com\/wp-json\/wp\/v2\/media\/1773"}],"wp:attachment":[{"href":"https:\/\/www.pharmacy-content.com\/wp-json\/wp\/v2\/media?parent=1815"}],"wp:term":[{"taxonomy":"product_brand","embeddable":true,"href":"https:\/\/www.pharmacy-content.com\/wp-json\/wp\/v2\/product_brand?post=1815"},{"taxonomy":"product_cat","embeddable":true,"href":"https:\/\/www.pharmacy-content.com\/wp-json\/wp\/v2\/product_cat?post=1815"},{"taxonomy":"product_tag","embeddable":true,"href":"https:\/\/www.pharmacy-content.com\/wp-json\/wp\/v2\/product_tag?post=1815"}],"curies":[{"name":"wp","href":"https:\/\/api.w.org\/{rel}","templated":true}]}}